000
CXUS55 KBOU 010900
CF6GXY
PRELIMINARY LOCAL CLIMATOLOGICAL DATA (WS FORM: F-6)
STATION: GREELEY CO
MONTH: JUNE
YEAR: 2022
LATITUDE: 40 25 N
LONGITUDE: 104 38 W
TEMPERATURE IN F: :PCPN: SNOW: WIND :SUNSHINE: SKY :PK WND
================================================================================
1 2 3 4 5 6A 6B 7 8 9 10 11 12 13 14 15 16 17 18
12Z AVG MX 2MIN
DY MAX MIN AVG DEP HDD CDD WTR SNW DPTH SPD SPD DIR MIN PSBL S-S WX SPD DR
================================================================================
1 61 44 53 M 12 0 M M M 5.9 9 170 M M 9 M M
2 74 41 58 M 7 0 M M M 6.4 12 140 M M 1 M M
3 77 49 63 M 2 0 M M M 6.0 16 40 M M 1 32 340
4 87 48 68 M 0 3 M M M 5.4 22 360 M M 0 30 360
5 84 57 71 M 0 6 M M M 8.2 29 320 M M 3 33 320
6 86 51 69 M 0 4 M M M 7.0 23 330 M M 2 3 28 330
7 83 52 68 M 0 3 M M M 7.3 20 40 M M 4 32 40
8 80 47 64 M 1 0 M M M 7.0 16 130 M M 1 23 130
9 92 53 73 M 0 8 M M M 6.4 13 30 M M 0 25 30
10 94 51 73 M 0 8 M M M 3.8 9 210 M M 0 M M
11 102 55 79 M 0 14 M M M 5.5 14 320 M M 0 27 340
12 97 61 79 M 0 14 M M M 8.2 22 150 M M 0 37 170
13 101 51 76 M 0 11 M M M 7.5 31 350 M M 0 8 45 350
14 85 54 70 M 0 5 M M M 11.3 23 70 M M 2 38 70
15 89 53 71 M 0 6 M M M 7.8 15 180 M M 1 8 M M
16 97 50 74 M 0 9 M M M 10.5 28 110 M M 1 3 37 110
17 101 61 81 M 0 16 M M M 8.1 18 270 M M 0 33 150
18 96 57 77 M 0 12 M M M 6.3 17 180 M M 0 24 190
19 95 66 81 M 0 16 M M M 7.9 20 290 M M 0 23 170
20 91 58 75 M 0 10 M M M 8.0 20 300 M M 0 8 25 300
21 84 51 68 M 0 3 M M M 9.9 20 150 M M 0 8 28 150
22 85 47 66 M 0 1 M M M 3.4 9 170 M M 0 8 M M
23 96 48 72 M 0 7 M M M 5.9 20 360 M M 0 M M
24 93 58 76 M 0 11 M M M 6.6 29 310 M M 1 8 40 310
25 77 55 66 M 0 1 M M M 9.0 25 10 M M 7 37 10
26 73 56 65 M 0 0 M M M 9.0 17 160 M M 7 24 150
27 90 48 69 M 0 4 M M M 6.5 32 350 M M 0 41 350
28 96 50 73 M 0 8 M M M 5.3 10 180 M M 0 8 M M
29 98 54 76 M 0 11 M M M 7.3 32 320 M M 1 3 47 320
30 86 57 72 M 0 7 M M M 10.0 24 310 M M 2 39 340
================================================================================
SM 2650 1583 22 198 M M 217.5 M 43
================================================================================
AV 88.3 52.8 7.3 FASTST M M 1 MAX(MPH)
MISC ----> # 32 320 47 320
================================================================================
NOTES:
# LAST OF SEVERAL OCCURRENCES
COLUMN 17 PEAK WIND IN M.P.H.
PRELIMINARY LOCAL CLIMATOLOGICAL DATA (WS FORM: F-6) , PAGE 2
STATION: GREELEY CO
MONTH: JUNE
YEAR: 2022
LATITUDE: 40 25 N
LONGITUDE: 104 38 W
[TEMPERATURE DATA] [PRECIPITATION DATA] SYMBOLS USED IN COLUMN 16
AVERAGE MONTHLY: 70.6 TOTAL FOR MONTH: M 1 = FOG OR MIST
DPTR FM NORMAL: 0.0 DPTR FM NORMAL: M 2 = FOG REDUCING VISIBILITY
HIGHEST: 102 ON 11 GRTST 24HR 0.86 ON 31- 1 TO 1/4 MILE OR LESS
LOWEST: 41 ON 2 3 = THUNDER
SNOW, ICE PELLETS, HAIL 4 = ICE PELLETS
TOTAL MONTH: M 5 = HAIL
GRTST 24HR M ON M 6 = FREEZING RAIN OR DRIZZLE
GRTST DEPTH: M ON M 7 = DUSTSTORM OR SANDSTORM:
VSBY 1/2 MILE OR LESS
8 = SMOKE OR HAZE
[NO. OF DAYS WITH] [WEATHER - DAYS WITH] 9 = BLOWING SNOW
X = TORNADO
MAX 32 OR BELOW: 0 0.01 INCH OR MORE: 0
MAX 90 OR ABOVE: 15 0.10 INCH OR MORE: 0
MIN 32 OR BELOW: 0 0.50 INCH OR MORE: 0
MIN 0 OR BELOW: 0 1.00 INCH OR MORE: 0
[HDD (BASE 65) ]
TOTAL THIS MO. 22 CLEAR (SCALE 0-3) 25
DPTR FM NORMAL M PTCLDY (SCALE 4-7) 4
TOTAL FM JUL 1 6217 CLOUDY (SCALE 8-10) 1
DPTR FM NORMAL M
[CDD (BASE 65) ]
TOTAL THIS MO. 198
DPTR FM NORMAL M [PRESSURE DATA]
TOTAL FM JAN 1 212 HIGHEST SLP 30.46 ON 26
DPTR FM NORMAL M LOWEST SLP 29.33 ON 13
[REMARKS]
#FINAL-06-22#