000
CXUS54 KFWD 010731
CF6GYI
PRELIMINARY LOCAL CLIMATOLOGICAL DATA (WS FORM: F-6)
STATION: SHERMAN DENISON
MONTH: APRIL
YEAR: 2020
LATITUDE: 33 42 N
LONGITUDE: 96 40 W
TEMPERATURE IN F: :PCPN: SNOW: WIND :SUNSHINE: SKY :PK WND
================================================================================
1 2 3 4 5 6A 6B 7 8 9 10 11 12 13 14 15 16 17 18
12Z AVG MX 2MIN
DY MAX MIN AVG DEP HDD CDD WTR SNW DPTH SPD SPD DIR MIN PSBL S-S WX SPD DR
================================================================================
1 70 47 59 0 6 0 0.00 0.0 0 8.7 16 140 M M 0 25 160
2 68 56 62 3 3 0 0.00 0.0 0 13.9 20 140 M M 5 28 160
3 65 38 52 -7 13 0 M 0.0 0 11.1 17 330 M M 10 13 24 340
4 47 39 43 -16 22 0 M 0.0 0 8.0 13 350 M M 10 13 18 340
5 66 45 56 -4 9 0 0.00 0.0 0 4.1 9 110 M M 10 1 M M
6 72 60 66 6 0 1 0.00 0.0 0 7.6 12 190 M M 8 8 18 170
7 84 64 74 14 0 9 0.00 0.0 0 9.2 15 180 M M 3 1 18 180
8 91 66 79 19 0 14 0.00 0.0 0 8.7 17 200 M M 1 8 20 330
9 77 56 67 6 0 2 0.00 0.0 0 9.5 15 40 M M 0 21 50
10 71 50 61 0 4 0 0.00 0.0 0 6.3 10 60 M M 0 M M
11 67 55 61 0 4 0 0.00 0.0 0 11.2 18 140 M M 6 3 25 130
12 78 43 61 0 4 0 0.02 0.0 0 11.2 25 330 M M 8 13 32 250
13 54 38 46 -16 19 0 0.00 0.0 0 14.3 24 340 M M 3 31 360
14 52 40 46 -16 19 0 0.00 0.0 0 8.7 12 350 M M 8 20 20
15 62 33 48 -14 17 0 0.00 0.0 0 3.4 10 130 M M 0 M M
16 71 47 59 -3 6 0 0.00 0.0 0 14.2 21 160 M M 0 8 29 160
17 62 43 53 -10 12 0 0.00 0.0 0 10.7 23 180 M M 6 30 170
18 67 38 53 -10 12 0 0.00 0.0 0 5.7 12 120 M M 3 17 120
19 74 54 64 1 1 0 0.00 0.0 0 6.9 16 21 M M 8 1 M M
20 73 49 61 -3 4 0 0.00 0.0 0 2.7 7 180 M M 5 12 M M
21 82 51 67 3 0 2 0.00 0.0 0 7.6 13 130 M M 3 1 20 100
22 83 60 72 8 0 7 0.00 0.0 0 15.0 24 150 M M 6 3 31 140
23 80 56 68 4 0 3 0.00 0.0 0 6.9 14 150 M M 1 M M
24 83 60 72 7 0 7 0.00 0.0 0 10.9 18 290 M M 1 37 290
25 76 51 64 -1 1 0 0.00 0.0 0 9.3 17 340 M M 0 23 340
26 81 48 65 0 0 0 0.00 0.0 0 4.8 12 190 M M 0 M M
27 82 62 72 7 0 7 0.00 0.0 0 14.2 25 150 M M 1 36 150
28 88 63 76 10 0 11 M 0.0 0 12.8 22 180 M M 3 3 39 330
29 77 55 66 0 0 1 0.00 0.0 0 11.4 29 320 M M 0 37 320
30 80 48 64 -2 1 0 0.00 0.0 0 3.4 12 140 M M 0 M M
================================================================================
SM 2183 1515 157 64 0.02 0.0 272.4 M 109
================================================================================
AV 72.8 50.5 9.1 FASTST M M 4 MAX(MPH)
MISC ----> # 29 320 # 39 330
================================================================================
NOTES:
# LAST OF SEVERAL OCCURRENCES
COLUMN 17 PEAK WIND IN M.P.H.
PRELIMINARY LOCAL CLIMATOLOGICAL DATA (WS FORM: F-6) , PAGE 2
STATION: SHERMAN DENISON
MONTH: APRIL
YEAR: 2020
LATITUDE: 33 42 N
LONGITUDE: 96 40 W
[TEMPERATURE DATA] [PRECIPITATION DATA] SYMBOLS USED IN COLUMN 16
AVERAGE MONTHLY: 61.6 TOTAL FOR MONTH: 0.02 1 = FOG OR MIST
DPTR FM NORMAL: -0.7 DPTR FM NORMAL: -3.53 2 = FOG REDUCING VISIBILITY
HIGHEST: 91 ON 8 GRTST 24HR 0.02 ON 12-12 TO 1/4 MILE OR LESS
LOWEST: 33 ON 15 3 = THUNDER
SNOW, ICE PELLETS, HAIL 4 = ICE PELLETS
TOTAL MONTH: 0.0 INCH 5 = HAIL
GRTST 24HR 0.0 6 = FREEZING RAIN OR DRIZZLE
GRTST DEPTH: 0 7 = DUSTSTORM OR SANDSTORM:
VSBY 1/2 MILE OR LESS
8 = SMOKE OR HAZE
[NO. OF DAYS WITH] [WEATHER - DAYS WITH] 9 = BLOWING SNOW
X = TORNADO
MAX 32 OR BELOW: 0 0.01 INCH OR MORE: 1
MAX 90 OR ABOVE: 1 0.10 INCH OR MORE: 0
MIN 32 OR BELOW: 0 0.50 INCH OR MORE: 0
MIN 0 OR BELOW: 0 1.00 INCH OR MORE: 0
[HDD (BASE 65) ]
TOTAL THIS MO. 157 CLEAR (SCALE 0-3) 16
DPTR FM NORMAL 20 PTCLDY (SCALE 4-7) 10
TOTAL FM JUL 1 2269 CLOUDY (SCALE 8-10) 4
DPTR FM NORMAL -579
[CDD (BASE 65) ]
TOTAL THIS MO. 64
DPTR FM NORMAL 6 [PRESSURE DATA]
TOTAL FM JAN 1 130 HIGHEST SLP M ON M
DPTR FM NORMAL 56 LOWEST SLP M ON M
[REMARKS]
#FINAL-04-20#