000
CXUS51 KGYX 010900
CF6GYX
PRELIMINARY LOCAL CLIMATOLOGICAL DATA (WS FORM: F-6)
STATION: GRAY ME
MONTH: JULY
YEAR: 2023
LATITUDE: 43 53 N
LONGITUDE: 70 15 W
TEMPERATURE IN F: :PCPN: SNOW: WIND :SUNSHINE: SKY :PK WND
================================================================================
1 2 3 4 5 6A 6B 7 8 9 10 11 12 13 14 15 16 17 18
12Z AVG MX 2MIN
DY MAX MIN AVG DEP HDD CDD WTR SNW DPTH SPD SPD DIR MIN PSBL S-S WX SPD DR
================================================================================
1 75 60 68 0 0 3 0.02 0.0 0 M M M M M M 1 M M
2 67 60 64 -4 1 0 1.49 0.0 0 M M M M M M 1 M M
3 76 61 69 1 0 4 0.13 0.0 0 M M M M M M M M
4 77 61 69 0 0 4 0.21 0.0 0 M M M M M M 1 M M
5 89 66 78 9 0 13 0.00 0.0 0 M M M M M M M M
6 89 67 78 9 0 13 0.00 0.0 0 M M M M M M 1 M M
7 85 65 75 6 0 10 0.00 0.0 0 M M M M M M 1 M M
8 74 65 70 1 0 5 0.00 0.0 0 M M M M M M 12 M M
9 68 65 67 -2 0 2 0.06 0.0 0 M M M M M M 12 M M
10 66 61 64 -5 1 0 0.92 0.0 0 M M M M M M 12 M M
11 84 61 73 3 0 8 0.03 0.0 0 M M M M M M M M
12 87 66 77 7 0 12 0.00 0.0 0 M M M M M M M M
13 80 66 73 3 0 8 0.01 0.0 0 M M M M M M M M
14 78 64 71 1 0 6 0.02 0.0 0 M M M M M M M M
15 78 67 73 3 0 8 0.02 0.0 0 M M M M M M 1 M M
16 73 69 71 1 0 6 1.25 0.0 0 M M M M M M M M
17 85 69 77 7 0 12 0.00 0.0 0 M M M M M M M M
18 80 67 74 4 0 9 T 0.0 0 M M M M M M M M
19 82 66 74 4 0 9 0.00 0.0 0 M M M M M M M M
20 83 62 73 3 0 8 0.00 0.0 0 M M M M M M M M
21 71 60 66 -4 0 1 0.11 0.0 0 M M M M M M 13 M M
22 78 62 70 0 0 5 T 0.0 0 M M M M M M 13 M M
23 83 63 73 3 0 8 0.00 0.0 0 M M M M M M M M
24 83 63 73 3 0 8 T 0.0 0 M M M M M M M M
25 83 63 73 3 0 8 0.00 0.0 0 M M M M M M M M
26 85 65 75 5 0 10 0.00 0.0 0 M M M M M M M M
27 80 67 74 4 0 9 0.35 0.0 0 M M M M M M M M
28 87 68 78 8 0 13 0.00 0.0 0 M M M M M M M M
29 82 58 70 0 0 5 2.43 0.0 0 M M M M M M 3 M M
30 75 55 65 -5 0 0 T 0.0 0 M M M M M M M M
31 77 56 67 -3 0 2 0.04 0.0 0 M M M M M M M M
================================================================================
SM 2460 1968 2 209 7.09 0.0 M M M
================================================================================
AV 79.4 63.5 M FASTST M M M MAX(MPH)
MISC ----> M M M M
================================================================================
NOTES:
# LAST OF SEVERAL OCCURRENCES
COLUMN 17 PEAK WIND IN M.P.H.
PRELIMINARY LOCAL CLIMATOLOGICAL DATA (WS FORM: F-6) , PAGE 2
STATION: GRAY ME
MONTH: JULY
YEAR: 2023
LATITUDE: 43 53 N
LONGITUDE: 70 15 W
[TEMPERATURE DATA] [PRECIPITATION DATA] SYMBOLS USED IN COLUMN 16
AVERAGE MONTHLY: 71.4 TOTAL FOR MONTH: 7.09 1 = FOG OR MIST
DPTR FM NORMAL: 1.9 DPTR FM NORMAL: 3.36 2 = FOG REDUCING VISIBILITY
HIGHEST: 89 ON 6, 5 GRTST 24HR 2.43 ON 29-29 TO 1/4 MILE OR LESS
LOWEST: 55 ON 30 3 = THUNDER
SNOW, ICE PELLETS, HAIL 4 = ICE PELLETS
TOTAL MONTH: 0.0 INCH 5 = HAIL
GRTST 24HR 0.0 6 = FREEZING RAIN OR DRIZZLE
GRTST DEPTH: 0 7 = DUSTSTORM OR SANDSTORM:
VSBY 1/2 MILE OR LESS
8 = SMOKE OR HAZE
[NO. OF DAYS WITH] [WEATHER - DAYS WITH] 9 = BLOWING SNOW
X = TORNADO
MAX 32 OR BELOW: 0 0.01 INCH OR MORE: 15
MAX 90 OR ABOVE: 0 0.10 INCH OR MORE: 8
MIN 32 OR BELOW: 0 0.50 INCH OR MORE: 4
MIN 0 OR BELOW: 0 1.00 INCH OR MORE: 3
[HDD (BASE 65) ]
TOTAL THIS MO. 2 CLEAR (SCALE 0-3) 0
DPTR FM NORMAL -13 PTCLDY (SCALE 4-7) 0
TOTAL FM JUL 1 2 CLOUDY (SCALE 8-10) 31
DPTR FM NORMAL -7
[CDD (BASE 65) ]
TOTAL THIS MO. 209
DPTR FM NORMAL 53 [PRESSURE DATA]
TOTAL FM JAN 1 260 HIGHEST SLP M ON M
DPTR FM NORMAL 34 LOWEST SLP M ON M
[REMARKS]
#FINAL-07-23#