000
CXUS51 KGYX 010900
CF6GYX
PRELIMINARY LOCAL CLIMATOLOGICAL DATA (WS FORM: F-6)
STATION: GRAY ME
MONTH: MARCH
YEAR: 2022
LATITUDE: 43 53 N
LONGITUDE: 70 15 W
TEMPERATURE IN F: :PCPN: SNOW: WIND :SUNSHINE: SKY :PK WND
================================================================================
1 2 3 4 5 6A 6B 7 8 9 10 11 12 13 14 15 16 17 18
12Z AVG MX 2MIN
DY MAX MIN AVG DEP HDD CDD WTR SNW DPTH SPD SPD DIR MIN PSBL S-S WX SPD DR
================================================================================
1 31 5 18 -11 47 0 0.17 1.8 6 M M M M M M M M
2 36 21 29 0 36 0 T T 8 M M M M M M M M
3 32 10 21 -8 44 0 0.09 1.8 10 M M M M M M 1 M M
4 29 5 17 -12 48 0 0.00 0.0 9 M M M M M M M M
5 38 13 26 -4 39 0 T T 9 M M M M M M M M
6 56 30 43 13 22 0 0.05 T 8 M M M M M M M M
7 54 35 45 15 20 0 0.32 0.0 4 M M M M M M M M
8 42 25 34 3 31 0 0.00 0.0 3 M M M M M M M M
9 34 22 28 -3 37 0 0.04 1.1 3 M M M M M M M M
10 49 23 36 5 29 0 0.00 0.0 4 M M M M M M M M
11 45 29 37 6 28 0 0.00 0.0 4 M M M M M M M M
12 39 22 31 -1 34 0 0.49 0.7 4 M M M M M M 1 M M
13 31 19 25 -7 40 0 0.00 0.0 4 M M M M M M M M
14 42 20 31 -1 34 0 0.00 0.0 4 M M M M M M M M
15 50 31 41 8 24 0 0.24 T 2 M M M M M M M M
16 48 31 40 7 25 0 0.08 0.4 2 M M M M M M M M
17 55 32 44 11 21 0 T 0.0 1 M M M M M M 1 M M
18 67 33 50 16 15 0 0.00 0.0 1 M M M M M M 1 M M
19 50 37 44 10 21 0 0.71 0.0 T M M M M M M M M
20 48 33 41 7 24 0 0.11 0.0 T M M M M M M 1 M M
21 50 33 42 8 23 0 T 0.0 T M M M M M M M M
22 40 29 35 0 30 0 0.00 0.0 0 M M M M M M M M
23 49 27 38 3 27 0 0.00 0.0 0 M M M M M M M M
24 38 32 35 0 30 0 0.30 T 0 M M M M M M M M
25 55 32 44 8 21 0 0.37 0.0 0 M M M M M M M M
26 52 37 45 9 20 0 0.00 0.0 0 M M M M M M M M
27 50 28 39 3 26 0 T T 0 M M M M M M M M
28 29 16 23 -14 42 0 0.00 0.0 0 M M M M M M M M
29 32 16 24 -13 41 0 0.00 0.0 0 M M M M M M M M
30 47 24 36 -1 29 0 T T 0 M M M M M M 4 M M
31 51 33 42 4 23 0 0.24 0.0 0 M M M M M M M M
================================================================================
SM 1369 783 931 0 3.21 5.8 M M M
================================================================================
AV 44.2 25.3 M FASTST M M M MAX(MPH)
MISC ----> M M M M
================================================================================
NOTES:
# LAST OF SEVERAL OCCURRENCES
COLUMN 17 PEAK WIND IN M.P.H.
PRELIMINARY LOCAL CLIMATOLOGICAL DATA (WS FORM: F-6) , PAGE 2
STATION: GRAY ME
MONTH: MARCH
YEAR: 2022
LATITUDE: 43 53 N
LONGITUDE: 70 15 W
[TEMPERATURE DATA] [PRECIPITATION DATA] SYMBOLS USED IN COLUMN 16
AVERAGE MONTHLY: 34.7 TOTAL FOR MONTH: 3.21 1 = FOG OR MIST
DPTR FM NORMAL: 1.8 DPTR FM NORMAL: -0.80 2 = FOG REDUCING VISIBILITY
HIGHEST: 67 ON 18 GRTST 24HR 0.71 ON 19-19 TO 1/4 MILE OR LESS
LOWEST: 5 ON 4, 1 3 = THUNDER
SNOW, ICE PELLETS, HAIL 4 = ICE PELLETS
TOTAL MONTH: 5.8 INCHES 5 = HAIL
GRTST 24HR 1.8 ON 1- 1 6 = FREEZING RAIN OR DRIZZLE
GRTST DEPTH: 10 ON 3 7 = DUSTSTORM OR SANDSTORM:
VSBY 1/2 MILE OR LESS
8 = SMOKE OR HAZE
[NO. OF DAYS WITH] [WEATHER - DAYS WITH] 9 = BLOWING SNOW
X = TORNADO
MAX 32 OR BELOW: 6 0.01 INCH OR MORE: 13
MAX 90 OR ABOVE: 0 0.10 INCH OR MORE: 9
MIN 32 OR BELOW: 24 0.50 INCH OR MORE: 1
MIN 0 OR BELOW: 0 1.00 INCH OR MORE: 0
[HDD (BASE 65) ]
TOTAL THIS MO. 931 CLEAR (SCALE 0-3) 0
DPTR FM NORMAL -63 PTCLDY (SCALE 4-7) 0
TOTAL FM JUL 1 5803 CLOUDY (SCALE 8-10) 31
DPTR FM NORMAL -264
[CDD (BASE 65) ]
TOTAL THIS MO. 0
DPTR FM NORMAL 0 [PRESSURE DATA]
TOTAL FM JAN 1 0 HIGHEST SLP M ON M
DPTR FM NORMAL 0 LOWEST SLP M ON M
[REMARKS]
#FINAL-03-22#