000
CXUS54 KJAN 020146
CF6HBG
PRELIMINARY LOCAL CLIMATOLOGICAL DATA (WS FORM: F-6)
STATION: HATTIESBURG
MONTH: MAY
YEAR: 2022
LATITUDE: 31 16 N
LONGITUDE: 89 15 W
TEMPERATURE IN F: :PCPN: SNOW: WIND :SUNSHINE: SKY :PK WND
================================================================================
1 2 3 4 5 6A 6B 7 8 9 10 11 12 13 14 15 16 17 18
12Z AVG MX 2MIN
DY MAX MIN AVG DEP HDD CDD WTR SNW DPTH SPD SPD DIR MIN PSBL S-S WX SPD DR
================================================================================
1 86 66 76 6 0 11 0.00 0.0 0 5.1 17 170 M M 3 18 27 220
2 88 69 79 9 0 14 0.00 0.0 0 6.3 23 140 M M 3 18 27 140
3 87 68 78 8 0 13 0.00 0.0 0 4.7 18 160 M M 3 1238 24 170
4 90 67 79 9 0 14 0.00 0.0 0 3.5 12 230 M M 3 128 19 220
5 90 65 78 7 0 13 0.15 0.0 0 M M M M M 4 12 M M
6 87 62 75 4 0 10 0.15 0.0 0 7.1 20 290 M M 3 13 28 310
7 86 57 72 1 0 7 0.00 0.0 0 4.1 16 270 M M 0 21 320
8 88 58 73 2 0 8 0.00 0.0 0 2.8 8 40 M M 0 12 60
9 88 68 78 6 0 13 0.00 0.0 0 6.7 15 150 M M 5 18 19 140
10 87 66 77 5 0 12 0.00 0.0 0 3.0 10 110 M M 3 12 17 60
11 90 61 76 4 0 11 0.00 0.0 0 1.7 12 80 M M 1 17 20
12 92 65 79 7 0 14 0.01 0.0 0 2.0 16 10 M M 2 13 24 360
13 90 67 79 6 0 14 0.00 0.0 0 5.1 20 310 M M 3 12 28 330
14 89 63 76 3 0 11 0.00 0.0 0 3.6 10 30 M M 2 17 320
15 91 66 79 6 0 14 0.31 0.0 0 3.0 18 340 M M 2 13 29 360
16 91 67 79 5 0 14 T 0.0 0 3.5 15 270 M M 1 23 260
17 91 69 80 6 0 15 0.00 0.0 0 2.0 10 20 M M 1 1 14 10
18 92 66 79 5 0 14 0.00 0.0 0 5.0 15 210 M M 1 22 230
19 92 69 81 7 0 16 0.00 0.0 0 6.5 15 200 M M 1 1 21 190
20 92 70 81 7 0 16 0.00 0.0 0 8.6 18 160 M M 2 26 170
21 94 69 82 7 0 17 1.94 0.0 0 8.0 26 100 M M 5 123 36 100
22 86 69 78 3 0 13 T 0.0 0 4.9 17 140 M M 5 12 20 120
23 83 69 76 1 0 11 T 0.0 0 4.0 10 120 M M 3 14 130
24 89 70 80 4 0 15 0.08 0.0 0 9.1 21 160 M M 5 13 31 180
25 81 69 75 -1 0 10 0.82 0.0 0 6.6 21 220 M M 5 13 32 220
26 86 67 77 1 0 12 0.13 0.0 0 5.3 14 300 M M 3 1 20 290
27 85 64 75 -1 0 10 0.00 0.0 0 6.0 17 280 M M 0 26 280
28 86 59 73 -3 0 8 0.00 0.0 0 1.3 8 160 M M 1 12 290
29 89 61 75 -2 0 10 0.00 0.0 0 4.7 13 160 M M 2 18 110
30 90 68 79 2 0 14 T 0.0 0 6.6 20 160 M M 2 28 160
31 91 70 81 4 0 16 T 0.0 0 4.4 16 140 M M 5 123 20 140
================================================================================
SM 2747 2044 0 390 3.59 0.0 145.2 M 79
================================================================================
AV 88.6 65.9 4.8 FASTST M M 3 MAX(MPH)
MISC ----> 26 100 36 100
================================================================================
NOTES:
# LAST OF SEVERAL OCCURRENCES
COLUMN 17 PEAK WIND IN M.P.H.
PRELIMINARY LOCAL CLIMATOLOGICAL DATA (WS FORM: F-6) , PAGE 2
STATION: HATTIESBURG
MONTH: MAY
YEAR: 2022
LATITUDE: 31 16 N
LONGITUDE: 89 15 W
[TEMPERATURE DATA] [PRECIPITATION DATA] SYMBOLS USED IN COLUMN 16
AVERAGE MONTHLY: 77.3 TOTAL FOR MONTH: 3.59 1 = FOG OR MIST
DPTR FM NORMAL: 3.8 DPTR FM NORMAL: -0.85 2 = FOG REDUCING VISIBILITY
HIGHEST: 94 ON 21 GRTST 24HR 1.94 ON 21-21 TO 1/4 MILE OR LESS
LOWEST: 57 ON 7 3 = THUNDER
SNOW, ICE PELLETS, HAIL 4 = ICE PELLETS
TOTAL MONTH: 0.0 INCH 5 = HAIL
GRTST 24HR 0.0 6 = FREEZING RAIN OR DRIZZLE
GRTST DEPTH: 0 7 = DUSTSTORM OR SANDSTORM:
VSBY 1/2 MILE OR LESS
8 = SMOKE OR HAZE
[NO. OF DAYS WITH] [WEATHER - DAYS WITH] 9 = BLOWING SNOW
X = TORNADO
MAX 32 OR BELOW: 0 0.01 INCH OR MORE: 8
MAX 90 OR ABOVE: 14 0.10 INCH OR MORE: 6
MIN 32 OR BELOW: 0 0.50 INCH OR MORE: 2
MIN 0 OR BELOW: 0 1.00 INCH OR MORE: 1
[HDD (BASE 65) ]
TOTAL THIS MO. 0 CLEAR (SCALE 0-3) 23
DPTR FM NORMAL -9 PTCLDY (SCALE 4-7) 8
TOTAL FM JUL 1 1647 CLOUDY (SCALE 8-10) 0
DPTR FM NORMAL -269
[CDD (BASE 65) ]
TOTAL THIS MO. 390
DPTR FM NORMAL 119 [PRESSURE DATA]
TOTAL FM JAN 1 595 HIGHEST SLP 30.22 ON 11
DPTR FM NORMAL 157 LOWEST SLP 29.75 ON 6
[REMARKS]
#FINAL-05-22#