000
CXUS54 KJAN 011451
CF6HBG
PRELIMINARY LOCAL CLIMATOLOGICAL DATA (WS FORM: F-6)
STATION: HATTIESBURG
MONTH: AUGUST
YEAR: 2023
LATITUDE: 31 16 N
LONGITUDE: 89 15 W
TEMPERATURE IN F: :PCPN: SNOW: WIND :SUNSHINE: SKY :PK WND
================================================================================
1 2 3 4 5 6A 6B 7 8 9 10 11 12 13 14 15 16 17 18
12Z AVG MX 2MIN
DY MAX MIN AVG DEP HDD CDD WTR SNW DPTH SPD SPD DIR MIN PSBL S-S WX SPD DR
================================================================================
1 97 74 86 4 0 21 0.00 0.0 0 2.4 12 20 M M 0 16 30
2 99 74 87 5 0 22 0.00 0.0 0 3.1 12 20 M M 0 15 60
3 100 75 88 6 0 23 0.00 0.0 0 3.8 12 180 M M 0 18 17 190
4 101 79 90 8 0 25 0.00 0.0 0 4.6 13 60 M M 0 20 310
5 104 79 92 10 0 27 0.00 0.0 0 6.0 23 140 M M 2 31 150
6 103 81 92 10 0 27 0.00 0.0 0 6.0 17 260 M M 1 8 24 270
7 103 81 92 10 0 27 0.00 0.0 0 7.5 18 230 M M 1 25 290
8 96 78 87 5 0 22 0.00 0.0 0 5.3 17 280 M M 1 23 300
9 103 77 90 8 0 25 0.00 0.0 0 7.6 18 150 M M 2 25 140
10 103 80 92 10 0 27 0.00 0.0 0 7.2 16 250 M M 2 26 230
11 104 81 93 11 0 28 0.00 0.0 0 5.8 17 300 M M 1 27 280
12 105 81 93 11 0 28 0.00 0.0 0 5.3 16 300 M M 0 23 300
13 104 81 93 11 0 28 T 0.0 0 4.9 15 320 M M 1 20 330
14 105 80 93 11 0 28 0.00 0.0 0 5.0 13 170 M M 1 19 270
15 103 79 91 9 0 26 0.00 0.0 0 6.5 17 360 M M 1 3 24 310
16 95 70 83 1 0 18 0.00 0.0 0 4.3 14 290 M M 0 20 290
17 99 65 82 0 0 17 0.00 0.0 0 2.2 16 350 M M 0 22 360
18 104 66 85 3 0 20 0.00 0.0 0 3.2 14 300 M M 0 19 300
19 105 73 89 7 0 24 0.00 0.0 0 4.1 16 310 M M 0 21 360
20 102 77 90 8 0 25 0.00 0.0 0 3.5 15 120 M M 0 18 21 60
21 101 73 87 5 0 22 0.00 0.0 0 3.8 16 110 M M 1 24 110
22 103 73 88 6 0 23 0.00 0.0 0 1.5 12 90 M M 0 17 70
23 105 77 91 9 0 26 0.00 0.0 0 3.2 12 70 M M 1 21 10
24 105 77 91 10 0 26 0.00 0.0 0 3.8 16 100 M M 0 18 23 100
25 104 78 91 10 0 26 0.00 0.0 0 2.2 12 130 M M 0 18 18 120
26 107 75 91 10 0 26 0.01 0.0 0 3.4 14 320 M M 0 8 20 330
27 106 78 92 11 0 27 T 0.0 0 4.1 21 360 M M 1 13 31 360
28 100 75 88 7 0 23 0.81 0.0 0 5.9 32 150 M M 4 138 46 160
29 94 74 84 3 0 19 0.03 0.0 0 4.2 15 120 M M 4 13 20 130
30 95 71 83 2 0 18 0.00 0.0 0 6.0 15 20 M M 1 23 20
31 95 66 81 0 0 16 T 0.0 0 2.9 12 330 M M 0 16 340
================================================================================
SM 3150 2348 0 740 0.85 0.0 139.3 M 25
================================================================================
AV101.6 75.7 4.5 FASTST M M 1 MAX(MPH)
MISC ----> 32 150 46 160
================================================================================
NOTES:
# LAST OF SEVERAL OCCURRENCES
COLUMN 17 PEAK WIND IN M.P.H.
PRELIMINARY LOCAL CLIMATOLOGICAL DATA (WS FORM: F-6) , PAGE 2
STATION: HATTIESBURG
MONTH: AUGUST
YEAR: 2023
LATITUDE: 31 16 N
LONGITUDE: 89 15 W
[TEMPERATURE DATA] [PRECIPITATION DATA] SYMBOLS USED IN COLUMN 16
AVERAGE MONTHLY: 88.7 TOTAL FOR MONTH: 0.85 1 = FOG OR MIST
DPTR FM NORMAL: 6.9 DPTR FM NORMAL: -3.90 2 = FOG REDUCING VISIBILITY
HIGHEST: 107 ON 26 GRTST 24HR 0.81 ON 28-28 TO 1/4 MILE OR LESS
LOWEST: 65 ON 17 3 = THUNDER
SNOW, ICE PELLETS, HAIL 4 = ICE PELLETS
TOTAL MONTH: 0.0 INCH 5 = HAIL
GRTST 24HR 0.0 6 = FREEZING RAIN OR DRIZZLE
GRTST DEPTH: 0 7 = DUSTSTORM OR SANDSTORM:
VSBY 1/2 MILE OR LESS
8 = SMOKE OR HAZE
[NO. OF DAYS WITH] [WEATHER - DAYS WITH] 9 = BLOWING SNOW
X = TORNADO
MAX 32 OR BELOW: 0 0.01 INCH OR MORE: 3
MAX 90 OR ABOVE: 31 0.10 INCH OR MORE: 1
MIN 32 OR BELOW: 0 0.50 INCH OR MORE: 1
MIN 0 OR BELOW: 0 1.00 INCH OR MORE: 0
[HDD (BASE 65) ]
TOTAL THIS MO. 0 CLEAR (SCALE 0-3) 29
DPTR FM NORMAL 0 PTCLDY (SCALE 4-7) 2
TOTAL FM JUL 1 0 CLOUDY (SCALE 8-10) 0
DPTR FM NORMAL 0
[CDD (BASE 65) ]
TOTAL THIS MO. 740
DPTR FM NORMAL 219 [PRESSURE DATA]
TOTAL FM JAN 1 2502 HIGHEST SLP 30.10 ON 21
DPTR FM NORMAL 579 LOWEST SLP 29.70 ON 28
[REMARKS]
#FINAL-08-23#