000
CXUS54 KEWX 011110
CF6HDO
PRELIMINARY LOCAL CLIMATOLOGICAL DATA (WS FORM: F-6)
STATION: HONDO
MONTH: NOVEMBER
YEAR: 2021
LATITUDE: 29 21 N
LONGITUDE: 99 10 W
TEMPERATURE IN F: :PCPN: SNOW: WIND :SUNSHINE: SKY :PK WND
================================================================================
1 2 3 4 5 6A 6B 7 8 9 10 11 12 13 14 15 16 17 18
12Z AVG MX 2MIN
DY MAX MIN AVG DEP HDD CDD WTR SNW DPTH SPD SPD DIR MIN PSBL S-S WX SPD DR
================================================================================
1 84 57 71 5 0 6 0.00 M M 8.2 17 130 M M 2 22 130
2 84 59 72 7 0 7 0.00 M M 9.2 16 160 M M 6 23 160
3 70 52 61 -4 4 0 0.66 M M 11.7 22 30 M M 10 13 29 30
4 58 50 54 -11 11 0 0.59 M M 8.6 15 30 M M 10 1 21 20
5 64 45 55 -9 10 0 0.00 M M 4.0 9 70 M M 6 13 70
6 71 41 56 -8 9 0 0.00 M M 4.3 7 90 M M 0 11 140
7 76 43 60 -4 5 0 0.00 M M 6.1 13 170 M M 0 1 16 200
8 81 47 64 1 1 0 0.00 M M 7.3 17 180 M M 2 1 22 190
9 79 55 67 4 0 2 0.00 M M 6.3 15 140 M M 7 19 140
10 84 61 73 11 0 8 0.00 M M 7.9 21 180 M M 6 28 180
11 80 48 64 2 1 0 T M M 9.5 22 30 M M 1 28 40
12 80 44 62 0 3 0 0.00 M M 6.6 15 40 M M 1 22 60
13 74 45 60 -1 5 0 0.00 M M 5.9 13 200 M M 1 18 180
14 82 43 63 2 2 0 0.00 M M 4.5 12 210 M M 0 16 220
15 83 51 67 6 0 2 0.00 M M 4.2 14 180 M M 3 18 20 170
16 84 54 69 9 0 4 0.00 M M 7.7 16 150 M M 4 12 21 170
17 85 56 71 11 0 6 0.00 M M 7.0 17 130 M M 2 12 20 130
18 70 53 62 2 3 0 0.01 M M 14.1 26 10 M M 10 37 20
19 69 47 58 -1 7 0 0.00 M M 5.8 10 60 M M 3 8 18 90
20 72 43 58 -1 7 0 0.00 M M 5.2 15 170 M M 4 8 19 160
21 76 60 68 9 0 3 0.00 M M 8.3 24 10 M M 8 18 33 360
22 74 42 58 0 7 0 0.00 M M 7.8 20 20 M M 2 26 30
23 73 36 55 -3 10 0 0.00 M M 7.6 14 150 M M 0 20 140
24 78 56 67 9 0 2 T M M 7.2 17 170 M M 9 23 150
25 71 53 62 5 3 0 0.27 M M 12.8 28 20 M M 4 13 36 20
26 60 43 52 -5 13 0 0.00 M M 4.7 14 30 M M 0 18 20
27 52 44 48 -9 17 0 0.70 M M 2.7 12 260 M M 9 12 15 270
28 74 40 57 1 8 0 0.00 M M 6.6 16 20 M M 1 12 28 40
29 73 38 56 0 9 0 0.00 M M 4.6 10 210 M M 0 19 190
30 75 40 58 2 7 0 0.00 M M 6.1 14 180 M M 0 21 150
================================================================================
SM 2236 1446 142 40 2.23 M 212.5 M 111
================================================================================
AV 74.5 48.2 7.1 FASTST M M 4 MAX(MPH)
MISC ----> 28 20 37 20
================================================================================
NOTES:
# LAST OF SEVERAL OCCURRENCES
COLUMN 17 PEAK WIND IN M.P.H.
PRELIMINARY LOCAL CLIMATOLOGICAL DATA (WS FORM: F-6) , PAGE 2
STATION: HONDO
MONTH: NOVEMBER
YEAR: 2021
LATITUDE: 29 21 N
LONGITUDE: 99 10 W
[TEMPERATURE DATA] [PRECIPITATION DATA] SYMBOLS USED IN COLUMN 16
AVERAGE MONTHLY: 61.4 TOTAL FOR MONTH: 2.23 1 = FOG OR MIST
DPTR FM NORMAL: 0.8 DPTR FM NORMAL: 0.67 2 = FOG REDUCING VISIBILITY
HIGHEST: 85 ON 17 GRTST 24HR 1.24 ON 3- 4 TO 1/4 MILE OR LESS
LOWEST: 36 ON 23 3 = THUNDER
SNOW, ICE PELLETS, HAIL 4 = ICE PELLETS
TOTAL MONTH: M 5 = HAIL
GRTST 24HR M ON M 6 = FREEZING RAIN OR DRIZZLE
GRTST DEPTH: M ON M 7 = DUSTSTORM OR SANDSTORM:
VSBY 1/2 MILE OR LESS
8 = SMOKE OR HAZE
[NO. OF DAYS WITH] [WEATHER - DAYS WITH] 9 = BLOWING SNOW
X = TORNADO
MAX 32 OR BELOW: 0 0.01 INCH OR MORE: 5
MAX 90 OR ABOVE: 0 0.10 INCH OR MORE: 4
MIN 32 OR BELOW: 0 0.50 INCH OR MORE: 3
MIN 0 OR BELOW: 0 1.00 INCH OR MORE: 0
[HDD (BASE 65) ]
TOTAL THIS MO. 142 CLEAR (SCALE 0-3) 15
DPTR FM NORMAL -46 PTCLDY (SCALE 4-7) 10
TOTAL FM JUL 1 151 CLOUDY (SCALE 8-10) 5
DPTR FM NORMAL -69
[CDD (BASE 65) ]
TOTAL THIS MO. 40
DPTR FM NORMAL -16 [PRESSURE DATA]
TOTAL FM JAN 1 3058 HIGHEST SLP 30.43 ON 19
DPTR FM NORMAL -78 LOWEST SLP 29.76 ON 10
[REMARKS]
#FINAL-11-21#