000
CXUS51 KLWX 051057
CF6HGR
PRELIMINARY LOCAL CLIMATOLOGICAL DATA (WS FORM: F-6)
STATION: HAGERSTOWN MD
MONTH: JULY
YEAR: 2020
LATITUDE: 39 42 N
LONGITUDE: 77 43 W
TEMPERATURE IN F: :PCPN: SNOW: WIND :SUNSHINE: SKY :PK WND
================================================================================
1 2 3 4 5 6A 6B 7 8 9 10 11 12 13 14 15 16 17 18
12Z AVG MX 2MIN
DY MAX MIN AVG DEP HDD CDD WTR SNW DPTH SPD SPD DIR MIN PSBL S-S WX SPD DR
================================================================================
1 87 66 77 2 0 12 0.02 M M 6.3 15 10 M M 3 1 20 360
2 92 65 79 4 0 14 0.00 M M 5.4 16 20 M M 1 8 22 20
3 97 68 83 8 0 18 0.00 M M 5.5 16 290 M M 1 22 280
4 95 73 84 9 0 19 0.00 M M 4.3 12 50 M M 2 16 30
5 95 71 83 8 0 18 T M M 5.3 17 180 M M 2 18 22 170
6 95 72 84 9 0 19 0.21 M M 5.6 23 200 M M 2 13 31 200
7 85 70 78 2 0 13 T M M 4.3 13 180 M M 7 18 16 190
8 93 72 83 7 0 18 0.00 M M 4.8 14 150 M M 2 18 18 150
9 93 71 82 6 0 17 0.00 M M 4.7 13 130 M M 1 18 120
10 91 71 81 5 0 16 0.29 M M 5.9 26 280 M M 3 13 33 280
11 87 71 79 3 0 14 T M M 8.2 21 290 M M 6 1 28 300
12 88 65 77 1 0 12 0.03 M M 5.4 22 170 M M 4 13 29 160
13 85 65 75 -1 0 10 0.10 M M 3.4 20 340 M M 4 123 25 340
14 89 66 78 2 0 13 0.00 M M 5.3 15 330 M M 2 20 350
15 91 64 78 2 0 13 0.00 M M 4.8 16 140 M M 2 23 120
16 88 74 81 5 0 16 0.12 M M 12.1 23 170 M M 7 3 30 190
17 93 73 83 7 0 18 0.08 M M 6.6 18 160 M M 4 22 170
18 95 70 83 7 0 18 0.00 M M 3.0 12 280 M M 0 16 220
19 98 72 85 9 0 20 0.00 M M 6.2 20 280 M M 1 23 280
20 98 81 90 14 0 25 T M M 7.9 18 270 M M 1 24 260
21 95 70 83 8 0 18 0.07 M M 4.2 37 310 M M 2 13 49 320
22 91 70 81 6 0 16 0.03 M M 4.6 17 240 M M 5 123 27 230
23 91 72 82 7 0 17 0.02 M M 5.2 18 310 M M 4 13 23 310
24 86 71 79 4 0 14 0.51 M M 5.2 26 40 M M 5 13 34 40
25 92 70 81 6 0 16 T M M 3.5 9 240 M M 3 1 13 260
26 93 73 83 8 0 18 0.00 M M 4.6 16 300 M M 1 1 20 290
27 95 71 83 8 0 18 0.00 M M 6.3 15 240 M M 1 22 230
28 87 77 82 7 0 17 0.00 M M 7.4 17 270 M M 3 22 270
29 91 67 79 4 0 14 0.00 M M 4.4 12 220 M M 0 1 17 270
30 93 70 82 7 0 17 0.07 M M 4.7 30 300 M M 1 1 38 290
31 81 72 77 2 0 12 0.02 M M 3.0 8 240 M M 8 18 10 230
================================================================================
SM 2830 2183 0 500 1.57 M 168.1 M 88
================================================================================
AV 91.3 70.4 5.4 FASTST M M 3 MAX(MPH)
MISC ----> 37 310 49 320
================================================================================
NOTES:
# LAST OF SEVERAL OCCURRENCES
COLUMN 17 PEAK WIND IN M.P.H.
PRELIMINARY LOCAL CLIMATOLOGICAL DATA (WS FORM: F-6) , PAGE 2
STATION: HAGERSTOWN MD
MONTH: JULY
YEAR: 2020
LATITUDE: 39 42 N
LONGITUDE: 77 43 W
[TEMPERATURE DATA] [PRECIPITATION DATA] SYMBOLS USED IN COLUMN 16
AVERAGE MONTHLY: 80.9 TOTAL FOR MONTH: 1.57 1 = FOG OR MIST
DPTR FM NORMAL: 5.6 DPTR FM NORMAL: -1.84 2 = FOG REDUCING VISIBILITY
HIGHEST: 98 ON 20,19 GRTST 24HR 0.51 ON 24-24 TO 1/4 MILE OR LESS
LOWEST: 64 ON 15 3 = THUNDER
SNOW, ICE PELLETS, HAIL 4 = ICE PELLETS
TOTAL MONTH: M 5 = HAIL
GRTST 24HR M ON M 6 = FREEZING RAIN OR DRIZZLE
GRTST DEPTH: M ON M 7 = DUSTSTORM OR SANDSTORM:
VSBY 1/2 MILE OR LESS
8 = SMOKE OR HAZE
[NO. OF DAYS WITH] [WEATHER - DAYS WITH] 9 = BLOWING SNOW
X = TORNADO
MAX 32 OR BELOW: 0 0.01 INCH OR MORE: 13
MAX 90 OR ABOVE: 21 0.10 INCH OR MORE: 5
MIN 32 OR BELOW: 0 0.50 INCH OR MORE: 1
MIN 0 OR BELOW: 0 1.00 INCH OR MORE: 0
[HDD (BASE 65) ]
TOTAL THIS MO. 0 CLEAR (SCALE 0-3) 21
DPTR FM NORMAL 0 PTCLDY (SCALE 4-7) 9
TOTAL FM JUL 1 0 CLOUDY (SCALE 8-10) 1
DPTR FM NORMAL 0
[CDD (BASE 65) ]
TOTAL THIS MO. 500
DPTR FM NORMAL 179 [PRESSURE DATA]
TOTAL FM JAN 1 860 HIGHEST SLP 30.23 ON 16
DPTR FM NORMAL 254 LOWEST SLP 29.73 ON 11
[REMARKS]
#FINAL-07-20#