000
CXUS56 KLOX 011155
CF6HHR
PRELIMINARY LOCAL CLIMATOLOGICAL DATA (WS FORM: F-6)
STATION: HAWTHORNE AIRPORT CA
MONTH: APRIL
YEAR: 2023
LATITUDE: 33 55 N
LONGITUDE: 118 20 W
TEMPERATURE IN F: :PCPN: SNOW: WIND :SUNSHINE: SKY :PK WND
================================================================================
1 2 3 4 5 6A 6B 7 8 9 10 11 12 13 14 15 16 17 18
12Z AVG MX 2MIN
DY MAX MIN AVG DEP HDD CDD WTR SNW DPTH SPD SPD DIR MIN PSBL S-S WX SPD DR
================================================================================
1 71 51 61 0 4 0 0.00 M M 4.7 15 250 M M 0 25 290
2 66 53 60 -1 5 0 0.00 M M 4.9 15 250 M M 2 8 22 250
3 66 54 60 -1 5 0 T M M 9.3 24 260 M M 5 8 40 250
4 65 52 59 -2 6 0 0.00 M M 8.1 22 260 M M 0 8 32 290
5 69 50 60 -1 5 0 0.00 M M 4.6 17 270 M M 0 24 250
6 75 53 64 2 1 0 0.00 M M 4.3 20 250 M M 0 8 24 250
7 71 57 64 2 1 0 0.00 M M 5.0 16 250 M M 0 8 22 260
8 69 56 63 1 2 0 0.00 M M 5.7 16 250 M M 3 18 22 260
9 67 55 61 -1 4 0 0.00 M M 3.6 12 260 M M 6 18 18 250
10 71 55 63 1 2 0 0.00 M M 3.6 13 270 M M 6 128 18 260
11 66 56 61 -1 4 0 0.00 M M 4.7 14 250 M M 9 18 20 250
12 63 56 60 -2 5 0 0.02 M M 5.0 9 260 M M 10 18 13 90
13 61 56 59 -3 6 0 0.09 M M 4.5 12 130 M M 10 18 17 160
14 66 57 62 0 3 0 0.00 M M 5.4 14 260 M M 8 8 18 250
15 69 54 62 0 3 0 0.00 M M 5.2 17 260 M M 0 24 270
16 64 55 60 -2 5 0 0.00 M M 5.6 14 240 M M 5 19 250
17 66 58 62 0 3 0 0.00 M M 4.9 14 230 M M 9 19 270
18 67 57 62 0 3 0 0.00 M M 6.9 20 260 M M 4 25 280
19 69 54 62 0 3 0 0.00 M M 5.8 20 250 M M 0 8 25 250
20 80 55 68 5 0 3 0.00 M M 4.0 15 260 M M 0 20 250
21 87 60 74 11 0 9 0.00 M M 4.8 16 270 M M 0 22 260
22 84 62 73 10 0 8 0.00 M M 4.7 13 260 M M 0 18 250
23 74 61 68 5 0 3 0.00 M M 6.2 16 250 M M 4 8 20 260
24 69 61 65 2 0 0 0.00 M M 5.9 14 260 M M 7 20 260
25 70 60 65 2 0 0 0.00 M M 5.7 14 250 M M 7 20 240
26 70 57 64 1 1 0 0.00 M M 6.1 16 250 M M 8 18 22 260
27 68 57 63 0 2 0 0.00 M M 5.7 15 250 M M 8 18 21 260
28 67 57 62 -1 3 0 0.00 M M 6.1 15 250 M M 7 8 20 260
29 67 58 63 0 2 0 0.00 M M 5.8 16 250 M M 8 8 21 240
30 66 59 63 -1 2 0 0.00 M M 4.6 12 270 M M 10 8 18 260
================================================================================
SM 2083 1686 80 23 0.11 M 161.4 M 136
================================================================================
AV 69.4 56.2 5.4 FASTST M M 5 MAX(MPH)
MISC ----> 24 260 40 250
================================================================================
NOTES:
# LAST OF SEVERAL OCCURRENCES
COLUMN 17 PEAK WIND IN M.P.H.
PRELIMINARY LOCAL CLIMATOLOGICAL DATA (WS FORM: F-6) , PAGE 2
STATION: HAWTHORNE AIRPORT CA
MONTH: APRIL
YEAR: 2023
LATITUDE: 33 55 N
LONGITUDE: 118 20 W
[TEMPERATURE DATA] [PRECIPITATION DATA] SYMBOLS USED IN COLUMN 16
AVERAGE MONTHLY: 62.8 TOTAL FOR MONTH: 0.11 1 = FOG OR MIST
DPTR FM NORMAL: 0.5 DPTR FM NORMAL: -0.49 2 = FOG REDUCING VISIBILITY
HIGHEST: 87 ON 21 GRTST 24HR 0.09 ON 13-13 TO 1/4 MILE OR LESS
LOWEST: 50 ON 5 3 = THUNDER
SNOW, ICE PELLETS, HAIL 4 = ICE PELLETS
TOTAL MONTH: M 5 = HAIL
GRTST 24HR M ON M 6 = FREEZING RAIN OR DRIZZLE
GRTST DEPTH: M ON M 7 = DUSTSTORM OR SANDSTORM:
VSBY 1/2 MILE OR LESS
8 = SMOKE OR HAZE
[NO. OF DAYS WITH] [WEATHER - DAYS WITH] 9 = BLOWING SNOW
X = TORNADO
MAX 32 OR BELOW: 0 0.01 INCH OR MORE: 2
MAX 90 OR ABOVE: 0 0.10 INCH OR MORE: 0
MIN 32 OR BELOW: 0 0.50 INCH OR MORE: 0
MIN 0 OR BELOW: 0 1.00 INCH OR MORE: 0
[HDD (BASE 65) ]
TOTAL THIS MO. 80 CLEAR (SCALE 0-3) 12
DPTR FM NORMAL -29 PTCLDY (SCALE 4-7) 12
TOTAL FM JUL 1 1010 CLOUDY (SCALE 8-10) 6
DPTR FM NORMAL -24
[CDD (BASE 65) ]
TOTAL THIS MO. 23
DPTR FM NORMAL -3 [PRESSURE DATA]
TOTAL FM JAN 1 28 HIGHEST SLP 30.15 ON 9
DPTR FM NORMAL -29 LOWEST SLP 29.77 ON 23
[REMARKS]
#FINAL-04-23#