000
CXUS56 KLOX 011155
CF6HHR
PRELIMINARY LOCAL CLIMATOLOGICAL DATA (WS FORM: F-6)
STATION: HAWTHORNE AIRPORT CA
MONTH: AUGUST
YEAR: 2023
LATITUDE: 33 55 N
LONGITUDE: 118 20 W
TEMPERATURE IN F: :PCPN: SNOW: WIND :SUNSHINE: SKY :PK WND
================================================================================
1 2 3 4 5 6A 6B 7 8 9 10 11 12 13 14 15 16 17 18
12Z AVG MX 2MIN
DY MAX MIN AVG DEP HDD CDD WTR SNW DPTH SPD SPD DIR MIN PSBL S-S WX SPD DR
================================================================================
1 86 73 80 8 0 15 0.00 M M 5.6 15 260 M M 3 8 24 150
2 84 71 78 6 0 13 0.00 M M 5.7 17 260 M M 0 22 260
3 81 67 74 2 0 9 0.00 M M 6.3 16 260 M M 3 23 240
4 82 69 76 4 0 11 0.00 M M 5.6 16 260 M M 4 8 22 250
5 83 69 76 4 0 11 0.00 M M 4.8 14 260 M M 3 21 250
6 83 69 76 4 0 11 0.00 M M 4.3 14 260 M M 5 18 20 250
7 87 69 78 6 0 13 0.00 M M 4.1 13 250 M M 4 8 20 250
8 86 69 78 6 0 13 0.00 M M 4.2 13 260 M M 3 19 220
9 80 71 76 4 0 11 T M M 5.5 16 250 M M 4 19 260
10 84 71 78 6 0 13 T M M 5.8 15 250 M M 7 21 250
11 79 71 75 3 0 10 0.00 M M 7.1 15 260 M M 7 21 260
12 82 71 77 5 0 12 0.00 M M 5.9 15 240 M M 4 22 250
13 80 71 76 4 0 11 0.00 M M 6.3 16 250 M M 5 23 250
14 78 70 74 2 0 9 0.00 M M 6.9 17 250 M M 8 8 23 260
15 79 69 74 2 0 9 0.00 M M 7.1 17 260 M M 5 8 23 250
16 81 68 75 3 0 10 T M M 6.8 18 250 M M 2 38 27 260
17 79 67 73 1 0 8 0.00 M M 7.3 17 260 M M 4 128 22 240
18 80 68 74 2 0 9 0.00 M M 6.9 18 260 M M 3 8 24 260
19 80 67 74 2 0 9 0.00 M M 4.7 13 260 M M 1 23 240
20 82 71 77 5 0 12 1.89 M M 5.5 21 130 M M 8 1 30 120
21 83 69 76 4 0 11 0.35 M M 7.9 18 130 M M 8 18 28 120
22 83 70 77 5 0 12 0.00 M M 6.1 18 260 M M 0 23 280
23 82 69 76 4 0 11 0.00 M M 6.6 17 250 M M 1 8 22 250
24 79 69 74 2 0 9 0.00 M M 6.4 15 250 M M 6 8 20 260
25 79 68 74 2 0 9 0.00 M M 5.9 16 260 M M 2 8 23 260
26 84 67 76 4 0 11 0.00 M M 5.9 16 260 M M 0 8 22 260
27 85 68 77 5 0 12 0.00 M M 4.7 17 260 M M 0 8 21 270
28 94 71 83 11 0 18 0.00 M M 3.4 13 250 M M 0 8 18 250
29 91 71 81 9 0 16 0.00 M M 3.4 15 260 M M 0 8 20 270
30 91 71 81 9 0 16 0.00 M M 2.7 10 260 M M 0 15 250
31 85 70 78 6 0 13 0.00 M M 3.7 12 260 M M 4 128 18 140
================================================================================
SM 2572 2154 0 357 2.24 M 173.1 M 104
================================================================================
AV 83.0 69.5 5.6 FASTST M M 3 MAX(MPH)
MISC ----> 21 130 30 120
================================================================================
NOTES:
# LAST OF SEVERAL OCCURRENCES
COLUMN 17 PEAK WIND IN M.P.H.
PRELIMINARY LOCAL CLIMATOLOGICAL DATA (WS FORM: F-6) , PAGE 2
STATION: HAWTHORNE AIRPORT CA
MONTH: AUGUST
YEAR: 2023
LATITUDE: 33 55 N
LONGITUDE: 118 20 W
[TEMPERATURE DATA] [PRECIPITATION DATA] SYMBOLS USED IN COLUMN 16
AVERAGE MONTHLY: 76.2 TOTAL FOR MONTH: 2.24 1 = FOG OR MIST
DPTR FM NORMAL: 4.2 DPTR FM NORMAL: 2.24 2 = FOG REDUCING VISIBILITY
HIGHEST: 94 ON 28 GRTST 24HR 2.24 ON 20-21 TO 1/4 MILE OR LESS
LOWEST: 67 ON 26,19 3 = THUNDER
SNOW, ICE PELLETS, HAIL 4 = ICE PELLETS
TOTAL MONTH: M 5 = HAIL
GRTST 24HR M ON M 6 = FREEZING RAIN OR DRIZZLE
GRTST DEPTH: M ON M 7 = DUSTSTORM OR SANDSTORM:
VSBY 1/2 MILE OR LESS
8 = SMOKE OR HAZE
[NO. OF DAYS WITH] [WEATHER - DAYS WITH] 9 = BLOWING SNOW
X = TORNADO
MAX 32 OR BELOW: 0 0.01 INCH OR MORE: 2
MAX 90 OR ABOVE: 3 0.10 INCH OR MORE: 2
MIN 32 OR BELOW: 0 0.50 INCH OR MORE: 1
MIN 0 OR BELOW: 0 1.00 INCH OR MORE: 1
[HDD (BASE 65) ]
TOTAL THIS MO. 0 CLEAR (SCALE 0-3) 15
DPTR FM NORMAL 0 PTCLDY (SCALE 4-7) 14
TOTAL FM JUL 1 0 CLOUDY (SCALE 8-10) 2
DPTR FM NORMAL -1
[CDD (BASE 65) ]
TOTAL THIS MO. 357
DPTR FM NORMAL 140 [PRESSURE DATA]
TOTAL FM JAN 1 819 HIGHEST SLP 30.04 ON 21
DPTR FM NORMAL 249 LOWEST SLP 29.43 ON 20
[REMARKS]
#FINAL-08-23#