000
CXUS56 KPQR 011550
CLMHIO
CLIMATE REPORT
NATIONAL WEATHER SERVICE PORTLAND OREGON
850 AM PDT SAT JUL 01 2023
...................................
...THE HILLSBORO OR CLIMATE SUMMARY FOR THE MONTH OF JUNE 2023...
CLIMATE NORMAL PERIOD 1991 TO 2020
CLIMATE RECORD PERIOD 1929 TO 2023
WEATHER OBSERVED NORMAL DEPART LAST YEAR`S
VALUE DATE(S) VALUE FROM VALUE DATE(S)
NORMAL
................................................................
TEMPERATURE (F)
HIGHEST 92 97 06/26
LOWEST 37 43 06/07
AVG. MAXIMUM 77.6 73.5 4.1 72.6
AVG. MINIMUM 48.3 48.6 -0.3 50.5
MEAN 63.0 61.0 2.0 61.6
DAYS MAX >= 90 2 2.0 0.0 3
DAYS MAX <= 32 0 0.0 0.0 0
DAYS MIN <= 32 0 0.0 0.0 0
DAYS MIN <= 0 0 0.0 0.0 0
PRECIPITATION (INCHES)
RECORD
MAXIMUM 4.38 1984
MINIMUM T 1940
TOTALS 0.56 1.31 -0.75 2.06
DAYS >= .01 4 8.7 -4.7 12
DAYS >= .10 2 4.3 -2.3 5
DAYS >= .50 0 0.2 -0.2 1
DAYS >= 1.00 0 0.0 0.0 0
GREATEST
24 HR. TOTAL 0.40 06/18 TO 06/19
DEGREE DAYS
HEATING TOTAL 96 147 -51 123
SINCE 7/1 4724 4830 -106 MM
COOLING TOTAL 44 28 16 27
SINCE 1/1 103 38 65 MM
................................................................
WIND (MPH)
AVERAGE WIND SPEED 5.4
RESULTANT WIND SPEED/DIRECTION 4/330
HIGHEST WIND SPEED/DIRECTION 22/340 DATE 06/04
HIGHEST GUST SPEED/DIRECTION 31/350 DATE 06/04
SKY COVER
POSSIBLE SUNSHINE (PERCENT) MM
AVERAGE SKY COVER 0.24
AVERAGE RH (PERCENT) 62
WEATHER CONDITIONS. NUMBER OF DAYS WITH
THUNDERSTORM 1 MIXED PRECIP 0
HEAVY RAIN 0 RAIN 1
LIGHT RAIN 5 FREEZING RAIN 0
LT FREEZING RAIN 0 HAIL 0
HEAVY SNOW 0 SNOW 0
LIGHT SNOW 0 SLEET 0
FOG 3 FOG W/VIS <= 1/4 MILE 0
HAZE 0
- INDICATES NEGATIVE NUMBERS.
R INDICATES RECORD WAS SET OR TIED.
MM INDICATES DATA IS MISSING.
T INDICATES TRACE AMOUNT.
$$