000
CXUS53 KGID 012124
CF6HJH
PRELIMINARY LOCAL CLIMATOLOGICAL DATA (WS FORM: F-6)
STATION: HEBRON NE
MONTH: OCTOBER
YEAR: 2021
LATITUDE: 40 9 N
LONGITUDE: 97 35 W
TEMPERATURE IN F: :PCPN: SNOW: WIND :SUNSHINE: SKY :PK WND
================================================================================
1 2 3 4 5 6A 6B 7 8 9 10 11 12 13 14 15 16 17 18
12Z AVG MX 2MIN
DY MAX MIN AVG DEP HDD CDD WTR SNW DPTH SPD SPD DIR MIN PSBL S-S WX SPD DR
================================================================================
1 68 53 61 M 4 0 0.00 M M 2.2 8 260 M M 8 1 M M
2 70 53 62 M 3 0 0.00 M M 3.0 10 320 M M 7 1 M M
3 81 48 65 M 0 0 0.00 M M 4.4 12 340 M M 0 17 360
4 85 43 64 M 1 0 0.00 M M 3.3 15 30 M M 0 20 10
5 81 41 61 M 4 0 0.00 M M 1.7 9 90 M M 0 M M
6 76 46 61 M 4 0 0.00 M M 2.0 9 120 M M 5 12 M M
7 82 46 64 M 1 0 0.00 M M 4.8 13 120 M M 3 12 17 150
8 88 54 71 M 0 6 0.00 M M 1.6 7 130 M M 0 8 M M
9 81 60 71 M 0 6 0.00 M M 3.3 10 170 M M 0 M M
10 67 50 59 M 6 0 0.00 M M 4.9 9 340 M M 1 16 350
11 78 45 62 M 3 0 0.00 M M 4.0 10 360 M M 0 8 20 340
12 80 42 61 M 4 0 0.01 M M 10.2 21 130 M M 7 18 30 130
13 67 44 56 M 9 0 0.61 M M 12.4 23 140 M M 2 3 33 140
14 64 35 50 M 15 0 T M M 4.9 13 340 M M 5 20 350
15 63 37 50 M 15 0 T M M 5.1 15 300 M M 2 25 300
16 69 33 51 M 14 0 0.00 M M 3.7 10 280 M M 0 16 280
17 78 35 57 M 8 0 0.00 M M 4.7 13 200 M M 0 18 200
18 76 39 58 M 7 0 0.00 M M 10.3 21 180 M M 0 32 180
19 80 55 68 M 0 3 0.00 M M 13.3 21 160 M M 0 28 170
20 65 42 54 M 11 0 0.00 M M 13.0 20 320 M M 6 29 320
21 59 36 48 M 17 0 0.00 M M 5.4 10 330 M M 1 16 280
22 76 30 53 M 12 0 0.00 M M 4.4 12 90 M M 0 M M
23 62 42 52 M 13 0 T M M 10.9 16 90 M M 7 22 90
24 55 44 50 M 15 0 0.22 M M 11.1 18 350 M M 9 1 24 350
25 49 38 44 M 21 0 0.00 M M 5.1 14 10 M M 8 1 18 10
26 63 44 54 M 11 0 0.03 M M 15.9 27 150 M M 10 1 30 150
27 63 49 56 M 9 0 2.76 M M 14.0 18 350 M M 10 28 340
28 62 46 54 M 11 0 0.00 M M 17.5 32 340 M M 2 44 340
29 62 34 48 M 17 0 0.00 M M 9.8 17 330 M M 0 25 330
30 72 31 52 M 13 0 0.00 M M 6.6 16 350 M M 0 23 350
31 51 39 45 M 20 0 0.00 M M 6.7 13 360 M M 8 18 360
================================================================================
SM 2173 1334 268 15 3.63 M 220.2 M 101
================================================================================
AV 70.1 43.0 7.1 FASTST M M 3 MAX(MPH)
MISC ----> 32 340 M M
================================================================================
NOTES:
# LAST OF SEVERAL OCCURRENCES
COLUMN 17 PEAK WIND IN M.P.H.
PRELIMINARY LOCAL CLIMATOLOGICAL DATA (WS FORM: F-6) , PAGE 2
STATION: HEBRON NE
MONTH: OCTOBER
YEAR: 2021
LATITUDE: 40 9 N
LONGITUDE: 97 35 W
[TEMPERATURE DATA] [PRECIPITATION DATA] SYMBOLS USED IN COLUMN 16
AVERAGE MONTHLY: 56.6 TOTAL FOR MONTH: 3.63 1 = FOG OR MIST
DPTR FM NORMAL: M DPTR FM NORMAL: M 2 = FOG REDUCING VISIBILITY
HIGHEST: 88 ON 8 GRTST 24HR 2.76 ON 27-27 TO 1/4 MILE OR LESS
LOWEST: 30 ON 22 3 = THUNDER
SNOW, ICE PELLETS, HAIL 4 = ICE PELLETS
TOTAL MONTH: M 5 = HAIL
GRTST 24HR M ON M 6 = FREEZING RAIN OR DRIZZLE
GRTST DEPTH: M ON M 7 = DUSTSTORM OR SANDSTORM:
VSBY 1/2 MILE OR LESS
8 = SMOKE OR HAZE
[NO. OF DAYS WITH] [WEATHER - DAYS WITH] 9 = BLOWING SNOW
X = TORNADO
MAX 32 OR BELOW: 0 0.01 INCH OR MORE: 5
MAX 90 OR ABOVE: 0 0.10 INCH OR MORE: 3
MIN 32 OR BELOW: 2 0.50 INCH OR MORE: 2
MIN 0 OR BELOW: 0 1.00 INCH OR MORE: 1
[HDD (BASE 65) ]
TOTAL THIS MO. 268 CLEAR (SCALE 0-3) 19
DPTR FM NORMAL M PTCLDY (SCALE 4-7) 8
TOTAL FM JUL 1 291 CLOUDY (SCALE 8-10) 4
DPTR FM NORMAL M
[CDD (BASE 65) ]
TOTAL THIS MO. 15
DPTR FM NORMAL M [PRESSURE DATA]
TOTAL FM JAN 1 1400 HIGHEST SLP M ON M
DPTR FM NORMAL 1389 LOWEST SLP M ON M
[REMARKS]
#FINAL-10-21#