000
CXUS51 KPBZ 010830
CF6HLG
PRELIMINARY LOCAL CLIMATOLOGICAL DATA (WS FORM: F-6)
STATION: WHEELING WV
MONTH: FEBRUARY
YEAR: 2023
LATITUDE: 40 10 N
LONGITUDE: 80 39 W
TEMPERATURE IN F: :PCPN: SNOW: WIND :SUNSHINE: SKY :PK WND
================================================================================
1 2 3 4 5 6A 6B 7 8 9 10 11 12 13 14 15 16 17 18
12Z AVG MX 2MIN
DY MAX MIN AVG DEP HDD CDD WTR SNW DPTH SPD SPD DIR MIN PSBL S-S WX SPD DR
================================================================================
1 27 15 21 -9 44 0 0.00 M M 4.7 10 330 M M 2 13 320
2 36 19 28 -2 37 0 0.00 M M 9.2 17 250 M M 0 25 270
3 32 7 20 -10 45 0 T M M 12.8 25 330 M M 6 8 32 330
4 41 5 23 -7 42 0 0.00 M M 8.5 18 180 M M 1 25 210
5 52 41 47 17 18 0 0.00 M M 13.7 24 270 M M 4 33 230
6 46 30 38 7 27 0 0.00 M M 6.8 16 320 M M 9 8 21 320
7 57 29 43 12 22 0 0.09 M M 11.3 22 220 M M 5 1 31 200
8 51 37 44 13 21 0 0.00 M M 5.5 15 330 M M 4 18 19 330
9 73 43 58 27 7 0 0.02 M M 15.3 31 250 M M 6 44 200
10 49 33 41 10 24 0 T M M 13.8 30 250 M M 9 42 250
11 42 26 34 3 31 0 0.00 M M 4.2 12 280 M M 1 13 270
12 52 26 39 7 26 0 0.00 M M 5.2 15 30 M M 0 17 40
13 57 30 44 12 21 0 0.00 M M 9.5 24 280 M M 0 35 270
14 56 31 44 12 21 0 0.00 M M 6.1 14 140 M M 1 19 150
15 73 54 64 32 1 0 T M M 16.0 32 220 M M 3 43 210
16 61 46 54 22 11 0 0.09 M M 9.0 25 180 M M 6 1 35 210
17 60 22 41 8 24 0 0.18 M M 15.1 33 300 M M 10 18 43 290
18 42 22 32 -1 33 0 0.00 M M 9.9 20 210 M M 3 25 200
19 59 35 47 14 18 0 0.00 M M 11.6 26 210 M M 1 36 200
20 53 42 48 15 17 0 0.12 M M 7.5 15 230 M M 9 1 20 220
21 52 38 45 11 20 0 0.01 M M 10.5 39 260 M M 3 1 58 270
22 63 34 49 15 16 0 0.22 M M 9.2 20 210 M M 7 16 31 200
23 72 53 63 29 2 0 0.05 M M 15.0 28 260 M M 4 1 38 260
24 53 25 39 5 26 0 0.00 M M 11.2 23 310 M M 4 33 300
25 51 25 38 4 27 0 0.00 M M 6.8 14 270 M M 5 18 60
26 52 34 43 8 22 0 0.00 M M 10.4 20 270 M M 1 1 27 260
27 56 33 45 10 20 0 0.40 M M 10.6 26 260 M M 5 1 38 280
28 53 34 44 9 21 0 0.13 M M 11.2 29 270 M M 8 1 38 250
================================================================================
SM 1471 869 644 0 1.31 M 280.6 M 117
================================================================================
AV 52.5 31.0 10.0 FASTST M M 4 MAX(MPH)
MISC ----> 39 260 58 270
================================================================================
NOTES:
# LAST OF SEVERAL OCCURRENCES
COLUMN 17 PEAK WIND IN M.P.H.
PRELIMINARY LOCAL CLIMATOLOGICAL DATA (WS FORM: F-6) , PAGE 2
STATION: WHEELING WV
MONTH: FEBRUARY
YEAR: 2023
LATITUDE: 40 10 N
LONGITUDE: 80 39 W
[TEMPERATURE DATA] [PRECIPITATION DATA] SYMBOLS USED IN COLUMN 16
AVERAGE MONTHLY: 41.8 TOTAL FOR MONTH: 1.31 1 = FOG OR MIST
DPTR FM NORMAL: 9.5 DPTR FM NORMAL: -0.84 2 = FOG REDUCING VISIBILITY
HIGHEST: 73 ON 15, 9 GRTST 24HR 0.53 ON 27-28 TO 1/4 MILE OR LESS
LOWEST: 5 ON 4 3 = THUNDER
SNOW, ICE PELLETS, HAIL 4 = ICE PELLETS
TOTAL MONTH: M 5 = HAIL
GRTST 24HR M ON M 6 = FREEZING RAIN OR DRIZZLE
GRTST DEPTH: M ON M 7 = DUSTSTORM OR SANDSTORM:
VSBY 1/2 MILE OR LESS
8 = SMOKE OR HAZE
[NO. OF DAYS WITH] [WEATHER - DAYS WITH] 9 = BLOWING SNOW
X = TORNADO
MAX 32 OR BELOW: 2 0.01 INCH OR MORE: 10
MAX 90 OR ABOVE: 0 0.10 INCH OR MORE: 5
MIN 32 OR BELOW: 14 0.50 INCH OR MORE: 0
MIN 0 OR BELOW: 0 1.00 INCH OR MORE: 0
[HDD (BASE 65) ]
TOTAL THIS MO. 644 CLEAR (SCALE 0-3) 11
DPTR FM NORMAL -273 PTCLDY (SCALE 4-7) 12
TOTAL FM JUL 1 3401 CLOUDY (SCALE 8-10) 5
DPTR FM NORMAL -658
[CDD (BASE 65) ]
TOTAL THIS MO. 0
DPTR FM NORMAL 0 [PRESSURE DATA]
TOTAL FM JAN 1 0 HIGHEST SLP 30.62 ON 3
DPTR FM NORMAL 0 LOWEST SLP 29.19 ON 27
[REMARKS]
#FINAL-02-23#