000
CXUS51 KPBZ 010730
CF6HLG
PRELIMINARY LOCAL CLIMATOLOGICAL DATA (WS FORM: F-6)
STATION: WHEELING WV
MONTH: JUNE
YEAR: 2022
LATITUDE: 40 10 N
LONGITUDE: 80 39 W
TEMPERATURE IN F: :PCPN: SNOW: WIND :SUNSHINE: SKY :PK WND
================================================================================
1 2 3 4 5 6A 6B 7 8 9 10 11 12 13 14 15 16 17 18
12Z AVG MX 2MIN
DY MAX MIN AVG DEP HDD CDD WTR SNW DPTH SPD SPD DIR MIN PSBL S-S WX SPD DR
================================================================================
1 87 66 77 12 0 12 0.48 M M 7.3 25 310 M M 3 13 34 300
2 77 59 68 2 0 3 0.67 M M 4.0 17 290 M M 8 1238 24 320
3 76 49 63 -3 2 0 0.00 M M 4.6 15 260 M M 4 12 21 260
4 76 51 64 -2 1 0 0.00 M M 5.8 13 310 M M 0 1 17 10
5 79 51 65 -1 0 0 0.00 M M 6.0 12 80 M M 1 14 80
6 80 61 71 4 0 6 0.03 M M 9.0 20 210 M M 3 8 28 230
7 75 62 69 2 0 4 0.36 M M 8.7 20 200 M M 9 1 27 200
8 80 55 68 1 0 3 1.10 M M 4.9 20 240 M M 4 123 38 280
9 69 58 64 -3 1 0 T M M 8.9 21 280 M M 7 31 270
10 75 53 64 -4 1 0 0.00 M M 3.5 12 300 M M 1 12 15 300
11 75 58 67 -1 0 2 0.02 M M 4.6 9 170 M M 4 12 170
12 79 62 71 3 0 6 0.07 M M 6.1 15 230 M M 7 13 19 220
13 87 69 78 10 0 13 0.97 M M 3.7 10 210 M M 5 123 M M
14 76 67 72 3 0 7 M M M 4.8 35 280 M M 7 13 53 300
15 92 69 81 12 0 16 0.00 M M 6.1 14 230 M M 3 1 17 220
16 90 67 79 10 0 14 0.13 M M 7.8 23 240 M M 2 38 35 230
17 83 68 76 7 0 11 0.00 M M 10.4 22 290 M M 1 34 280
18 71 52 62 -8 3 0 0.00 M M 12.6 23 330 M M 3 28 340
19 74 46 60 -10 5 0 0.00 M M 6.9 16 330 M M 0 23 350
20 72 56 64 -6 1 0 T M M 3.8 10 190 M M 7 14 210
21 88 62 75 5 0 10 0.00 M M 8.0 16 230 M M 1 22 230
22 92 70 81 11 0 16 0.11 M M 6.3 18 340 M M 1 38 27 300
23 82 64 73 2 0 8 0.00 M M 6.8 16 20 M M 1 1 21 20
24 82 56 69 -2 0 4 0.00 M M 2.0 9 330 M M 0 13 320
25 88 57 73 2 0 8 0.00 M M 3.3 9 240 M M 0 13 230
26 82 68 75 4 0 10 1.29 M M 8.0 24 250 M M 5 13 32 240
27 76 59 68 -3 0 3 0.00 M M 7.8 18 340 M M 3 26 350
28 77 52 65 -7 0 0 0.00 M M 2.6 10 50 M M 0 15 260
29 81 55 68 -4 0 3 0.00 M M 3.8 10 290 M M 0 13 280
30 86 56 71 -1 0 6 0.00 M M 4.5 12 210 M M 0 17 210
================================================================================
SM 2407 1778 14 165 5.23 M 182.6 M 90
================================================================================
AV 80.2 59.3 6.1 FASTST M M 3 MAX(MPH)
MISC ----> 35 280 53 300
================================================================================
NOTES:
# LAST OF SEVERAL OCCURRENCES
COLUMN 17 PEAK WIND IN M.P.H.
PRELIMINARY LOCAL CLIMATOLOGICAL DATA (WS FORM: F-6) , PAGE 2
STATION: WHEELING WV
MONTH: JUNE
YEAR: 2022
LATITUDE: 40 10 N
LONGITUDE: 80 39 W
[TEMPERATURE DATA] [PRECIPITATION DATA] SYMBOLS USED IN COLUMN 16
AVERAGE MONTHLY: 69.8 TOTAL FOR MONTH: 5.23 1 = FOG OR MIST
DPTR FM NORMAL: 0.8 DPTR FM NORMAL: 1.09 2 = FOG REDUCING VISIBILITY
HIGHEST: 92 ON 22,15 GRTST 24HR 1.29 ON 26-26 TO 1/4 MILE OR LESS
LOWEST: 46 ON 19 3 = THUNDER
SNOW, ICE PELLETS, HAIL 4 = ICE PELLETS
TOTAL MONTH: M 5 = HAIL
GRTST 24HR M ON M 6 = FREEZING RAIN OR DRIZZLE
GRTST DEPTH: M ON M 7 = DUSTSTORM OR SANDSTORM:
VSBY 1/2 MILE OR LESS
8 = SMOKE OR HAZE
[NO. OF DAYS WITH] [WEATHER - DAYS WITH] 9 = BLOWING SNOW
X = TORNADO
MAX 32 OR BELOW: 0 0.01 INCH OR MORE: 11
MAX 90 OR ABOVE: 3 0.10 INCH OR MORE: 8
MIN 32 OR BELOW: 0 0.50 INCH OR MORE: 4
MIN 0 OR BELOW: 0 1.00 INCH OR MORE: 2
[HDD (BASE 65) ]
TOTAL THIS MO. 14 CLEAR (SCALE 0-3) 17
DPTR FM NORMAL -17 PTCLDY (SCALE 4-7) 12
TOTAL FM JUL 1 4842 CLOUDY (SCALE 8-10) 1
DPTR FM NORMAL -575
[CDD (BASE 65) ]
TOTAL THIS MO. 165
DPTR FM NORMAL 17 [PRESSURE DATA]
TOTAL FM JAN 1 260 HIGHEST SLP 30.28 ON 20
DPTR FM NORMAL 47 LOWEST SLP 29.64 ON 8
[REMARKS]
#FINAL-06-22#