000
CXUS51 KPBZ 141248
CF6HLG
PRELIMINARY LOCAL CLIMATOLOGICAL DATA (WS FORM: F-6)
STATION: WHEELING WV
MONTH: FEBRUARY
YEAR: 2022
LATITUDE: 40 10 N
LONGITUDE: 80 39 W
TEMPERATURE IN F: :PCPN: SNOW: WIND :SUNSHINE: SKY :PK WND
================================================================================
1 2 3 4 5 6A 6B 7 8 9 10 11 12 13 14 15 16 17 18
12Z AVG MX 2MIN
DY MAX MIN AVG DEP HDD CDD WTR SNW DPTH SPD SPD DIR MIN PSBL S-S WX SPD DR
================================================================================
1 52 21 37 7 28 0 0.00 M M 8.6 14 180 M M 1 17 170
2 48 35 42 12 23 0 0.15 M M 7.9 14 180 M M 4 1 19 190
3 44 29 37 7 28 0 1.00 M M 9.2 18 360 M M 10 126 24 10
4 29 19 24 -6 41 0 0.16 M M 8.2 17 350 M M 10 126 22 340
5 22 12 17 -13 48 0 T M M 5.1 15 280 M M 7 18 18 300
6 34 9 22 -9 43 0 0.00 M M 4.6 12 190 M M 0 12 14 190
7 44 23 34 3 31 0 0.00 M M 6.9 14 220 M M 0 18 19 190
8 32 22 27 -4 38 0 T M M 8.3 14 210 M M 7 18 18 270
9 51 32 42 11 23 0 T M M 12.7 22 210 M M 3 31 210
10 45 29 37 6 28 0 T M M 11.8 24 240 M M 4 33 240
11 57 28 43 12 22 0 T M M 14.8 30 230 M M 4 39 200
12 42 25 34 2 31 0 0.01 M M 9.4 20 290 M M 10 1 27 260
13 27 17 22 -10 43 0 T M M 6.6 16 260 M M 10 18 21 260
14 27 15 21 -11 44 0 T M M 6.6 15 250 M M 6 18 20 270
15 39 13 26 -6 39 0 0.00 M M 4.9 13 110 M M 0 14 110
16 61 31 46 14 19 0 0.00 M M 15.1 26 220 M M 2 37 200
17 62 36 49 16 16 0 1.57 M M 16.8 37 200 M M 7 1 54 200
18 36 22 29 -4 36 0 T M M 12.3 33 300 M M 8 1 43 300
19 31 16 24 -9 41 0 T M M 14.6 31 260 M M 4 8 41 230
20 50 14 32 -1 33 0 0.00 M M 11.4 21 200 M M 0 28 190
21 64 43 54 20 11 0 0.00 M M 10.7 20 210 M M 1 30 210
22 61 50 56 22 9 0 0.61 M M 14.0 28 200 M M 8 1 37 240
23 59 28 44 10 21 0 0.02 M M 9.9 23 280 M M 10 18 32 210
24 37 27 32 -2 33 0 0.32 M M 9.2 15 90 M M 10 18 20 100
25 37 25 31 -3 34 0 0.60 M M 11.0 25 260 M M 10 128 38 270
26 36 22 29 -6 36 0 0.00 M M 9.0 17 230 M M 4 23 230
27 46 24 35 0 30 0 0.00 M M 12.2 26 270 M M 0 35 270
28 45 26 36 1 29 0 0.00 M M 5.1 10 160 M M 1 14 210
================================================================================
SM 1218 693 858 0 4.44 M 276.9 M 141
================================================================================
AV 43.5 24.8 9.9 FASTST M M 5 MAX(MPH)
MISC ----> 37 200 54 200
================================================================================
NOTES:
# LAST OF SEVERAL OCCURRENCES
COLUMN 17 PEAK WIND IN M.P.H.
PRELIMINARY LOCAL CLIMATOLOGICAL DATA (WS FORM: F-6) , PAGE 2
STATION: WHEELING WV
MONTH: FEBRUARY
YEAR: 2022
LATITUDE: 40 10 N
LONGITUDE: 80 39 W
[TEMPERATURE DATA] [PRECIPITATION DATA] SYMBOLS USED IN COLUMN 16
AVERAGE MONTHLY: 34.1 TOTAL FOR MONTH: 4.44 1 = FOG OR MIST
DPTR FM NORMAL: 1.8 DPTR FM NORMAL: 2.29 2 = FOG REDUCING VISIBILITY
HIGHEST: 64 ON 21 GRTST 24HR 1.57 ON 17-17 TO 1/4 MILE OR LESS
LOWEST: 9 ON 6 3 = THUNDER
SNOW, ICE PELLETS, HAIL 4 = ICE PELLETS
TOTAL MONTH: M 5 = HAIL
GRTST 24HR M ON M 6 = FREEZING RAIN OR DRIZZLE
GRTST DEPTH: M ON M 7 = DUSTSTORM OR SANDSTORM:
VSBY 1/2 MILE OR LESS
8 = SMOKE OR HAZE
[NO. OF DAYS WITH] [WEATHER - DAYS WITH] 9 = BLOWING SNOW
X = TORNADO
MAX 32 OR BELOW: 6 0.01 INCH OR MORE: 9
MAX 90 OR ABOVE: 0 0.10 INCH OR MORE: 7
MIN 32 OR BELOW: 24 0.50 INCH OR MORE: 4
MIN 0 OR BELOW: 0 1.00 INCH OR MORE: 2
[HDD (BASE 65) ]
TOTAL THIS MO. 858 CLEAR (SCALE 0-3) 10
DPTR FM NORMAL -59 PTCLDY (SCALE 4-7) 10
TOTAL FM JUL 1 3659 CLOUDY (SCALE 8-10) 8
DPTR FM NORMAL -400
[CDD (BASE 65) ]
TOTAL THIS MO. 0
DPTR FM NORMAL 0 [PRESSURE DATA]
TOTAL FM JAN 1 0 HIGHEST SLP 30.62 ON 15
DPTR FM NORMAL 0 LOWEST SLP 29.33 ON 17
[REMARKS]
#FINAL-02-22#