000
CXUS51 KPBZ 010730
CF6HLG
PRELIMINARY LOCAL CLIMATOLOGICAL DATA (WS FORM: F-6)
STATION: WHEELING WV
MONTH: AUGUST
YEAR: 2021
LATITUDE: 40 10 N
LONGITUDE: 80 39 W
TEMPERATURE IN F: :PCPN: SNOW: WIND :SUNSHINE: SKY :PK WND
================================================================================
1 2 3 4 5 6A 6B 7 8 9 10 11 12 13 14 15 16 17 18
12Z AVG MX 2MIN
DY MAX MIN AVG DEP HDD CDD WTR SNW DPTH SPD SPD DIR MIN PSBL S-S WX SPD DR
================================================================================
1 80 61 71 -2 0 6 0.02 M M 5.0 20 340 M M 5 1 27 350
2 77 56 67 -6 0 2 0.00 M M 3.7 12 60 M M 3 12 16 30
3 80 55 68 -5 0 3 0.00 M M 5.5 13 40 M M 3 18 60
4 84 58 71 -2 0 6 1.12 M M 3.9 30 130 M M 4 123 42 130
5 85 59 72 -1 0 7 0.00 M M 2.4 8 250 M M 3 12 13 220
6 85 63 74 1 0 9 0.00 M M 4.6 15 190 M M 1 1 19 190
7 84 65 75 2 0 10 0.00 M M 3.8 10 240 M M 2 1 14 210
8 86 64 75 2 0 10 0.34 M M 4.8 15 290 M M 3 128 20 300
9 89 69 79 6 0 14 0.01 M M 5.5 17 220 M M 2 24 210
10 82 68 75 2 0 10 0.22 M M 10.1 29 290 M M 4 13 39 300
11 86 69 78 6 0 13 1.03 M M 7.0 31 300 M M 5 13 43 290
12 90 69 80 8 0 15 1.02 M M 10.3 31 300 M M 3 138 41 300
13 88 69 79 7 0 14 0.13 M M 5.7 25 240 M M 2 13 37 240
14 81 65 73 1 0 8 0.03 M M 6.9 15 20 M M 5 13 20 20
15 74 62 68 -4 0 3 T M M 6.9 10 70 M M 6 15 30
16 76 67 72 0 0 7 0.31 M M 4.9 10 100 M M 7 1 13 100
17 82 69 76 4 0 11 0.07 M M 4.2 14 190 M M 6 1 17 180
18 77 70 74 2 0 9 1.20 M M 8.1 20 50 M M 8 1 24 40
19 80 67 74 2 0 9 T M M 1.7 8 300 M M 6 12 11 300
20 83 65 74 3 0 9 0.00 M M 2.5 9 20 M M 5 128 12 350
21 85 59 72 1 0 7 0.00 M M 2.2 8 290 M M 1 12 11 240
22 85 62 74 3 0 9 0.00 M M 2.9 14 340 M M 1 12 19 350
23 87 67 77 6 0 12 0.00 M M 4.6 14 310 M M 2 1 19 310
24 87 66 77 6 0 12 0.00 M M 2.3 10 250 M M 0 1 13 250
25 90 68 79 8 0 14 1.30 M M 4.1 28 310 M M 1 123 40 310
26 86 69 78 8 0 13 T M M 2.8 9 320 M M 3 1 12 150
27 88 66 77 7 0 12 T M M 2.8 9 270 M M 2 12 14 310
28 88 69 79 9 0 14 0.00 M M 3.6 12 240 M M 1 12 15 230
29 88 71 80 10 0 15 0.09 M M 4.7 18 260 M M 1 13 27 270
30 83 69 76 6 0 11 0.02 M M 5.2 16 320 M M 3 13 20 330
31 77 67 72 3 0 7 1.25 M M 4.2 20 340 M M 9 1 24 340
================================================================================
SM 2593 2023 0 301 8.16 M 146.9 M 107
================================================================================
AV 83.6 65.3 4.7 FASTST M M 3 MAX(MPH)
MISC ----> # 31 300 43 290
================================================================================
NOTES:
# LAST OF SEVERAL OCCURRENCES
COLUMN 17 PEAK WIND IN M.P.H.
PRELIMINARY LOCAL CLIMATOLOGICAL DATA (WS FORM: F-6) , PAGE 2
STATION: WHEELING WV
MONTH: AUGUST
YEAR: 2021
LATITUDE: 40 10 N
LONGITUDE: 80 39 W
[TEMPERATURE DATA] [PRECIPITATION DATA] SYMBOLS USED IN COLUMN 16
AVERAGE MONTHLY: 74.5 TOTAL FOR MONTH: 8.16 1 = FOG OR MIST
DPTR FM NORMAL: 2.8 DPTR FM NORMAL: 4.42 2 = FOG REDUCING VISIBILITY
HIGHEST: 90 ON 25,12 GRTST 24HR 1.30 ON 25-25 TO 1/4 MILE OR LESS
LOWEST: 55 ON 3 3 = THUNDER
SNOW, ICE PELLETS, HAIL 4 = ICE PELLETS
TOTAL MONTH: M 5 = HAIL
GRTST 24HR M ON M 6 = FREEZING RAIN OR DRIZZLE
GRTST DEPTH: M ON M 7 = DUSTSTORM OR SANDSTORM:
VSBY 1/2 MILE OR LESS
8 = SMOKE OR HAZE
[NO. OF DAYS WITH] [WEATHER - DAYS WITH] 9 = BLOWING SNOW
X = TORNADO
MAX 32 OR BELOW: 0 0.01 INCH OR MORE: 16
MAX 90 OR ABOVE: 2 0.10 INCH OR MORE: 10
MIN 32 OR BELOW: 0 0.50 INCH OR MORE: 6
MIN 0 OR BELOW: 0 1.00 INCH OR MORE: 6
[HDD (BASE 65) ]
TOTAL THIS MO. 0 CLEAR (SCALE 0-3) 17
DPTR FM NORMAL -7 PTCLDY (SCALE 4-7) 13
TOTAL FM JUL 1 0 CLOUDY (SCALE 8-10) 1
DPTR FM NORMAL -5
[CDD (BASE 65) ]
TOTAL THIS MO. 301
DPTR FM NORMAL 86 [PRESSURE DATA]
TOTAL FM JAN 1 861 HIGHEST SLP 30.23 ON 15
DPTR FM NORMAL 179 LOWEST SLP 29.77 ON 31
[REMARKS]
#FINAL-08-21#