000
CXHW50 PHFO 011250
CF6HNL
PRELIMINARY LOCAL CLIMATOLOGICAL DATA (WS FORM: F-6)
STATION: HONOLULU HI
MONTH: NOVEMBER
YEAR: 2020
LATITUDE: 21 21 N
LONGITUDE: 157 56 W
TEMPERATURE IN F: :PCPN: SNOW: WIND :SUNSHINE: SKY :PK WND
================================================================================
1 2 3 4 5 6A 6B 7 8 9 10 11 12 13 14 15 16 17 18
12Z AVG MX 2MIN
DY MAX MIN AVG DEP HDD CDD WTR SNW DPTH SPD SPD DIR MIN PSBL S-S WX SPD DR
================================================================================
1 84 69 77 -2 0 12 0.03 0.0 M 4.3 14 180 M M M 18 170
2 88 70 79 0 0 14 0.00 0.0 M 6.6 16 50 M M M 21 80
3 89 73 81 2 0 16 0.00 0.0 M 7.6 20 70 M M M 27 70
4 86 77 82 3 0 17 0.03 0.0 M 6.5 16 110 M M M 19 150
5 86 74 80 1 0 15 0.00 0.0 M 6.4 15 150 M M M 18 150
6 87 74 81 2 0 16 T 0.0 M 9.2 20 70 M M M 25 20
7 87 76 82 4 0 17 T 0.0 M 9.7 23 70 M M M 28 70
8 88 76 82 4 0 17 T 0.0 M 12.7 20 60 M M M 25 70
9 86 76 81 3 0 16 0.02 0.0 M 9.9 21 70 M M M 8 25 50
10 88 75 82 4 0 17 T 0.0 M 15.8 28 70 M M M 34 60
11 87 76 82 4 0 17 0.01 0.0 M 17.7 29 70 M M M 36 80
12 86 76 81 3 0 16 T 0.0 M 15.8 25 70 M M M 33 70
13 86 75 81 3 0 16 T 0.0 M 13.2 23 70 M M M 31 90
14 87 75 81 3 0 16 0.00 0.0 M 9.5 20 50 M M M 23 80
15 88 71 80 2 0 15 0.00 0.0 M 6.2 16 60 M M M 22 20
16 86 72 79 1 0 14 0.00 0.0 M 8.3 20 70 M M M 23 80
17 87 75 81 3 0 16 0.00 0.0 M 10.2 20 60 M M M 25 50
18 84 74 79 1 0 14 0.05 0.0 M 9.2 22 50 M M M 1 29 40
19 87 76 82 5 0 17 T 0.0 M 12.3 22 70 M M M 26 80
20 86 72 79 2 0 14 T 0.0 M 11.4 24 70 M M M 28 50
21 86 74 80 3 0 15 T 0.0 M 16.2 30 80 M M M 39 80
22 84 76 80 3 0 15 T 0.0 M 17.8 29 70 M M M 39 70
23 86 75 81 4 0 16 T 0.0 M 13.5 23 70 M M M 32 60
24 87 74 81 4 0 16 0.02 0.0 M 12.5 24 70 M M M 31 50
25 86 75 81 4 0 16 0.00 0.0 M 13.5 23 60 M M M 27 40
26 84 72 78 1 0 13 T 0.0 M 10.5 21 40 M M M 27 70
27 84 73 79 2 0 14 T 0.0 M 10.2 20 60 M M M 28 360
28 83 71 77 0 0 12 T 0.0 M 9.2 20 40 M M M 27 20
29 84 70 77 1 0 12 T 0.0 M 8.1 21 60 M M M 24 60
30 83 69 76 0 0 11 T 0.0 M 7.0 15 150 M M M 19 50
================================================================================
SM 2580 2211 0 452 0.16 0.0 321.0 M M
================================================================================
AV 86.0 73.7 10.7 FASTST M M 0 MAX(MPH)
MISC ----> # 30 80 # 39 80
================================================================================
NOTES:
# LAST OF SEVERAL OCCURRENCES
COLUMN 17 PEAK WIND IN M.P.H.
PRELIMINARY LOCAL CLIMATOLOGICAL DATA (WS FORM: F-6) , PAGE 2
STATION: HONOLULU HI
MONTH: NOVEMBER
YEAR: 2020
LATITUDE: 21 21 N
LONGITUDE: 157 56 W
[TEMPERATURE DATA] [PRECIPITATION DATA] SYMBOLS USED IN COLUMN 16
AVERAGE MONTHLY: 79.9 TOTAL FOR MONTH: 0.16 1 = FOG OR MIST
DPTR FM NORMAL: 2.2 DPTR FM NORMAL: -2.26 2 = FOG REDUCING VISIBILITY
HIGHEST: 89 ON 3 GRTST 24HR 0.05 ON 18-18 TO 1/4 MILE OR LESS
LOWEST: 69 ON 30, 1 3 = THUNDER
SNOW, ICE PELLETS, HAIL 4 = ICE PELLETS
TOTAL MONTH: 0.0 INCH 5 = HAIL
GRTST 24HR 0.0 6 = FREEZING RAIN OR DRIZZLE
GRTST DEPTH: M ON M 7 = DUSTSTORM OR SANDSTORM:
VSBY 1/2 MILE OR LESS
8 = SMOKE OR HAZE
[NO. OF DAYS WITH] [WEATHER - DAYS WITH] 9 = BLOWING SNOW
X = TORNADO
MAX 32 OR BELOW: 0 0.01 INCH OR MORE: 6
MAX 90 OR ABOVE: 0 0.10 INCH OR MORE: 0
MIN 32 OR BELOW: 0 0.50 INCH OR MORE: 0
MIN 0 OR BELOW: 0 1.00 INCH OR MORE: 0
[HDD (BASE 65) ]
TOTAL THIS MO. 0 CLEAR (SCALE 0-3) 0
DPTR FM NORMAL 0 PTCLDY (SCALE 4-7) 0
TOTAL FM JUL 1 0 CLOUDY (SCALE 8-10) 0
DPTR FM NORMAL 0
[CDD (BASE 65) ]
TOTAL THIS MO. 452
DPTR FM NORMAL 72 [PRESSURE DATA]
TOTAL FM JAN 1 4762 HIGHEST SLP 30.18 ON 12
DPTR FM NORMAL 436 LOWEST SLP 29.91 ON 4
[REMARKS]
#FINAL-11-20#