000
CXUS55 KSEW 010930
CF6HQM
PRELIMINARY LOCAL CLIMATOLOGICAL DATA (WS FORM: F-6)
STATION: HOQUIAM WA AIRPORT
MONTH: JUNE
YEAR: 2021
LATITUDE: 46 58 N
LONGITUDE: 123 56 W
TEMPERATURE IN F: :PCPN: SNOW: WIND :SUNSHINE: SKY :PK WND
================================================================================
1 2 3 4 5 6A 6B 7 8 9 10 11 12 13 14 15 16 17 18
12Z AVG MX 2MIN
DY MAX MIN AVG DEP HDD CDD WTR SNW DPTH SPD SPD DIR MIN PSBL S-S WX SPD DR
================================================================================
1 84 55 70 15 0 5 0.00 M M 6.1 15 260 M M 0 19 310
2 70 57 64 8 1 0 0.00 M M 10.6 20 260 M M 3 1 25 260
3 65 52 59 3 6 0 0.00 M M 11.1 18 290 M M 7 1 28 290
4 64 52 58 2 7 0 0.07 M M 9.9 16 280 M M 5 1 22 290
5 60 52 56 0 9 0 0.20 M M 13.0 25 290 M M 9 1 33 280
6 59 47 53 -3 12 0 1.09 M M 9.3 21 240 M M 9 13 27 220
7 61 44 53 -3 12 0 0.01 M M 5.9 14 250 M M 4 18 260
8 61 45 53 -3 12 0 0.00 M M 6.4 15 280 M M 3 22 280
9 62 44 53 -3 12 0 0.13 M M 6.9 14 270 M M 4 1 19 290
10 63 49 56 0 9 0 0.15 M M 6.9 16 250 M M 5 1 22 250
11 61 53 57 1 8 0 0.19 M M 9.8 20 190 M M 10 1 26 160
12 72 52 62 5 3 0 0.42 M M 8.4 20 110 M M 7 1 25 160
13 62 59 61 4 4 0 0.50 M M 5.7 22 180 M M 10 1 32 200
14 65 57 61 4 4 0 0.00 M M 8.6 20 250 M M 7 22 250
15 65 55 60 3 5 0 0.16 M M 10.6 22 250 M M 8 1 28 240
16 70 54 62 5 3 0 0.00 M M 6.1 17 300 M M 3 23 280
17 70 50 60 3 5 0 0.00 M M 7.3 16 320 M M 0 18 25 310
18 66 54 60 3 5 0 0.00 M M 11.7 23 290 M M 0 32 290
19 66 51 59 1 6 0 0.00 M M 8.6 18 280 M M 3 27 270
20 76 54 65 7 0 0 0.00 M M 5.2 18 250 M M 4 1 22 260
21 77 57 67 9 0 2 0.00 M M 9.3 20 260 M M 1 24 260
22 64 57 61 3 4 0 0.00 M M 10.4 15 290 M M 10 1 20 280
23 65 55 60 2 5 0 0.01 M M 7.2 15 260 M M 8 1 19 280
24 64 57 61 3 4 0 0.00 M M 6.3 15 240 M M 7 1 20 260
25 81 56 69 11 0 4 0.00 M M 5.7 15 260 M M 4 12 19 240
26 87 63 75 17 0 10 0.00 M M 7.0 20 260 M M 0 24 250
27 103 65 84 26 0 19 0.00 M M 4.3 16 70 M M 0 22 90
28 95 63 79 20 0 14 0.00 M M 11.8 20 270 M M 3 1 25 270
29 70 62 66 7 0 1 0.00 M M 9.2 17 260 M M 8 1 20 260
30 67 62 65 6 0 0 0.00 M M 7.5 18 250 M M 10 1 21 250
================================================================================
SM 2095 1633 136 55 2.93 M 246.8 M 152
================================================================================
AV 69.8 54.4 8.2 FASTST M M 5 MAX(MPH)
MISC ----> 25 290 33 280
================================================================================
NOTES:
# LAST OF SEVERAL OCCURRENCES
COLUMN 17 PEAK WIND IN M.P.H.
PRELIMINARY LOCAL CLIMATOLOGICAL DATA (WS FORM: F-6) , PAGE 2
STATION: HOQUIAM WA AIRPORT
MONTH: JUNE
YEAR: 2021
LATITUDE: 46 58 N
LONGITUDE: 123 56 W
[TEMPERATURE DATA] [PRECIPITATION DATA] SYMBOLS USED IN COLUMN 16
AVERAGE MONTHLY: 62.1 TOTAL FOR MONTH: 2.93 1 = FOG OR MIST
DPTR FM NORMAL: 5.0 DPTR FM NORMAL: 0.92 2 = FOG REDUCING VISIBILITY
HIGHEST: 103 ON 27 GRTST 24HR 1.09 ON 6- 6 TO 1/4 MILE OR LESS
LOWEST: 44 ON 9, 7 3 = THUNDER
SNOW, ICE PELLETS, HAIL 4 = ICE PELLETS
TOTAL MONTH: M 5 = HAIL
GRTST 24HR M ON M 6 = FREEZING RAIN OR DRIZZLE
GRTST DEPTH: M ON M 7 = DUSTSTORM OR SANDSTORM:
VSBY 1/2 MILE OR LESS
8 = SMOKE OR HAZE
[NO. OF DAYS WITH] [WEATHER - DAYS WITH] 9 = BLOWING SNOW
X = TORNADO
MAX 32 OR BELOW: 0 0.01 INCH OR MORE: 11
MAX 90 OR ABOVE: 2 0.10 INCH OR MORE: 8
MIN 32 OR BELOW: 0 0.50 INCH OR MORE: 2
MIN 0 OR BELOW: 0 1.00 INCH OR MORE: 1
[HDD (BASE 65) ]
TOTAL THIS MO. 136 CLEAR (SCALE 0-3) 9
DPTR FM NORMAL -103 PTCLDY (SCALE 4-7) 14
TOTAL FM JUL 1 4917 CLOUDY (SCALE 8-10) 7
DPTR FM NORMAL -197
[CDD (BASE 65) ]
TOTAL THIS MO. 55
DPTR FM NORMAL 53 [PRESSURE DATA]
TOTAL FM JAN 1 55 HIGHEST SLP M ON M
DPTR FM NORMAL 52 LOWEST SLP 29.71 ON 28
[REMARKS]
#FINAL-06-21#