000
CXUS52 KMHX 011117
CF6HSE
PRELIMINARY LOCAL CLIMATOLOGICAL DATA (WS FORM: F-6)
STATION: CAPE HATTERAS NC
MONTH: JANUARY
YEAR: 2024
LATITUDE: 35 13 N
LONGITUDE: 75 37 W
TEMPERATURE IN F: :PCPN: SNOW: WIND :SUNSHINE: SKY :PK WND
================================================================================
1 2 3 4 5 6A 6B 7 8 9 10 11 12 13 14 15 16 17 18
12Z AVG MX 2MIN
DY MAX MIN AVG DEP HDD CDD WTR SNW DPTH SPD SPD DIR MIN PSBL S-S WX SPD DR
================================================================================
1 54 42 48 -1 17 0 0.00 0.0 0 5.3 12 340 M M 2 20 10
2 48 39 44 -5 21 0 0.00 0.0 0 7.7 16 330 M M 5 29 330
3 54 35 45 -4 20 0 0.00 0.0 0 4.7 12 230 M M 0 17 230
4 50 42 46 -3 19 0 0.51 0.0 0 6.4 13 340 M M 6 1 24 360
5 46 33 40 -9 25 0 0.00 0.0 0 5.4 9 10 M M 2 18 330
6 63 43 53 4 12 0 0.11 0.0 0 12.8 31 170 M M 9 128 43 170
7 55 48 52 4 13 0 0.00 0.0 0 8.3 15 270 M M 4 1 24 260
8 50 43 47 -1 18 0 0.00 0.0 0 7.5 14 30 M M 2 22 40
9 66 47 57 9 8 0 0.87 0.0 0 22.1 41 180 M M 10 138 56 170
10 56 46 51 3 14 0 0.12 0.0 0 13.7 31 250 M M 3 18 49 250
11 53 45 49 1 16 0 0.00 0.0 0 6.1 12 270 M M 0 20 260
12 66 38 52 4 13 0 T 0.0 0 13.2 31 160 M M 3 18 43 160
13 68 49 59 11 6 0 0.17 0.0 0 13.4 29 190 M M 4 18 40 190
14 59 45 52 4 13 0 0.00 0.0 0 10.6 22 240 M M 0 30 230
15 58 41 50 2 15 0 0.00 0.0 0 2.6 9 320 M M 1 17 260
16 65 37 51 3 14 0 0.14 0.0 0 6.1 13 360 M M 8 12 24 10
17 38 28 33 -15 32 0 0.00 0.0 0 7.6 14 330 M M 2 25 330
18 49 32 41 -7 24 0 0.00 0.0 0 4.5 10 300 M M 1 17 300
19 55 38 47 -1 18 0 0.15 M 0 8.1 17 310 M M 7 1 33 320
20 38 30 34 -14 31 0 T M 0 10.2 17 320 M M 3 30 320
21 36 25 31 -17 34 0 0.00 0.0 0 7.2 16 320 M M 0 29 320
22 43 30 37 -11 28 0 0.00 0.0 0 3.2 7 300 M M 0 11 360
23 59 30 45 -3 20 0 0.00 0.0 0 1.8 8 180 M M 0 13 180
24 64 51 58 10 7 0 T 0.0 0 7.1 13 180 M M 2 1 18 190
25 68 60 64 16 1 0 0.01 0.0 0 8.3 15 190 M M 8 1 22 210
26 68 59 64 16 1 0 0.01 0.0 0 9.6 15 240 M M 6 128 22 210
27 63 54 59 11 6 0 0.02 0.0 0 5.9 10 230 M M 9 12 16 30
28 66 53 60 12 5 0 0.13 0.0 0 11.7 20 230 M M 6 138 31 230
29 53 44 49 1 16 0 T 0.0 0 9.4 16 300 M M 6 25 300
30 50 42 46 -2 19 0 0.00 0.0 0 7.0 13 40 M M 1 23 20
31 52 43 48 0 17 0 0.03 0.0 0 9.3 18 10 M M 6 32 10
================================================================================
SM 1713 1292 503 0 2.27 0.0 256.8 M 116
================================================================================
AV 55.3 41.7 8.3 FASTST M M 4 MAX(MPH)
MISC ----> 41 180 56 170
================================================================================
NOTES:
# LAST OF SEVERAL OCCURRENCES
COLUMN 17 PEAK WIND IN M.P.H.
PRELIMINARY LOCAL CLIMATOLOGICAL DATA (WS FORM: F-6) , PAGE 2
STATION: CAPE HATTERAS NC
MONTH: JANUARY
YEAR: 2024
LATITUDE: 35 13 N
LONGITUDE: 75 37 W
[TEMPERATURE DATA] [PRECIPITATION DATA] SYMBOLS USED IN COLUMN 16
AVERAGE MONTHLY: 48.5 TOTAL FOR MONTH: 2.27 1 = FOG OR MIST
DPTR FM NORMAL: 0.5 DPTR FM NORMAL: -2.64 2 = FOG REDUCING VISIBILITY
HIGHEST: 68 ON 26,25 GRTST 24HR 0.87 ON 9- 9 TO 1/4 MILE OR LESS
LOWEST: 25 ON 21 3 = THUNDER
SNOW, ICE PELLETS, HAIL 4 = ICE PELLETS
TOTAL MONTH: 0.0 INCH 5 = HAIL
GRTST 24HR 0.0 6 = FREEZING RAIN OR DRIZZLE
GRTST DEPTH: 0 7 = DUSTSTORM OR SANDSTORM:
VSBY 1/2 MILE OR LESS
8 = SMOKE OR HAZE
[NO. OF DAYS WITH] [WEATHER - DAYS WITH] 9 = BLOWING SNOW
X = TORNADO
MAX 32 OR BELOW: 0 0.01 INCH OR MORE: 12
MAX 90 OR ABOVE: 0 0.10 INCH OR MORE: 8
MIN 32 OR BELOW: 6 0.50 INCH OR MORE: 2
MIN 0 OR BELOW: 0 1.00 INCH OR MORE: 0
[HDD (BASE 65) ]
TOTAL THIS MO. 503 CLEAR (SCALE 0-3) 15
DPTR FM NORMAL -25 PTCLDY (SCALE 4-7) 12
TOTAL FM JUL 1 1142 CLOUDY (SCALE 8-10) 4
DPTR FM NORMAL -57
[CDD (BASE 65) ]
TOTAL THIS MO. 0
DPTR FM NORMAL -1 [PRESSURE DATA]
TOTAL FM JAN 1 0 HIGHEST SLP 30.70 ON 22
DPTR FM NORMAL -1 LOWEST SLP 29.37 ON 9
[REMARKS]
#FINAL-01-24#