000
CXUS53 KGID 011149
CF6HSI
PRELIMINARY LOCAL CLIMATOLOGICAL DATA (WS FORM: F-6)
STATION: HASTINGS NE
MONTH: APRIL
YEAR: 2021
LATITUDE: 40 35 N
LONGITUDE: 98 26 W
TEMPERATURE IN F: :PCPN: SNOW: WIND :SUNSHINE: SKY :PK WND
================================================================================
1 2 3 4 5 6A 6B 7 8 9 10 11 12 13 14 15 16 17 18
12Z AVG MX 2MIN
DY MAX MIN AVG DEP HDD CDD WTR SNW DPTH SPD SPD DIR MIN PSBL S-S WX SPD DR
================================================================================
1 61 23 42 -4 23 0 0.00 0.0 0 10.7 21 170 M M 0 33 180
2 75 40 58 12 7 0 0.00 0.0 0 16.7 23 200 M M 0 8 43 220
3 78 37 58 11 7 0 0.00 0.0 0 8.0 17 90 M M 0 23 150
4 88 48 68 21 0 3 0.00 0.0 0 10.7 45 260 M M 1 8 63 260
5 83 56 70 23 0 5 0.00 0.0 0 12.7 23 210 M M 0 32 200
6 73 45 59 11 6 0 T 0.0 0 17.7 31 340 M M 5 39 340
7 45 40 43 -5 22 0 0.38 0.0 0 26.5 32 340 M M 10 13 45 340
8 67 41 54 6 11 0 0.00 0.0 0 16.2 29 340 M M 3 39 330
9 58 35 47 -2 18 0 0.46 0.0 0 15.1 28 320 M M 5 1 36 320
10 60 38 49 0 16 0 0.02 0.0 0 10.4 24 340 M M 2 32 340
11 61 38 50 1 15 0 0.00 0.0 0 16.3 40 330 M M 0 52 330
12 58 36 47 -3 18 0 0.00 0.0 0 14.4 25 340 M M 2 33 340
13 56 29 43 -7 22 0 0.00 0.0 0 10.0 20 320 M M 0 26 320
14 50 28 39 -11 26 0 0.00 0.0 0 10.0 22 350 M M 4 28 20
15 51 30 41 -10 24 0 0.00 0.0 0 6.9 15 60 M M 4 20 60
16 42 36 39 -12 26 0 0.35 T 0 8.2 15 340 M M 10 1 19 320
17 51 38 45 -6 20 0 0.01 0.0 0 12.1 21 360 M M 10 25 10
18 64 34 49 -3 16 0 0.00 0.0 0 8.5 21 30 M M 2 8 28 20
19 47 30 39 -13 26 0 0.06 0.5 0 16.1 25 10 M M 8 1 35 20
20 44 27 36 -16 29 0 0.07 T T 8.6 22 350 M M 4 1 30 300
21 48 28 38 -15 27 0 0.00 0.0 0 8.9 20 340 M M 3 27 340
22 56 31 44 -9 21 0 0.00 0.0 0 12.3 28 160 M M 6 39 160
23 64 42 53 0 12 0 0.00 0.0 0 8.1 16 360 M M 4 8 25 180
24 60 38 49 -5 16 0 0.00 0.0 0 9.4 20 10 M M 3 24 350
25 77 47 62 8 3 0 0.00 0.0 0 13.0 26 180 M M 0 44 210
26 91 57 74 20 0 9 0.00 0.0 0 13.1 20 170 M M 0 33 170
27 68 51 60 5 5 0 0.01 0.0 0 13.3 25 350 M M 5 138 33 340
28 64 45 55 0 10 0 T 0.0 0 11.8 24 290 M M 9 13 32 290
29 72 42 57 2 8 0 0.00 0.0 0 10.8 26 350 M M 0 1 38 10
30 85 44 65 9 0 0 0.00 0.0 0 10.4 20 270 M M 1 29 200
================================================================================
SM 1897 1154 434 17 1.36 0.5 366.9 M 101
================================================================================
AV 63.2 38.5 12.2 FASTST M M 3 MAX(MPH)
MISC ----> 45 260 63 260
================================================================================
NOTES:
# LAST OF SEVERAL OCCURRENCES
COLUMN 17 PEAK WIND IN M.P.H.
PRELIMINARY LOCAL CLIMATOLOGICAL DATA (WS FORM: F-6) , PAGE 2
STATION: HASTINGS NE
MONTH: APRIL
YEAR: 2021
LATITUDE: 40 35 N
LONGITUDE: 98 26 W
[TEMPERATURE DATA] [PRECIPITATION DATA] SYMBOLS USED IN COLUMN 16
AVERAGE MONTHLY: 50.9 TOTAL FOR MONTH: 1.36 1 = FOG OR MIST
DPTR FM NORMAL: 0.1 DPTR FM NORMAL: -1.20 2 = FOG REDUCING VISIBILITY
HIGHEST: 91 ON 26 GRTST 24HR 0.48 ON 9-10 TO 1/4 MILE OR LESS
LOWEST: 23 ON 1 3 = THUNDER
SNOW, ICE PELLETS, HAIL 4 = ICE PELLETS
TOTAL MONTH: 0.5 INCH 5 = HAIL
GRTST 24HR 0.5 ON 19-19 6 = FREEZING RAIN OR DRIZZLE
GRTST DEPTH: T 7 = DUSTSTORM OR SANDSTORM:
VSBY 1/2 MILE OR LESS
8 = SMOKE OR HAZE
[NO. OF DAYS WITH] [WEATHER - DAYS WITH] 9 = BLOWING SNOW
X = TORNADO
MAX 32 OR BELOW: 0 0.01 INCH OR MORE: 8
MAX 90 OR ABOVE: 1 0.10 INCH OR MORE: 3
MIN 32 OR BELOW: 8 0.50 INCH OR MORE: 0
MIN 0 OR BELOW: 0 1.00 INCH OR MORE: 0
[HDD (BASE 65) ]
TOTAL THIS MO. 434 CLEAR (SCALE 0-3) 17
DPTR FM NORMAL 2 PTCLDY (SCALE 4-7) 8
TOTAL FM JUL 1 5622 CLOUDY (SCALE 8-10) 5
DPTR FM NORMAL -218
[CDD (BASE 65) ]
TOTAL THIS MO. 17
DPTR FM NORMAL 12 [PRESSURE DATA]
TOTAL FM JAN 1 17 HIGHEST SLP 30.56 ON 1
DPTR FM NORMAL 12 LOWEST SLP 29.37 ON 27
[REMARKS]
#FINAL-04-21#