000
CXUS54 KHUN 010810
CF6HSV
PRELIMINARY LOCAL CLIMATOLOGICAL DATA (WS FORM: F-6)
STATION: HUNTSVILLE
MONTH: MARCH
YEAR: 2023
LATITUDE: 34 39 N
LONGITUDE: 86 46 W
TEMPERATURE IN F: :PCPN: SNOW: WIND :SUNSHINE: SKY :PK WND
================================================================================
1 2 3 4 5 6A 6B 7 8 9 10 11 12 13 14 15 16 17 18
12Z AVG MX 2MIN
DY MAX MIN AVG DEP HDD CDD WTR SNW DPTH SPD SPD DIR MIN PSBL S-S WX SPD DR
================================================================================
1 74 52 63 13 2 0 1.32 0.0 0 7.7 28 240 M M 7 13 52 270
2 65 59 62 11 3 0 1.17 0.0 0 7.9 24 350 M M 10 13 40 350
3 74 57 66 15 0 1 0.26 0.0 0 17.9 49 230 M M 8 13 69 240
4 66 45 56 5 9 0 0.00 0.0 0 7.8 20 20 M M 2 25 10
5 74 41 58 7 7 0 0.00 0.0 0 4.3 15 130 M M 0 18 110
6 79 50 65 13 0 0 0.00 0.0 0 6.1 18 230 M M 5 24 220
7 76 52 64 12 1 0 0.00 0.0 0 9.4 20 10 M M 2 28 10
8 66 46 56 4 9 0 T 0.0 0 7.5 22 120 M M 6 27 100
9 59 52 56 4 9 0 0.12 0.0 0 9.3 20 160 M M 10 26 150
10 61 45 53 0 12 0 0.15 0.0 0 M 18 20 M M 7 18 25 40
11 62 37 50 -3 15 0 0.25 0.0 0 6.1 16 110 M M 6 13 20 120
12 59 42 51 -2 14 0 0.40 0.0 0 8.9 20 340 M M 10 13 25 330
13 53 33 43 -10 22 0 T 0.0 0 9.4 20 30 M M 3 27 20
14 48 29 39 -15 26 0 0.00 0.0 0 8.1 18 20 M M 1 24 340
15 59 29 44 -10 21 0 0.00 0.0 0 4.0 13 30 M M 0 16 40
16 69 36 53 -1 12 0 0.00 0.0 0 10.0 23 180 M M 5 8 31 160
17 63 38 51 -3 14 0 0.29 0.0 0 10.8 25 310 M M 9 1 38 310
18 52 32 42 -13 23 0 0.00 0.0 0 9.5 21 320 M M 3 30 340
19 41 26 34 -21 31 0 0.00 0.0 0 8.9 16 360 M M 2 24 340
20 52 22 37 -18 28 0 0.00 0.0 0 3.4 13 40 M M 3 17 30
21 62 32 47 -9 18 0 T 0.0 0 9.2 18 150 M M 7 25 160
22 61 48 55 -1 10 0 0.31 0.0 0 8.1 16 160 M M 9 1 21 130
23 82 58 70 14 0 5 0.00 0.0 0 8.8 17 210 M M 4 24 220
24 81 61 71 15 0 6 1.25 0.0 0 13.3 33 190 M M 6 1238 53 180
25 78 55 67 10 0 2 0.15 0.0 0 9.0 22 270 M M 3 138 32 260
26 80 53 67 10 0 2 0.01 0.0 0 5.7 M M M M 5 3 M M
27 75 57 66 9 0 1 0.00 0.0 0 7.5 18 350 M M 3 24 350
28 67 45 56 -2 9 0 T 0.0 0 10.3 23 10 M M 4 30 360
29 65 40 53 -5 12 0 0.00 0.0 0 5.5 13 30 M M 1 19 20
30 74 39 57 -1 8 0 0.00 0.0 0 5.2 14 170 M M 2 19 160
31 74 59 67 9 0 2 0.10 0.0 0 15.3 30 190 M M 9 13 38 200
================================================================================
SM 2051 1370 315 19 5.78 0.0 254.9 M 152
================================================================================
AV 66.2 44.2 8.5 FASTST M M 5 MAX(MPH)
MISC ----> 49 230 69 240
================================================================================
NOTES:
# LAST OF SEVERAL OCCURRENCES
COLUMN 17 PEAK WIND IN M.P.H.
PRELIMINARY LOCAL CLIMATOLOGICAL DATA (WS FORM: F-6) , PAGE 2
STATION: HUNTSVILLE
MONTH: MARCH
YEAR: 2023
LATITUDE: 34 39 N
LONGITUDE: 86 46 W
[TEMPERATURE DATA] [PRECIPITATION DATA] SYMBOLS USED IN COLUMN 16
AVERAGE MONTHLY: 55.2 TOTAL FOR MONTH: 5.78 1 = FOG OR MIST
DPTR FM NORMAL: 1.0 DPTR FM NORMAL: 0.39 2 = FOG REDUCING VISIBILITY
HIGHEST: 82 ON 23 GRTST 24HR 2.29 ON 1- 2 TO 1/4 MILE OR LESS
LOWEST: 22 ON 20 3 = THUNDER
SNOW, ICE PELLETS, HAIL 4 = ICE PELLETS
TOTAL MONTH: 0.0 INCH 5 = HAIL
GRTST 24HR 0.0 6 = FREEZING RAIN OR DRIZZLE
GRTST DEPTH: 0 7 = DUSTSTORM OR SANDSTORM:
VSBY 1/2 MILE OR LESS
8 = SMOKE OR HAZE
[NO. OF DAYS WITH] [WEATHER - DAYS WITH] 9 = BLOWING SNOW
X = TORNADO
MAX 32 OR BELOW: 0 0.01 INCH OR MORE: 13
MAX 90 OR ABOVE: 0 0.10 INCH OR MORE: 12
MIN 32 OR BELOW: 6 0.50 INCH OR MORE: 3
MIN 0 OR BELOW: 0 1.00 INCH OR MORE: 3
[HDD (BASE 65) ]
TOTAL THIS MO. 315 CLEAR (SCALE 0-3) 11
DPTR FM NORMAL -34 PTCLDY (SCALE 4-7) 13
TOTAL FM JUL 1 2275 CLOUDY (SCALE 8-10) 7
DPTR FM NORMAL -401
[CDD (BASE 65) ]
TOTAL THIS MO. 19
DPTR FM NORMAL 3 [PRESSURE DATA]
TOTAL FM JAN 1 38 HIGHEST SLP M ON M
DPTR FM NORMAL 19 LOWEST SLP 29.17 ON 3
[REMARKS]
#FINAL-03-23#