000
CXUS53 KAPX 021617
CF6HTL
PRELIMINARY LOCAL CLIMATOLOGICAL DATA (WS FORM: F-6)
STATION: HOUGHTON LAKE MI
MONTH: DECEMBER
YEAR: 2023
LATITUDE: 44 22 N
LONGITUDE: 84 41 W
TEMPERATURE IN F: :PCPN: SNOW: WIND :SUNSHINE: SKY :PK WND
================================================================================
1 2 3 4 5 6A 6B 7 8 9 10 11 12 13 14 15 16 17 18
12Z AVG MX 2MIN
DY MAX MIN AVG DEP HDD CDD WTR SNW DPTH SPD SPD DIR MIN PSBL S-S WX SPD DR
================================================================================
1 33 18 26 -4 39 0 0.06 0.6 T 1.6 5 70 M M 1 1 M M
2 38 24 31 1 34 0 0.06 0.6 2 6.4 14 60 M M M 19 70
3 34 29 32 3 33 0 0.22 2.2 T 7.3 14 60 M M M 1 18 60
4 32 19 26 -3 39 0 0.06 0.6 4 5.3 14 320 M M M 19 290
5 36 22 29 0 36 0 0.00 0.0 4 2.6 10 300 M M M 15 320
6 36 19 28 0 37 0 T T 4 5.0 16 210 M M 10 1 26 200
7 44 30 37 9 28 0 0.01 T 4 4.2 13 220 M M 7 1 18 210
8 47 33 40 12 25 0 0.00 0.0 2 9.0 14 190 M M 4 1 22 160
9 53 37 45 18 20 0 0.04 0.0 0 12.0 30 220 M M 10 1 47 210
10 38 27 33 6 32 0 0.05 0.2 0 10.7 17 320 M M 10 18 30 330
11 29 25 27 0 38 0 0.02 T T 8.9 20 230 M M 10 30 240
12 35 28 32 6 33 0 T T 0 15.3 24 280 M M M 36 280
13 34 20 27 1 38 0 0.00 0.0 0 7.9 18 270 M M M 27 280
14 46 23 35 9 30 0 0.00 0.0 0 7.9 15 250 M M 0 23 260
15 49 34 42 16 23 0 0.00 0.0 0 5.4 10 250 M M M 17 260
16 47 35 41 16 24 0 0.00 0.0 0 8.0 15 130 M M M 23 130
17 43 36 40 15 25 0 0.01 0.0 0 7.4 13 260 M M M 20 260
18 36 24 30 5 35 0 0.05 0.2 T 16.1 29 330 M M 10 1 43 320
19 30 22 26 1 39 0 T 0.0 T 10.4 25 320 M M 7 33 310
20 38 26 32 8 33 0 0.00 0.0 T 4.6 12 220 M M 2 19 220
21 37 24 31 7 34 0 0.00 0.0 T 8.9 15 80 M M M 22 100
22 34 31 33 9 32 0 0.02 0.0 0 5.9 12 120 M M M 1 17 120
23 40 34 37 13 28 0 0.04 0.0 0 2.3 6 160 M M M 1 8 150
24 43 37 40 17 25 0 0.00 0.0 0 4.9 9 110 M M M 1 15 110
25 50 43 47 24 18 0 0.00 0.0 0 7.1 13 130 M M M 1 19 150
26 50 44 47 24 18 0 0.16 0.0 0 6.4 13 100 M M M 12 19 110
27 45 36 41 18 24 0 0.33 0.0 0 7.2 14 350 M M M 1 19 340
28 41 37 39 17 26 0 0.11 0.0 0 8.6 15 50 M M M 1 24 50
29 40 28 34 12 31 0 0.01 0.0 0 5.9 12 350 M M M 17 310
30 34 23 29 7 36 0 T T 0 4.1 9 330 M M M 13 320
31 32 26 29 7 36 0 T T T 7.5 15 40 M M M 22 20
================================================================================
SM 1224 894 949 0 1.25 4.4 224.8 M 71
================================================================================
AV 39.5 28.8 7.3 FASTST M M 6 MAX(MPH)
MISC ----> 30 220 47 210
================================================================================
NOTES:
# LAST OF SEVERAL OCCURRENCES
COLUMN 17 PEAK WIND IN M.P.H.
PRELIMINARY LOCAL CLIMATOLOGICAL DATA (WS FORM: F-6) , PAGE 2
STATION: HOUGHTON LAKE MI
MONTH: DECEMBER
YEAR: 2023
LATITUDE: 44 22 N
LONGITUDE: 84 41 W
[TEMPERATURE DATA] [PRECIPITATION DATA] SYMBOLS USED IN COLUMN 16
AVERAGE MONTHLY: 34.2 TOTAL FOR MONTH: 1.25 1 = FOG OR MIST
DPTR FM NORMAL: 8.6 DPTR FM NORMAL: -0.51 2 = FOG REDUCING VISIBILITY
HIGHEST: 53 ON 9 GRTST 24HR 0.33 ON 27-27 TO 1/4 MILE OR LESS
LOWEST: 18 ON 1 3 = THUNDER
SNOW, ICE PELLETS, HAIL 4 = ICE PELLETS
TOTAL MONTH: 4.4 INCHES 5 = HAIL
GRTST 24HR 2.2 ON 3- 3 6 = FREEZING RAIN OR DRIZZLE
GRTST DEPTH: 4 ON 7, 6 7 = DUSTSTORM OR SANDSTORM:
VSBY 1/2 MILE OR LESS
8 = SMOKE OR HAZE
[NO. OF DAYS WITH] [WEATHER - DAYS WITH] 9 = BLOWING SNOW
X = TORNADO
MAX 32 OR BELOW: 4 0.01 INCH OR MORE: 16
MAX 90 OR ABOVE: 0 0.10 INCH OR MORE: 4
MIN 32 OR BELOW: 20 0.50 INCH OR MORE: 0
MIN 0 OR BELOW: 0 1.00 INCH OR MORE: 0
[HDD (BASE 65) ]
TOTAL THIS MO. 949 CLEAR (SCALE 0-3) 3
DPTR FM NORMAL -274 PTCLDY (SCALE 4-7) 3
TOTAL FM JUL 1 2607 CLOUDY (SCALE 8-10) 25
DPTR FM NORMAL -401
[CDD (BASE 65) ]
TOTAL THIS MO. 0
DPTR FM NORMAL 0 [PRESSURE DATA]
TOTAL FM JAN 1 276 HIGHEST SLP M ON M
DPTR FM NORMAL -61 LOWEST SLP 29.52 ON 18
[REMARKS]
#FINAL-12-23#