000
CXUS51 KRLX 021210
CF6HTS
PRELIMINARY LOCAL CLIMATOLOGICAL DATA (WS FORM: F-6)
STATION: HUNTINGTON WV
MONTH: SEPTEMBER
YEAR: 2020
LATITUDE: 38 22 N
LONGITUDE: 82 33 W
TEMPERATURE IN F: :PCPN: SNOW: WIND :SUNSHINE: SKY :PK WND
================================================================================
1 2 3 4 5 6A 6B 7 8 9 10 11 12 13 14 15 16 17 18
12Z AVG MX 2MIN
DY MAX MIN AVG DEP HDD CDD WTR SNW DPTH SPD SPD DIR MIN PSBL S-S WX SPD DR
================================================================================
1 87 69 78 5 0 13 0.13 0.0 0 2.9 9 220 M M 5 3 13 230
2 86 74 80 8 0 15 0.02 0.0 0 5.7 16 240 M M 5 23 250
3 83 73 78 6 0 13 0.32 0.0 0 6.6 20 220 M M 7 138 32 230
4 81 60 71 -1 0 6 0.01 0.0 0 4.7 15 340 M M 4 8 19 320
5 81 56 69 -3 0 4 0.00 0.0 0 1.5 8 200 M M 0 11 190
6 84 56 70 -1 0 5 0.00 0.0 0 2.8 10 250 M M 1 13 260
7 84 62 73 2 0 8 0.00 0.0 0 5.6 14 190 M M 0 18 190
8 87 61 74 3 0 9 0.00 0.0 0 2.9 9 70 M M 0 12 70
9 88 62 75 5 0 10 0.00 0.0 0 3.6 10 90 M M 1 14 90
10 87 68 78 8 0 13 0.00 0.0 0 2.6 9 360 M M 5 1 14 300
11 80 66 73 3 0 8 0.00 0.0 0 6.5 13 10 M M 5 17 10
12 83 65 74 5 0 9 0.14 0.0 0 4.4 12 170 M M 6 1 16 170
13 74 68 71 2 0 6 1.67 0.0 0 1.6 8 350 M M 7 123 10 340
14 77 60 69 1 0 4 0.00 0.0 0 5.4 14 60 M M 4 20 20
15 73 53 63 -5 2 0 0.00 0.0 0 4.6 9 360 M M 0 12 50
16 79 53 66 -2 0 1 0.00 0.0 0 1.9 8 190 M M 2 1 11 160
17 75 62 69 2 0 4 0.00 0.0 0 4.6 13 10 M M 5 128 18 40
18 68 53 61 -6 4 0 0.00 0.0 0 7.7 14 30 M M 6 18 30
19 69 46 58 -8 7 0 0.00 0.0 0 6.1 12 70 M M 0 18 40
20 70 44 57 -9 8 0 0.00 0.0 0 4.9 15 40 M M 0 18 90
21 71 44 58 -8 7 0 0.00 0.0 0 3.3 9 70 M M 0 16 80
22 72 43 58 -7 7 0 0.00 0.0 0 3.0 10 340 M M 0 1 15 340
23 72 47 60 -5 5 0 0.00 0.0 0 1.8 7 200 M M 0 1 12 150
24 76 57 67 3 0 2 0.00 0.0 0 2.8 8 110 M M 2 18 12 130
25 77 59 68 4 0 3 0.00 0.0 0 3.0 7 100 M M 5 11 120
26 79 62 71 7 0 6 0.00 0.0 0 3.1 10 200 M M 6 13 170
27 80 61 71 8 0 6 0.03 0.0 0 4.6 10 210 M M 6 1 15 190
28 82 55 69 6 0 4 0.78 0.0 0 7.9 23 310 M M 7 1 35 310
29 61 51 56 -6 9 0 0.04 0.0 0 3.6 8 250 M M 9 12 240
30 71 47 59 -3 6 0 0.00 0.0 0 9.7 18 200 M M 1 29 230
================================================================================
SM 2337 1737 55 149 3.14 0.0 129.4 M 99
================================================================================
AV 77.9 57.9 4.3 FASTST M M 3 MAX(MPH)
MISC ----> 23 310 35 310
================================================================================
NOTES:
# LAST OF SEVERAL OCCURRENCES
COLUMN 17 PEAK WIND IN M.P.H.
PRELIMINARY LOCAL CLIMATOLOGICAL DATA (WS FORM: F-6) , PAGE 2
STATION: HUNTINGTON WV
MONTH: SEPTEMBER
YEAR: 2020
LATITUDE: 38 22 N
LONGITUDE: 82 33 W
[TEMPERATURE DATA] [PRECIPITATION DATA] SYMBOLS USED IN COLUMN 16
AVERAGE MONTHLY: 67.9 TOTAL FOR MONTH: 3.14 1 = FOG OR MIST
DPTR FM NORMAL: 0.3 DPTR FM NORMAL: 0.36 2 = FOG REDUCING VISIBILITY
HIGHEST: 88 ON 9 GRTST 24HR 1.79 ON 12-13 TO 1/4 MILE OR LESS
LOWEST: 43 ON 22 3 = THUNDER
SNOW, ICE PELLETS, HAIL 4 = ICE PELLETS
TOTAL MONTH: 0.0 INCH 5 = HAIL
GRTST 24HR 0.0 6 = FREEZING RAIN OR DRIZZLE
GRTST DEPTH: 0 7 = DUSTSTORM OR SANDSTORM:
VSBY 1/2 MILE OR LESS
8 = SMOKE OR HAZE
[NO. OF DAYS WITH] [WEATHER - DAYS WITH] 9 = BLOWING SNOW
X = TORNADO
MAX 32 OR BELOW: 0 0.01 INCH OR MORE: 9
MAX 90 OR ABOVE: 0 0.10 INCH OR MORE: 5
MIN 32 OR BELOW: 0 0.50 INCH OR MORE: 2
MIN 0 OR BELOW: 0 1.00 INCH OR MORE: 1
[HDD (BASE 65) ]
TOTAL THIS MO. 55 CLEAR (SCALE 0-3) 14
DPTR FM NORMAL -1 PTCLDY (SCALE 4-7) 15
TOTAL FM JUL 1 55 CLOUDY (SCALE 8-10) 1
DPTR FM NORMAL -2
[CDD (BASE 65) ]
TOTAL THIS MO. 149
DPTR FM NORMAL 15 [PRESSURE DATA]
TOTAL FM JAN 1 1310 HIGHEST SLP 30.48 ON 21
DPTR FM NORMAL 199 LOWEST SLP 29.68 ON 28
[REMARKS]
#FINAL-09-20#