000
CXUS51 KRLX 012353
CF6HTS
PRELIMINARY LOCAL CLIMATOLOGICAL DATA (WS FORM: F-6)
STATION: HUNTINGTON WV
MONTH: MAY
YEAR: 2020
LATITUDE: 38 22 N
LONGITUDE: 82 33 W
TEMPERATURE IN F: :PCPN: SNOW: WIND :SUNSHINE: SKY :PK WND
================================================================================
1 2 3 4 5 6A 6B 7 8 9 10 11 12 13 14 15 16 17 18
12Z AVG MX 2MIN
DY MAX MIN AVG DEP HDD CDD WTR SNW DPTH SPD SPD DIR MIN PSBL S-S WX SPD DR
================================================================================
1 57 45 51 -9 14 0 0.02 0.0 0 5.3 14 310 M M 8 1 20 290
2 83 41 62 1 3 0 0.00 0.0 0 5.5 17 200 M M 2 25 210
3 83 61 72 11 0 7 0.70 0.0 0 6.2 16 330 M M 7 13 25 240
4 73 49 61 0 4 0 0.00 0.0 0 5.9 15 10 M M 1 21 350
5 58 45 52 -9 13 0 0.39 0.0 0 7.6 16 40 M M 9 1 23 50
6 56 38 47 -15 18 0 0.01 0.0 0 5.6 14 330 M M 7 1 19 340
7 67 32 50 -12 15 0 0.00 0.0 0 6.4 17 250 M M 3 1 25 230
8 53 39 46 -16 19 0 0.55 0.0 0 5.8 21 280 M M 8 12 29 270
9 54 32 43 -19 22 0 T 0.0 0 7.1 18 320 M M 2 1 27 300
10 67 33 50 -12 15 0 0.01 0.0 0 7.2 26 260 M M 3 45 270
11 49 41 45 -18 20 0 T 0.0 0 7.2 17 290 M M 9 26 310
12 62 39 51 -12 14 0 0.00 0.0 0 3.6 13 250 M M 5 19 260
13 61 37 49 -14 16 0 0.01 0.0 0 3.4 9 190 M M 8 13 160
14 82 53 68 5 0 3 T 0.0 0 5.0 15 230 M M 7 3 23 240
15 81 59 70 6 0 5 0.06 0.0 0 6.9 16 220 M M 5 1 24 230
16 82 63 73 9 0 8 0.52 0.0 0 3.5 17 360 M M 7 13 23 10
17 86 60 73 9 0 8 0.00 0.0 0 3.4 10 190 M M 2 12 17 160
18 76 65 71 7 0 6 0.10 0.0 0 4.7 10 250 M M 9 13 17 250
19 65 54 60 -5 5 0 0.55 0.0 0 8.6 16 80 M M 10 1 21 90
20 58 49 54 -11 11 0 1.78 0.0 0 8.6 15 50 M M 10 1 23 60
21 66 53 60 -5 5 0 0.18 0.0 0 5.9 13 120 M M 10 12 19 90
22 75 56 66 1 0 1 0.18 0.0 0 2.9 14 330 M M 9 123 20 330
23 82 59 71 5 0 6 0.00 0.0 0 1.8 8 180 M M 7 128 12 120
24 88 64 76 10 0 11 0.00 0.0 0 2.9 12 250 M M 2 15 240
25 90 62 76 10 0 11 0.00 0.0 0 2.7 9 130 M M 1 12 130
26 85 65 75 9 0 10 0.00 0.0 0 5.7 12 120 M M 1 15 130
27 83 67 75 8 0 10 0.01 0.0 0 5.3 12 120 M M 4 16 110
28 87 66 77 10 0 12 0.10 0.0 0 4.9 16 250 M M 6 18 26 240
29 80 66 73 6 0 8 0.31 0.0 0 6.0 16 210 M M 5 13 23 210
30 78 58 68 0 0 3 0.00 0.0 0 3.9 15 320 M M 6 128 21 320
31 74 53 64 -4 1 0 0.00 0.0 0 6.0 15 350 M M 2 21 340
================================================================================
SM 2241 1604 195 109 5.48 0.0 165.5 M 175
================================================================================
AV 72.3 51.7 5.3 FASTST M M 6 MAX(MPH)
MISC ----> 26 260 45 270
================================================================================
NOTES:
# LAST OF SEVERAL OCCURRENCES
COLUMN 17 PEAK WIND IN M.P.H.
PRELIMINARY LOCAL CLIMATOLOGICAL DATA (WS FORM: F-6) , PAGE 2
STATION: HUNTINGTON WV
MONTH: MAY
YEAR: 2020
LATITUDE: 38 22 N
LONGITUDE: 82 33 W
[TEMPERATURE DATA] [PRECIPITATION DATA] SYMBOLS USED IN COLUMN 16
AVERAGE MONTHLY: 62.0 TOTAL FOR MONTH: 5.48 1 = FOG OR MIST
DPTR FM NORMAL: -2.0 DPTR FM NORMAL: 0.78 2 = FOG REDUCING VISIBILITY
HIGHEST: 90 ON 25 GRTST 24HR 1.78 ON 20-20 TO 1/4 MILE OR LESS
LOWEST: 32 ON 9, 7 3 = THUNDER
SNOW, ICE PELLETS, HAIL 4 = ICE PELLETS
TOTAL MONTH: 0.0 INCH 5 = HAIL
GRTST 24HR 0.0 6 = FREEZING RAIN OR DRIZZLE
GRTST DEPTH: 0 7 = DUSTSTORM OR SANDSTORM:
VSBY 1/2 MILE OR LESS
8 = SMOKE OR HAZE
[NO. OF DAYS WITH] [WEATHER - DAYS WITH] 9 = BLOWING SNOW
X = TORNADO
MAX 32 OR BELOW: 0 0.01 INCH OR MORE: 17
MAX 90 OR ABOVE: 1 0.10 INCH OR MORE: 11
MIN 32 OR BELOW: 2 0.50 INCH OR MORE: 5
MIN 0 OR BELOW: 0 1.00 INCH OR MORE: 1
[HDD (BASE 65) ]
TOTAL THIS MO. 195 CLEAR (SCALE 0-3) 10
DPTR FM NORMAL 83 PTCLDY (SCALE 4-7) 14
TOTAL FM JUL 1 4020 CLOUDY (SCALE 8-10) 7
DPTR FM NORMAL -481
[CDD (BASE 65) ]
TOTAL THIS MO. 109
DPTR FM NORMAL 28 [PRESSURE DATA]
TOTAL FM JAN 1 134 HIGHEST SLP 30.35 ON 13
DPTR FM NORMAL 21 LOWEST SLP 29.72 ON 5
[REMARKS]
#FINAL-05-20#