000
CXUS53 KIND 010600
CF6HUF
PRELIMINARY LOCAL CLIMATOLOGICAL DATA (WS FORM: F-6)
STATION: TERRE HAUTE IN
MONTH: APRIL
YEAR: 2020
LATITUDE: 39 27 N
LONGITUDE: 87 18 W
TEMPERATURE IN F: :PCPN: SNOW: WIND :SUNSHINE: SKY :PK WND
================================================================================
1 2 3 4 5 6A 6B 7 8 9 10 11 12 13 14 15 16 17 18
12Z AVG MX 2MIN
DY MAX MIN AVG DEP HDD CDD WTR SNW DPTH SPD SPD DIR MIN PSBL S-S WX SPD DR
================================================================================
1 56 37 47 -2 18 0 0.00 M M 5.0 10 360 M M 7 15 350
2 65 34 50 1 15 0 0.00 M M 1.6 8 80 M M 0 10 80
3 71 45 58 9 7 0 0.00 M M 3.2 12 90 M M 6 17 150
4 54 43 49 -1 16 0 0.16 M M 7.4 13 310 M M 8 1 20 300
5 57 42 50 0 15 0 T M M 4.0 10 20 M M 10 14 360
6 71 43 57 7 8 0 0.00 M M 3.8 13 250 M M 9 1 17 230
7 81 61 71 20 0 6 0.00 M M 10.0 17 220 M M 5 28 230
8 82 62 72 21 0 7 0.00 M M 7.5 16 210 M M 2 13 24 240
9 M M M M M M M M M M M M M M 7 M M
10 54 32 43 -9 22 0 0.00 M M 9.2 18 240 M M 0 27 260
11 63 42 53 1 12 0 0.10 M M 10.7 23 190 M M 6 35 160
12 61 49 55 3 10 0 0.02 M M 9.5 22 170 M M 10 1 29 170
13 55 38 47 -5 18 0 T M M 13.8 30 300 M M 6 1 47 310
14 48 30 39 -14 26 0 0.00 M M 6.5 22 260 M M 2 32 300
15 47 27 37 -16 28 0 T M M 9.9 24 240 M M 3 34 250
16 48 24 36 -17 29 0 0.16 M M 4.2 18 60 M M 5 1 25 60
17 50 38 44 -10 21 0 0.26 M M 10.3 18 310 M M 10 1 28 330
18 56 30 43 -11 22 0 0.00 M M 7.5 17 220 M M 1 1 25 220
19 62 39 51 -3 14 0 0.00 M M 5.9 14 160 M M 3 20 160
20 67 35 51 -4 14 0 T M M 6.7 25 250 M M 3 37 240
21 59 40 50 -5 15 0 0.00 M M 11.6 24 300 M M 1 34 300
22 74 33 54 -1 11 0 0.00 M M 9.3 21 200 M M 0 29 210
23 60 51 56 0 9 0 0.46 M M 7.7 14 60 M M 8 1 17 70
24 70 49 60 4 5 0 0.00 M M 4.2 10 50 M M 7 12 15 360
25 66 48 57 1 8 0 0.04 M M 9.3 23 30 M M 6 1 32 60
26 63 41 52 -5 13 0 0.26 M M 12.2 23 320 M M 5 1 33 360
27 69 33 51 -6 14 0 0.01 M M 8.0 22 180 M M 2 28 180
28 77 56 67 10 0 2 0.03 M M 12.4 25 180 M M 5 34 200
29 61 48 55 -3 10 0 0.39 M M 10.3 24 260 M M 9 1 36 260
30 53 41 47 -11 18 0 0.05 M M 8.9 24 320 M M 9 1 35 300
================================================================================
SM 1800 1191 398 15 1.94 M 230.6 M 155
================================================================================
AV 62.1 41.1 8.0 FASTST M M 5 MAX(MPH)
MISC ----> 30 300 47 310
================================================================================
NOTES:
# LAST OF SEVERAL OCCURRENCES
COLUMN 17 PEAK WIND IN M.P.H.
PRELIMINARY LOCAL CLIMATOLOGICAL DATA (WS FORM: F-6) , PAGE 2
STATION: TERRE HAUTE IN
MONTH: APRIL
YEAR: 2020
LATITUDE: 39 27 N
LONGITUDE: 87 18 W
[TEMPERATURE DATA] [PRECIPITATION DATA] SYMBOLS USED IN COLUMN 16
AVERAGE MONTHLY: 51.6 TOTAL FOR MONTH: 1.94 1 = FOG OR MIST
DPTR FM NORMAL: -1.7 DPTR FM NORMAL: -2.21 2 = FOG REDUCING VISIBILITY
HIGHEST: 82 ON 8 GRTST 24HR 0.46 ON 23-23 TO 1/4 MILE OR LESS
LOWEST: 24 ON 16 3 = THUNDER
SNOW, ICE PELLETS, HAIL 4 = ICE PELLETS
TOTAL MONTH: M 5 = HAIL
GRTST 24HR M ON M 6 = FREEZING RAIN OR DRIZZLE
GRTST DEPTH: M ON M 7 = DUSTSTORM OR SANDSTORM:
VSBY 1/2 MILE OR LESS
8 = SMOKE OR HAZE
[NO. OF DAYS WITH] [WEATHER - DAYS WITH] 9 = BLOWING SNOW
X = TORNADO
MAX 32 OR BELOW: 0 0.01 INCH OR MORE: 12
MAX 90 OR ABOVE: 0 0.10 INCH OR MORE: 7
MIN 32 OR BELOW: 5 0.50 INCH OR MORE: 0
MIN 0 OR BELOW: 0 1.00 INCH OR MORE: 0
[HDD (BASE 65) ]
TOTAL THIS MO. 398 CLEAR (SCALE 0-3) 10
DPTR FM NORMAL 32 PTCLDY (SCALE 4-7) 14
TOTAL FM JUL 1 4748 CLOUDY (SCALE 8-10) 6
DPTR FM NORMAL -472
[CDD (BASE 65) ]
TOTAL THIS MO. 15
DPTR FM NORMAL 1 [PRESSURE DATA]
TOTAL FM JAN 1 17 HIGHEST SLP M ON M
DPTR FM NORMAL 2 LOWEST SLP 29.39 ON 13
[REMARKS]
#FINAL-04-20#