000
CXUS51 KCAR 010600
CF6HUL
PRELIMINARY LOCAL CLIMATOLOGICAL DATA (WS FORM: F-6)
STATION: HOULTON ME
MONTH: APRIL
YEAR: 2021
LATITUDE: 46 7 N
LONGITUDE: 67 48 W
TEMPERATURE IN F: :PCPN: SNOW: WIND :SUNSHINE: SKY :PK WND
================================================================================
1 2 3 4 5 6A 6B 7 8 9 10 11 12 13 14 15 16 17 18
12Z AVG MX 2MIN
DY MAX MIN AVG DEP HDD CDD WTR SNW DPTH SPD SPD DIR MIN PSBL S-S WX SPD DR
================================================================================
1 50 27 39 7 26 0 0.88 M M 11.0 22 340 M M 10 1 32 310
2 36 22 29 -4 36 0 0.00 M M 8.5 17 330 M M 9 26 330
3 41 18 30 -3 35 0 0.00 M M 4.5 16 330 M M 1 22 340
4 39 18 29 -5 36 0 0.09 M M 14.1 25 360 M M 4 12 34 10
5 48 33 41 7 24 0 0.04 M M 13.1 22 360 M M 10 1 29 350
6 55 39 47 12 18 0 T M M 9.5 16 10 M M 8 20 20
7 61 44 53 18 12 0 0.00 M M 9.9 18 20 M M 10 23 20
8 61 32 47 11 18 0 0.00 M M 5.5 14 60 M M 7 17 90
9 69 30 50 14 15 0 0.00 M M 1.5 10 30 M M 7 12 12 30
10 61 36 49 13 16 0 0.00 M M 5.4 16 90 M M 7 24 90
11 57 25 41 4 24 0 0.00 M M 8.9 22 30 M M 4 27 20
12 56 40 48 10 17 0 T M M 13.2 24 30 M M 10 32 50
13 55 28 42 4 23 0 0.00 M M 10.1 20 30 M M 7 23 20
14 61 22 42 4 23 0 0.00 M M 5.1 15 10 M M 0 21 30
15 62 27 45 6 20 0 0.00 M M 4.8 14 100 M M 0 21 90
16 51 31 41 2 24 0 0.00 M M 12.5 23 60 M M 6 32 70
17 44 32 38 -2 27 0 0.11 M M 12.1 22 40 M M 10 1 30 30
18 49 29 39 -1 26 0 T M M 8.4 18 10 M M 9 1 23 20
19 63 25 44 3 21 0 0.00 M M 4.0 16 340 M M 4 23 340
20 65 29 47 6 18 0 T M M 4.4 23 230 M M 4 32 260
21 42 32 37 -5 28 0 0.22 M M 4.6 14 360 M M 8 1 17 340
22 37 29 33 -9 32 0 0.08 M M 15.0 25 260 M M 10 12 39 250
23 51 28 40 -3 25 0 T M M 13.4 25 290 M M 7 1 38 310
24 66 30 48 5 17 0 0.00 M M 8.3 21 320 M M 0 30 280
25 67 31 49 5 16 0 T M M 5.0 16 180 M M 8 24 200
26 44 34 39 -5 26 0 0.04 M M 10.1 22 290 M M 10 1 32 300
27 57 32 45 1 20 0 0.00 M M 11.1 23 350 M M 7 32 360
28 68 29 49 4 16 0 0.00 M M 4.6 17 320 M M 1 23 310
29 70 32 51 6 14 0 0.00 M M 4.4 12 70 M M 1 15 20
30 54 37 46 0 19 0 1.31 M M 11.5 23 10 M M 10 1 28 10
================================================================================
SM 1640 901 672 0 2.77 M 254.5 M 189
================================================================================
AV 54.7 30.0 8.5 FASTST M M 6 MAX(MPH)
MISC ----> # 25 360 39 250
================================================================================
NOTES:
# LAST OF SEVERAL OCCURRENCES
COLUMN 17 PEAK WIND IN M.P.H.
PRELIMINARY LOCAL CLIMATOLOGICAL DATA (WS FORM: F-6) , PAGE 2
STATION: HOULTON ME
MONTH: APRIL
YEAR: 2021
LATITUDE: 46 7 N
LONGITUDE: 67 48 W
[TEMPERATURE DATA] [PRECIPITATION DATA] SYMBOLS USED IN COLUMN 16
AVERAGE MONTHLY: 42.4 TOTAL FOR MONTH: 2.77 1 = FOG OR MIST
DPTR FM NORMAL: 3.3 DPTR FM NORMAL: -1.11 2 = FOG REDUCING VISIBILITY
HIGHEST: 70 ON 29 GRTST 24HR 1.31 ON 30-30 TO 1/4 MILE OR LESS
LOWEST: 18 ON 4, 3 3 = THUNDER
SNOW, ICE PELLETS, HAIL 4 = ICE PELLETS
TOTAL MONTH: M 5 = HAIL
GRTST 24HR M ON M 6 = FREEZING RAIN OR DRIZZLE
GRTST DEPTH: M ON M 7 = DUSTSTORM OR SANDSTORM:
VSBY 1/2 MILE OR LESS
8 = SMOKE OR HAZE
[NO. OF DAYS WITH] [WEATHER - DAYS WITH] 9 = BLOWING SNOW
X = TORNADO
MAX 32 OR BELOW: 0 0.01 INCH OR MORE: 8
MAX 90 OR ABOVE: 0 0.10 INCH OR MORE: 4
MIN 32 OR BELOW: 23 0.50 INCH OR MORE: 2
MIN 0 OR BELOW: 0 1.00 INCH OR MORE: 1
[HDD (BASE 65) ]
TOTAL THIS MO. 672 CLEAR (SCALE 0-3) 6
DPTR FM NORMAL -105 PTCLDY (SCALE 4-7) 12
TOTAL FM JUL 1 7503 CLOUDY (SCALE 8-10) 12
DPTR FM NORMAL -1070
[CDD (BASE 65) ]
TOTAL THIS MO. 0
DPTR FM NORMAL 0 [PRESSURE DATA]
TOTAL FM JAN 1 0 HIGHEST SLP M ON M
DPTR FM NORMAL 0 LOWEST SLP 29.15 ON 30
[REMARKS]
#FINAL-04-21#