353
CXUS56 KTFX 011110
CF6HVR
PRELIMINARY LOCAL CLIMATOLOGICAL DATA (WS FORM: F-6)
STATION: HAVRE MT
MONTH: SEPTEMBER
YEAR: 2020
LATITUDE: 48 32 N
LONGITUDE: 109 46 W
TEMPERATURE IN F: :PCPN: SNOW: WIND :SUNSHINE: SKY :PK WND
================================================================================
1 2 3 4 5 6A 6B 7 8 9 10 11 12 13 14 15 16 17 18
12Z AVG MX 2MIN
DY MAX MIN AVG DEP HDD CDD WTR SNW DPTH SPD SPD DIR MIN PSBL S-S WX SPD DR
================================================================================
1 83 54 69 7 0 4 0.00 0.0 0 15.5 28 210 M M 3 37 230
2 86 53 70 8 0 5 T 0.0 0 17.4 40 260 M M 5 53 290
3 81 41 61 -1 4 0 0.00 0.0 0 4.6 18 310 M M 2 26 290
4 86 52 69 8 0 4 0.00 0.0 0 6.1 14 110 M M 2 18 120
5 97 48 73 12 0 8 0.00 0.0 0 6.9 28 270 M M 0 36 270
6 71 47 59 -1 6 0 0.44 0.0 0 9.3 21 50 M M 2 1 33 60
7 54 36 45 -15 20 0 0.43 0.0 0 10.6 26 50 M M 8 1 36 50
8 57 33 45 -14 20 0 0.00 0.0 0 11.0 21 220 M M 5 28 200
9 75 41 58 -1 7 0 0.00 0.0 0 6.4 15 230 M M 1 19 230
10 80 41 61 2 4 0 0.00 0.0 0 3.2 16 160 M M 0 20 160
11 86 40 63 5 2 0 0.00 0.0 0 4.5 14 200 M M 0 16 200
12 81 46 64 6 1 0 0.00 0.0 0 9.1 22 70 M M 0 31 70
13 71 44 58 1 7 0 0.00 0.0 0 10.7 23 60 M M 2 28 60
14 62 41 52 -5 13 0 0.00 0.0 0 4.2 12 290 M M 5 14 310
15 70 40 55 -2 10 0 0.00 0.0 0 7.3 20 40 M M 4 8 27 40
16 68 42 55 -1 10 0 0.00 0.0 0 4.3 10 60 M M 0 12 60
17 75 41 58 2 7 0 0.00 0.0 0 9.3 20 70 M M 0 24 60
18 80 43 62 7 3 0 0.00 0.0 0 10.4 22 80 M M 0 30 90
19 73 44 59 4 6 0 0.10 0.0 0 9.5 28 210 M M 3 18 35 210
20 70 53 62 7 3 0 0.64 0.0 0 16.4 30 220 M M 7 1 41 220
21 74 44 59 5 6 0 0.00 0.0 0 7.1 17 230 M M 0 24 220
22 75 44 60 6 5 0 0.00 0.0 0 5.8 25 310 M M 1 30 320
23 77 43 60 6 5 0 0.00 0.0 0 6.4 15 230 M M 0 24 230
24 72 48 60 7 5 0 T 0.0 0 15.4 38 250 M M 1 51 260
25 66 41 54 1 11 0 T 0.0 0 15.9 30 220 M M 2 39 240
26 64 45 55 3 10 0 0.01 0.0 0 18.6 37 310 M M 5 49 310
27 63 35 49 -3 16 0 0.00 0.0 0 10.5 22 310 M M 3 30 320
28 76 34 55 3 10 0 0.00 0.0 0 13.8 28 220 M M 0 34 220
29 80 49 65 14 0 0 0.00 0.0 0 13.6 23 20 M M 0 32 20
30 62 35 49 -2 16 0 0.00 0.0 0 7.7 20 300 M M 6 28 330
================================================================================
SM 2215 1298 207 21 1.62 0.0 291.5 M 67
================================================================================
AV 73.8 43.3 9.7 FASTST M M 2 MAX(MPH)
MISC ----> 40 260 53 290
================================================================================
NOTES:
# LAST OF SEVERAL OCCURRENCES
COLUMN 17 PEAK WIND IN M.P.H.
PRELIMINARY LOCAL CLIMATOLOGICAL DATA (WS FORM: F-6) , PAGE 2
STATION: HAVRE MT
MONTH: SEPTEMBER
YEAR: 2020
LATITUDE: 48 32 N
LONGITUDE: 109 46 W
[TEMPERATURE DATA] [PRECIPITATION DATA] SYMBOLS USED IN COLUMN 16
AVERAGE MONTHLY: 58.6 TOTAL FOR MONTH: 1.62 1 = FOG OR MIST
DPTR FM NORMAL: 2.1 DPTR FM NORMAL: 0.50 2 = FOG REDUCING VISIBILITY
HIGHEST: 97 ON 5 GRTST 24HR 0.87 ON 6- 7 TO 1/4 MILE OR LESS
LOWEST: 33 ON 8 3 = THUNDER
SNOW, ICE PELLETS, HAIL 4 = ICE PELLETS
TOTAL MONTH: 0.0 INCH 5 = HAIL
GRTST 24HR 0.0 6 = FREEZING RAIN OR DRIZZLE
GRTST DEPTH: 0 7 = DUSTSTORM OR SANDSTORM:
VSBY 1/2 MILE OR LESS
8 = SMOKE OR HAZE
[NO. OF DAYS WITH] [WEATHER - DAYS WITH] 9 = BLOWING SNOW
X = TORNADO
MAX 32 OR BELOW: 0 0.01 INCH OR MORE: 5
MAX 90 OR ABOVE: 1 0.10 INCH OR MORE: 4
MIN 32 OR BELOW: 0 0.50 INCH OR MORE: 1
MIN 0 OR BELOW: 0 1.00 INCH OR MORE: 0
[HDD (BASE 65) ]
TOTAL THIS MO. 207 CLEAR (SCALE 0-3) 21
DPTR FM NORMAL -67 PTCLDY (SCALE 4-7) 8
TOTAL FM JUL 1 247 CLOUDY (SCALE 8-10) 1
DPTR FM NORMAL -111
[CDD (BASE 65) ]
TOTAL THIS MO. 21
DPTR FM NORMAL 2 [PRESSURE DATA]
TOTAL FM JAN 1 431 HIGHEST SLP 30.61 ON 7
DPTR FM NORMAL 45 LOWEST SLP 29.56 ON 26
[REMARKS]
#FINAL-09-20#