000
CXUS54 KEWX 151516
CF6HYI
PRELIMINARY LOCAL CLIMATOLOGICAL DATA (WS FORM: F-6)
STATION: SAN MARCOS
MONTH: OCTOBER
YEAR: 2023
LATITUDE: 29 53 N
LONGITUDE: 97 52 W
TEMPERATURE IN F: :PCPN: SNOW: WIND :SUNSHINE: SKY :PK WND
================================================================================
1 2 3 4 5 6A 6B 7 8 9 10 11 12 13 14 15 16 17 18
12Z AVG MX 2MIN
DY MAX MIN AVG DEP HDD CDD WTR SNW DPTH SPD SPD DIR MIN PSBL S-S WX SPD DR
================================================================================
1 96 67 82 M 0 17 0.00 M M 7.7 15 100 M M 4 24 120
2 95 69 82 M 0 17 0.00 M M 7.9 15 100 M M 3 20 100
3 96 67 82 M 0 17 0.00 M M 6.5 15 90 M M 3 M M
4 99 75 87 M 0 22 0.00 M M 8.8 20 150 M M 4 17 160
5 81 68 75 M 0 10 1.20 M M 6.7 25 330 M M 7 13 36 340
6 86 67 77 M 0 12 0.00 M M 9.3 17 40 M M 0 21 40
7 77 58 68 M 0 3 0.00 M M 12.2 22 20 M M 0 31 20
8 80 51 66 M 0 1 T M M 4.3 7 190 M M 0 M M
9 84 53 69 M 0 4 0.00 M M 5.9 17 210 M M 1 24 210
10 78 63 71 M 0 6 T M M 4.9 14 150 M M 5 M M
11 73 65 69 M 0 4 0.01 M M 5.1 12 130 M M 8 1 M M
12 87 65 76 M 0 11 0.00 M M 10.4 17 150 M M 8 18 24 150
13 92 72 82 M 0 17 0.00 M M 7.0 15 40 M M 8 1 M M
14 79 58 69 M 0 4 0.00 M M 11.3 20 20 M M 2 22 20
15 76 52 64 M 1 0 0.00 M M 11.7 22 350 M M 0 30 340
16 76 46 61 M 4 0 0.00 M M 9.9 18 360 M M 0 25 360
17 78 41 60 M 5 0 0.00 M M 4.3 7 200 M M 0 M M
18 84 45 65 M 0 0 0.00 M M 8.2 20 190 M M 0 24 190
19 M 55 M M M M 0.00 M M 3.6 13 280 M M 1 21 280
20 97 54 76 M 0 11 0.00 M M 4.6 8 170 M M 0 M M
21 94 54 74 M 0 9 0.00 M M 6.2 10 170 M M 0 M M
22 90 60 75 M 0 10 0.00 M M 7.6 18 160 M M 4 12 23 140
23 83 71 77 M 0 12 1.13 M M 9.8 17 140 M M 9 1 26 190
24 84 72 78 M 0 13 0.04 M M 12.9 20 170 M M 10 18 32 170
25 89 74 82 M 0 17 0.06 M M 14.0 20 150 M M 8 1 24 150
26 77 72 75 M 0 10 1.88 M M 8.1 24 200 M M 7 123 31 190
27 88 73 81 M 0 16 0.01 M M 7.5 13 150 M M 8 1 M M
28 88 74 81 M 0 16 0.10 M M 8.6 16 170 M M 7 1 M M
29 76 48 62 M 3 0 0.01 M M 13.0 29 340 M M 7 1 35 350
30 48 42 45 M 20 0 0.06 M M 18.8 35 340 M M 5 1 46 340
31 60 38 49 M 16 0 0.02 M M 12.7 18 20 M M 5 25 10
================================================================================
SM 2491 1869 49 259 4.52 M 269.2 M 124
================================================================================
AV 83.0 60.3 8.7 FASTST M M 4 MAX(MPH)
MISC ----> 35 340 46 340
================================================================================
NOTES:
# LAST OF SEVERAL OCCURRENCES
COLUMN 17 PEAK WIND IN M.P.H.
PRELIMINARY LOCAL CLIMATOLOGICAL DATA (WS FORM: F-6) , PAGE 2
STATION: SAN MARCOS
MONTH: OCTOBER
YEAR: 2023
LATITUDE: 29 53 N
LONGITUDE: 97 52 W
[TEMPERATURE DATA] [PRECIPITATION DATA] SYMBOLS USED IN COLUMN 16
AVERAGE MONTHLY: 71.7 TOTAL FOR MONTH: 4.52 1 = FOG OR MIST
DPTR FM NORMAL: 0.0 DPTR FM NORMAL: M 2 = FOG REDUCING VISIBILITY
HIGHEST: 99 ON 4 GRTST 24HR 1.88 ON 26-26 TO 1/4 MILE OR LESS
LOWEST: 38 ON 31 3 = THUNDER
SNOW, ICE PELLETS, HAIL 4 = ICE PELLETS
TOTAL MONTH: M 5 = HAIL
GRTST 24HR M ON M 6 = FREEZING RAIN OR DRIZZLE
GRTST DEPTH: M ON M 7 = DUSTSTORM OR SANDSTORM:
VSBY 1/2 MILE OR LESS
8 = SMOKE OR HAZE
[NO. OF DAYS WITH] [WEATHER - DAYS WITH] 9 = BLOWING SNOW
X = TORNADO
MAX 32 OR BELOW: 0 0.01 INCH OR MORE: 11
MAX 90 OR ABOVE: 8 0.10 INCH OR MORE: 4
MIN 32 OR BELOW: 0 0.50 INCH OR MORE: 3
MIN 0 OR BELOW: 0 1.00 INCH OR MORE: 3
[HDD (BASE 65) ]
TOTAL THIS MO. 49 CLEAR (SCALE 0-3) 14
DPTR FM NORMAL M PTCLDY (SCALE 4-7) 14
TOTAL FM JUL 1 49 CLOUDY (SCALE 8-10) 3
DPTR FM NORMAL M
[CDD (BASE 65) ]
TOTAL THIS MO. 259
DPTR FM NORMAL M [PRESSURE DATA]
TOTAL FM JAN 1 3642 HIGHEST SLP 9999.00 ON 1
DPTR FM NORMAL M LOWEST SLP 9999.00 ON 1
[REMARKS]
#FINAL-10-23#