000
CXUS53 KUNR 250930
CF6ICR
PRELIMINARY LOCAL CLIMATOLOGICAL DATA (WS FORM: F-6)
STATION: WINNER REGIONAL AIRPORT SD
MONTH: APRIL
YEAR: 2024
LATITUDE: 43 23 N
LONGITUDE: 99 50 W
TEMPERATURE IN F: :PCPN: SNOW: WIND :SUNSHINE: SKY :PK WND
================================================================================
1 2 3 4 5 6A 6B 7 8 9 10 11 12 13 14 15 16 17 18
12Z AVG MX 2MIN
DY MAX MIN AVG DEP HDD CDD WTR SNW DPTH SPD SPD DIR MIN PSBL S-S WX SPD DR
================================================================================
1 35 29 32 -12 33 0 0.34 M M 12.5 21 40 M M 10 126 26 40
2 41 22 32 -12 33 0 T M M 11.0 20 290 M M 2 1 27 290
3 49 23 36 -8 29 0 0.00 M M 8.3 15 290 M M 0 21 300
4 59 29 44 0 21 0 0.00 M M 6.2 14 130 M M 0 19 90
5 64 34 49 4 16 0 0.00 M M 17.9 31 130 M M 0 43 130
6 65 44 55 10 10 0 0.21 M M 27.7 37 110 M M 4 13 52 140
7 49 41 45 0 20 0 0.12 M M 13.6 31 90 M M 10 1 43 90
8 47 37 42 -4 23 0 0.01 M M 12.7 25 300 M M 9 1 34 300
9 66 37 52 6 13 0 0.00 M M 10.1 23 270 M M 1 29 270
10 67 42 55 9 10 0 0.01 M M 17.2 36 300 M M 5 48 320
11 59 33 46 -1 19 0 0.00 M M 17.2 33 310 M M 1 56 320
12 71 30 51 4 14 0 0.00 M M 11.6 21 160 M M 0 34 150
13 92 54 73 26 0 8 0.00 M M 11.6 24 200 M M 0 33 190
14 78 45 62 14 3 0 0.00 M M 9.2 16 130 M M 0 25 100
15 81 54 68 20 0 3 0.09 M M 26.2 41 110 M M 1 3 54 110
16 67 46 57 9 8 0 2.84 M M 22.4 36 110 M M 9 3 49 120
17 57 42 50 2 15 0 0.01 M M M M M M M 5 M M
18 50 31 41 -8 24 0 0.00 M M M M M M M 3 M M
19 48 27 38 -11 27 0 0.00 M M M M M M M 2 M M
20 51 26 39 -10 26 0 0.00 M M M M M M M 5 M M
21 65 30 48 -2 17 0 0.00 M M M M M M M 0 M M
22 69 44 57 7 8 0 0.00 M M M M M M M 0 M M
23 64 39 52 2 13 0 0.00 M M M M M M M 0 M M
24 71 35 53 2 12 0 0.00 M M 18.6 25 170 M M 2 36 170
================================================================================
SM 1465 874 394 11 3.63 M 254.1 M 69
================================================================================
AV 61.0 36.4 14.9 FASTST M M 3 MAX(MPH)
MISC ----> 41 110 56 320
================================================================================
NOTES:
# LAST OF SEVERAL OCCURRENCES
COLUMN 17 PEAK WIND IN M.P.H.
PRELIMINARY LOCAL CLIMATOLOGICAL DATA (WS FORM: F-6) , PAGE 2
STATION: WINNER REGIONAL AIRPORT SD
MONTH: APRIL
YEAR: 2024
LATITUDE: 43 23 N
LONGITUDE: 99 50 W
[TEMPERATURE DATA] [PRECIPITATION DATA] SYMBOLS USED IN COLUMN 16
AVERAGE MONTHLY: 48.7 TOTAL FOR MONTH: 3.63 1 = FOG OR MIST
DPTR FM NORMAL: 1.6 DPTR FM NORMAL: 2.07 2 = FOG REDUCING VISIBILITY
HIGHEST: 92 ON 13 GRTST 24HR 2.91 ON 15-16 TO 1/4 MILE OR LESS
LOWEST: 22 ON 2 3 = THUNDER
SNOW, ICE PELLETS, HAIL 4 = ICE PELLETS
TOTAL MONTH: M 5 = HAIL
GRTST 24HR M ON M 6 = FREEZING RAIN OR DRIZZLE
GRTST DEPTH: M ON M 7 = DUSTSTORM OR SANDSTORM:
VSBY 1/2 MILE OR LESS
8 = SMOKE OR HAZE
[NO. OF DAYS WITH] [WEATHER - DAYS WITH] 9 = BLOWING SNOW
X = TORNADO
MAX 32 OR BELOW: 0 0.01 INCH OR MORE: 8
MAX 90 OR ABOVE: 1 0.10 INCH OR MORE: 4
MIN 32 OR BELOW: 9 0.50 INCH OR MORE: 1
MIN 0 OR BELOW: 0 1.00 INCH OR MORE: 1
[HDD (BASE 65) ]
TOTAL THIS MO. 394 CLEAR (SCALE 0-3) 15
DPTR FM NORMAL -36 PTCLDY (SCALE 4-7) 5
TOTAL FM JUL 1 5552 CLOUDY (SCALE 8-10) 4
DPTR FM NORMAL -520
[CDD (BASE 65) ]
TOTAL THIS MO. 11
DPTR FM NORMAL 11 [PRESSURE DATA]
TOTAL FM JAN 1 11 HIGHEST SLP M ON M
DPTR FM NORMAL 10 LOWEST SLP 29.22 ON 7
[REMARKS]