000
CXUS53 KICT 010800
CF6ICT
PRELIMINARY LOCAL CLIMATOLOGICAL DATA (WS FORM: F-6)
STATION: WICHITA EISENHOWER NATIONAL
MONTH: JUNE
YEAR: 2020
LATITUDE: 37 39 N
LONGITUDE: 97 25 W
TEMPERATURE IN F: :PCPN: SNOW: WIND :SUNSHINE: SKY :PK WND
================================================================================
1 2 3 4 5 6A 6B 7 8 9 10 11 12 13 14 15 16 17 18
12Z AVG MX 2MIN
DY MAX MIN AVG DEP HDD CDD WTR SNW DPTH SPD SPD DIR MIN PSBL S-S WX SPD DR
================================================================================
1 87 63 75 4 0 10 0.00 0.0 0 15.0 25 180 M M 5 36 170
2 90 65 78 6 0 13 0.00 0.0 0 14.4 22 180 M M 6 29 200
3 95 70 83 11 0 18 0.00 0.0 0 10.7 16 180 M M 4 26 170
4 96 71 84 12 0 19 0.00 0.0 0 8.7 15 110 M M 4 19 110
5 96 66 81 9 0 16 0.00 0.0 0 8.1 15 130 M M 2 8 20 130
6 98 75 87 14 0 22 0.00 0.0 0 11.5 23 140 M M 3 29 150
7 95 74 85 12 0 20 0.00 0.0 0 15.7 26 140 M M 4 37 180
8 94 72 83 9 0 18 0.00 0.0 0 14.0 24 140 M M 2 33 120
9 90 57 74 0 0 9 0.01 0.0 0 19.6 36 240 M M 3 1 48 290
10 82 58 70 -4 0 5 0.00 0.0 0 18.4 44 310 M M 3 57 320
11 93 54 74 0 0 9 0.00 0.0 0 10.4 23 200 M M 3 29 200
12 98 62 80 5 0 15 0.00 0.0 0 8.6 17 230 M M 4 8 24 190
13 97 65 81 6 0 16 0.00 0.0 0 13.2 23 180 0 0 0 32 200
14 97 66 82 6 0 17 0.00 0.0 0 14.0 24 200 M M 4 32 150
15 94 65 80 4 0 15 0.00 0.0 0 12.8 26 150 M M 3 34 160
16 94 69 82 6 0 17 0.00 0.0 0 14.1 21 180 0 0 0 35 130
17 96 71 84 8 0 19 0.00 0.0 0 17.5 26 160 M M 2 37 160
18 97 73 85 8 0 20 0.00 0.0 0 18.6 29 170 M M 2 38 170
19 81 66 74 -3 0 9 1.43 0.0 0 8.3 32 320 M M 10 13 43 320
20 86 65 76 -1 0 11 T 0.0 0 4.6 12 180 M M 6 1 14 210
21 91 65 78 0 0 13 0.24 0.0 0 10.8 29 290 M M 6 13 37 300
22 91 65 78 0 0 13 T 0.0 0 6.3 26 360 M M 5 35 360
23 86 66 76 -2 0 11 0.03 0.0 0 10.0 20 10 M M 3 25 10
24 91 62 77 -1 0 12 0.00 0.0 0 7.3 14 160 M M 6 19 150
25 94 68 81 2 0 16 0.00 0.0 0 14.5 28 180 M M 5 36 200
26 95 71 83 4 0 18 0.00 0.0 0 14.8 23 170 M M 4 30 170
27 96 75 86 7 0 21 T 0.0 0 14.1 24 180 M M 6 32 180
28 94 76 85 6 0 20 0.00 0.0 0 20.6 33 180 M M 6 8 45 170
29 97 76 87 7 0 22 0.00 0.0 0 19.6 29 170 M M 5 43 180
30 100 77 89 9 0 24 0.00 0.0 0 19.2 30 170 M M 2 40 180
================================================================================
SM 2791 2028 0 468 1.71 0.0 395.4 0 118
================================================================================
AV 93.0 67.6 13.2 FASTST 0 0 4 MAX(MPH)
MISC ----> # 44 310 # 57 320
================================================================================
NOTES:
# LAST OF SEVERAL OCCURRENCES
COLUMN 17 PEAK WIND IN M.P.H.
PRELIMINARY LOCAL CLIMATOLOGICAL DATA (WS FORM: F-6) , PAGE 2
STATION: WICHITA EISENHOWER NATIONAL
MONTH: JUNE
YEAR: 2020
LATITUDE: 37 39 N
LONGITUDE: 97 25 W
[TEMPERATURE DATA] [PRECIPITATION DATA] SYMBOLS USED IN COLUMN 16
AVERAGE MONTHLY: 80.3 TOTAL FOR MONTH: 1.71 1 = FOG OR MIST
DPTR FM NORMAL: 4.5 DPTR FM NORMAL: -3.49 2 = FOG REDUCING VISIBILITY
HIGHEST: 100 ON 30 GRTST 24HR 1.43 ON 19-19 TO 1/4 MILE OR LESS
LOWEST: 54 ON 11 3 = THUNDER
SNOW, ICE PELLETS, HAIL 4 = ICE PELLETS
TOTAL MONTH: 0.0 INCH 5 = HAIL
GRTST 24HR 0.0 6 = FREEZING RAIN OR DRIZZLE
GRTST DEPTH: 0 7 = DUSTSTORM OR SANDSTORM:
VSBY 1/2 MILE OR LESS
8 = SMOKE OR HAZE
[NO. OF DAYS WITH] [WEATHER - DAYS WITH] 9 = BLOWING SNOW
X = TORNADO
MAX 32 OR BELOW: 0 0.01 INCH OR MORE: 4
MAX 90 OR ABOVE: 25 0.10 INCH OR MORE: 2
MIN 32 OR BELOW: 0 0.50 INCH OR MORE: 1
MIN 0 OR BELOW: 0 1.00 INCH OR MORE: 1
[HDD (BASE 65) ]
TOTAL THIS MO. 0 CLEAR (SCALE 0-3) 11
DPTR FM NORMAL -6 PTCLDY (SCALE 4-7) 18
TOTAL FM JUL 1 4291 CLOUDY (SCALE 8-10) 1
DPTR FM NORMAL -303
[CDD (BASE 65) ]
TOTAL THIS MO. 468
DPTR FM NORMAL 139 [PRESSURE DATA]
TOTAL FM JAN 1 578 HIGHEST SLP 0.00 ON M
DPTR FM NORMAL 113 LOWEST SLP 0.00 ON M
[REMARKS]
#FINAL-06-20#