000
CXUS53 KICT 011847
CLMICT
CLIMATE REPORT
NATIONAL WEATHER SERVICE WICHITA KANSAS
1247 PM CST FRI MAR 01 2024
...................................
...THE WICHITA EISENHOWER NATIONAL CLIMATE SUMMARY FOR THE MONTH OF FEBRUARY 2024...
CLIMATE NORMAL PERIOD 1991 TO 2020
CLIMATE RECORD PERIOD 1888 TO 2024
WEATHER OBSERVED NORMAL DEPART LAST YEAR`S
VALUE DATE(S) VALUE FROM VALUE DATE(S)
NORMAL
................................................................
TEMPERATURE (F)
RECORD
HIGH 87 02/22/1996
LOW -22 02/12/1899
HIGHEST 80 02/27 68 02/27
02/28
LOWEST 15 02/17 11 02/23
AVG. MAXIMUM 59.2 48.9 10.3 53.0
AVG. MINIMUM 31.7 26.3 5.4 24.4
MEAN 45.5 37.6 7.9 38.7
DAYS MAX >= 90 0 0.0 0.0 0
DAYS MAX <= 32 0 4.0 -4.0 3
DAYS MIN <= 32 17 21.0 -4.0 23
DAYS MIN <= 0 0 0.2 -0.2 0
PRECIPITATION (INCHES)
RECORD
MAXIMUM 4.61 1915
MINIMUM 0.00 2006
TOTALS 0.60 1.20 -0.60 1.28
DAILY AVG. 0.02 NAN NAN 0.05
DAYS >= .01 5 5.3 -0.3 4
DAYS >= .10 2 2.7 -0.7 2
DAYS >= .50 0 0.7 -0.7 1
DAYS >= 1.00 0 0.1 -0.1 0
GREATEST
24 HR. TOTAL 0.37 02/02 TO 02/03
SNOWFALL (INCHES)
RECORDS
TOTAL 21.2 2013
TOTALS T 3.6 -3.6 T
SINCE 7/1 14.3 10.4 3.9 MM
SNOWDEPTH AVG. 0 0
DAYS >= 1.0 0 1.0 -1.0 0
GREATEST
SNOW DEPTH 0 0 MM
24 HR TOTAL MM MM
DEGREE DAYS
HEATING TOTAL 560 767 -207 729
SINCE 7/1 3181 3548 -367 MM
COOLING TOTAL 0 0 0 0
SINCE 1/1 0 0 0 MM
................................................................
WIND (MPH)
AVERAGE WIND SPEED 11.1
HIGHEST WIND SPEED/DIRECTION 36/350 DATE 02/27
HIGHEST GUST SPEED/DIRECTION 51/350 DATE 02/27
SKY COVER
POSSIBLE SUNSHINE (PERCENT) MM
AVERAGE SKY COVER 0.48
NUMBER OF DAYS FAIR 12
NUMBER OF DAYS PC 11
NUMBER OF DAYS CLOUDY 6
AVERAGE RH (PERCENT) 62
WEATHER CONDITIONS. NUMBER OF DAYS WITH
THUNDERSTORM 1 MIXED PRECIP 0
HEAVY RAIN 1 RAIN 1
LIGHT RAIN 6 FREEZING RAIN 0
LT FREEZING RAIN 0 HAIL 0
HEAVY SNOW 0 SNOW 0
LIGHT SNOW 2 SLEET 0
FOG 5 FOG W/VIS <= 1/4 MILE 1
HAZE 2
- INDICATES NEGATIVE NUMBERS.
R INDICATES RECORD WAS SET OR TIED.
MM INDICATES DATA IS MISSING.
T INDICATES TRACE AMOUNT.
$$