000
CXUS55 KPIH 281100
CF6IDA
PRELIMINARY LOCAL CLIMATOLOGICAL DATA (WS FORM: F-6)
STATION: IDAHO FALLS
MONTH: MARCH
YEAR: 2024
LATITUDE: 43 31 N
LONGITUDE: 112 4 W
TEMPERATURE IN F: :PCPN: SNOW: WIND :SUNSHINE: SKY :PK WND
================================================================================
1 2 3 4 5 6A 6B 7 8 9 10 11 12 13 14 15 16 17 18
12Z AVG MX 2MIN
DY MAX MIN AVG DEP HDD CDD WTR SNW DPTH SPD SPD DIR MIN PSBL S-S WX SPD DR
================================================================================
1 45 33 39 9 26 0 0.54 M M 12.0 25 210 M M 9 12 35 210
2 37 22 30 0 35 0 0.62 M M 13.8 28 220 M M 10 1238 39 200
3 27 10 19 -12 46 0 T M M 8.5 21 220 M M 2 1 24 220
4 27 9 18 -13 47 0 0.04 M M 10.7 28 220 M M 0 18 33 220
5 35 0 18 -14 47 0 0.03 M M 15.6 28 200 M M 6 128 36 200
6 34 26 30 -2 35 0 T M M 12.0 24 210 M M 10 18 31 210
7 32 12 22 -11 43 0 0.00 M M 6.3 13 220 M M 5 18 16 210
8 25 5 15 -18 50 0 T M M 3.7 9 210 M M 4 128 10 210
9 34 1 18 -16 47 0 0.00 M M 4.8 9 40 M M 0 18 13 40
10 45 7 26 -8 39 0 0.00 M M 3.7 13 180 M M 0 18 170
11 39 18 29 -5 36 0 0.00 M M 6.9 20 200 M M 4 25 190
12 42 31 37 2 28 0 0.03 M M 14.0 26 210 M M 8 1 33 210
13 33 18 26 -9 39 0 T M M 9.6 22 220 M M 8 128 25 210
14 45 18 32 -4 33 0 0.00 M M 10.8 17 10 M M 1 128 24 10
15 51 20 36 0 29 0 0.00 M M 7.7 13 40 M M 1 16 10
16 51 20 36 -1 29 0 0.00 M M 3.8 9 360 M M 0 10 360
17 58 26 42 5 23 0 0.00 M M 5.4 10 220 M M 0 13 210
18 57 27 42 5 23 0 0.00 M M 4.0 10 230 M M 0 1 13 230
19 59 29 44 6 21 0 0.00 M M 5.7 14 220 M M 0 19 220
20 62 30 46 8 19 0 0.00 M M 7.3 16 200 M M 0 24 230
21 60 36 48 10 17 0 0.00 M M 17.6 33 230 M M 2 46 230
22 60 32 46 7 19 0 0.00 M M 5.5 16 190 M M 3 24 180
23 59 32 46 7 19 0 T M M 13.5 28 220 M M 6 38 190
24 48 29 39 0 26 0 0.08 M M 8.6 23 210 M M 6 12 30 210
25 43 28 36 -4 29 0 0.12 M M 6.4 20 320 M M 7 12 24 310
26 46 29 38 -2 27 0 T M M 9.7 22 260 M M 7 1 30 270
27 50 30 40 0 25 0 T M M 14.7 25 220 M M 5 40 210
================================================================================
SM 1204 578 857 0 1.46 M 242.3 M 104
================================================================================
AV 44.6 21.4 9.0 FASTST M M 4 MAX(MPH)
MISC ----> 33 230 46 230
================================================================================
NOTES:
# LAST OF SEVERAL OCCURRENCES
COLUMN 17 PEAK WIND IN M.P.H.
PRELIMINARY LOCAL CLIMATOLOGICAL DATA (WS FORM: F-6) , PAGE 2
STATION: IDAHO FALLS
MONTH: MARCH
YEAR: 2024
LATITUDE: 43 31 N
LONGITUDE: 112 4 W
[TEMPERATURE DATA] [PRECIPITATION DATA] SYMBOLS USED IN COLUMN 16
AVERAGE MONTHLY: 33.0 TOTAL FOR MONTH: 1.46 1 = FOG OR MIST
DPTR FM NORMAL: -2.5 DPTR FM NORMAL: 0.77 2 = FOG REDUCING VISIBILITY
HIGHEST: 62 ON 20 GRTST 24HR 1.03 ON 1- 2 TO 1/4 MILE OR LESS
LOWEST: 0 ON 5 3 = THUNDER
SNOW, ICE PELLETS, HAIL 4 = ICE PELLETS
TOTAL MONTH: M 5 = HAIL
GRTST 24HR M ON M 6 = FREEZING RAIN OR DRIZZLE
GRTST DEPTH: M ON M 7 = DUSTSTORM OR SANDSTORM:
VSBY 1/2 MILE OR LESS
8 = SMOKE OR HAZE
[NO. OF DAYS WITH] [WEATHER - DAYS WITH] 9 = BLOWING SNOW
X = TORNADO
MAX 32 OR BELOW: 4 0.01 INCH OR MORE: 7
MAX 90 OR ABOVE: 0 0.10 INCH OR MORE: 3
MIN 32 OR BELOW: 25 0.50 INCH OR MORE: 2
MIN 0 OR BELOW: 1 1.00 INCH OR MORE: 0
[HDD (BASE 65) ]
TOTAL THIS MO. 857 CLEAR (SCALE 0-3) 12
DPTR FM NORMAL 62 PTCLDY (SCALE 4-7) 11
TOTAL FM JUL 1 5650 CLOUDY (SCALE 8-10) 4
DPTR FM NORMAL -887
[CDD (BASE 65) ]
TOTAL THIS MO. 0
DPTR FM NORMAL 0 [PRESSURE DATA]
TOTAL FM JAN 1 0 HIGHEST SLP M ON M
DPTR FM NORMAL 0 LOWEST SLP 29.39 ON 2
[REMARKS]