000
CXUS55 KVEF 010910
CF6IGM
PRELIMINARY LOCAL CLIMATOLOGICAL DATA (WS FORM: F-6)
STATION: KINGMAN AZ
MONTH: SEPTEMBER
YEAR: 2023
LATITUDE: 35 16 N
LONGITUDE: 113 57 W
TEMPERATURE IN F: :PCPN: SNOW: WIND :SUNSHINE: SKY :PK WND
================================================================================
1 2 3 4 5 6A 6B 7 8 9 10 11 12 13 14 15 16 17 18
12Z AVG MX 2MIN
DY MAX MIN AVG DEP HDD CDD WTR SNW DPTH SPD SPD DIR MIN PSBL S-S WX SPD DR
================================================================================
1 82 65 74 -6 0 9 1.20 M M 11.8 47 140 M M 6 138 62 140
2 82 65 74 -6 0 9 0.01 M M 5.2 20 230 M M 5 3 24 240
3 87 61 74 -6 0 9 0.00 M M 10.0 23 210 M M 1 30 250
4 86 60 73 -7 0 8 0.00 M M 6.4 18 210 M M 1 24 220
5 89 56 73 -6 0 8 0.00 M M 8.0 21 240 M M 0 35 250
6 92 62 77 -2 0 12 0.00 M M 9.6 20 240 M M 0 29 250
7 95 59 77 -2 0 12 0.00 M M 10.4 21 260 M M 0 28 230
8 97 66 82 4 0 17 0.00 M M 7.1 17 260 M M 0 24 270
9 100 63 82 4 0 17 0.00 M M 4.2 14 330 M M 0 17 330
10 83 63 73 -5 0 8 T M M 7.3 23 10 M M 4 29 10
11 89 61 75 -3 0 10 0.00 M M 6.4 15 280 M M 0 20 280
12 89 65 77 0 0 12 T M M 6.7 17 210 M M 4 24 210
13 88 63 76 -1 0 11 0.00 M 0 8.7 18 140 M M 3 3 25 230
14 90 63 77 1 0 12 0.00 M M 6.3 20 10 M M 2 23 20
15 91 58 75 -1 0 10 0.00 M M 7.0 15 30 M M 0 25 360
16 94 62 78 2 0 13 0.00 M M 5.3 14 100 M M 1 24 100
17 95 60 78 3 0 13 0.00 M M 7.5 18 250 M M 0 24 290
18 90 59 75 0 0 10 0.00 M M 9.3 23 250 M M 0 32 250
19 88 56 72 -3 0 7 0.00 M M 10.1 20 270 M M 0 29 260
20 89 58 74 0 0 9 0.00 M M 11.4 30 220 M M 0 43 210
21 84 53 69 -5 0 4 0.00 M M 12.8 28 220 M M 0 36 220
22 86 54 70 -3 0 5 T M M 9.8 24 250 M M 1 32 240
23 83 56 70 -3 0 5 T M M 7.4 16 250 M M 6 22 240
24 91 49 70 -2 0 5 0.00 M M 3.4 13 20 M M 0 16 10
25 91 54 73 1 0 8 0.00 M M 5.5 16 250 M M 0 22 240
26 93 53 73 1 0 8 0.00 M M 4.4 12 150 M M 0 15 270
27 92 53 73 2 0 8 0.00 M M 7.0 22 250 M M 0 28 250
28 92 55 74 3 0 9 0.00 M M 10.7 23 240 M M 0 33 240
29 90 63 77 7 0 12 0.00 M M 14.9 31 240 M M 0 38 230
30 81 54 68 -2 0 3 0.00 M M 15.9 32 220 M M 0 41 220
================================================================================
SM 2679 1769 0 283 1.21 M 250.5 M 34
================================================================================
AV 89.3 59.0 8.3 FASTST M M 1 MAX(MPH)
MISC ----> 47 140 62 140
================================================================================
NOTES:
# LAST OF SEVERAL OCCURRENCES
COLUMN 17 PEAK WIND IN M.P.H.
PRELIMINARY LOCAL CLIMATOLOGICAL DATA (WS FORM: F-6) , PAGE 2
STATION: KINGMAN AZ
MONTH: SEPTEMBER
YEAR: 2023
LATITUDE: 35 16 N
LONGITUDE: 113 57 W
[TEMPERATURE DATA] [PRECIPITATION DATA] SYMBOLS USED IN COLUMN 16
AVERAGE MONTHLY: 74.1 TOTAL FOR MONTH: 1.21 1 = FOG OR MIST
DPTR FM NORMAL: -1.5 DPTR FM NORMAL: 0.25 2 = FOG REDUCING VISIBILITY
HIGHEST: 100 ON 9 GRTST 24HR 1.20 ON 1- 1 TO 1/4 MILE OR LESS
LOWEST: 49 ON 24 3 = THUNDER
SNOW, ICE PELLETS, HAIL 4 = ICE PELLETS
TOTAL MONTH: M 5 = HAIL
GRTST 24HR M ON M 6 = FREEZING RAIN OR DRIZZLE
GRTST DEPTH: 0 7 = DUSTSTORM OR SANDSTORM:
VSBY 1/2 MILE OR LESS
8 = SMOKE OR HAZE
[NO. OF DAYS WITH] [WEATHER - DAYS WITH] 9 = BLOWING SNOW
X = TORNADO
MAX 32 OR BELOW: 0 0.01 INCH OR MORE: 2
MAX 90 OR ABOVE: 15 0.10 INCH OR MORE: 1
MIN 32 OR BELOW: 0 0.50 INCH OR MORE: 1
MIN 0 OR BELOW: 0 1.00 INCH OR MORE: 1
[HDD (BASE 65) ]
TOTAL THIS MO. 0 CLEAR (SCALE 0-3) 25
DPTR FM NORMAL -7 PTCLDY (SCALE 4-7) 5
TOTAL FM JUL 1 0 CLOUDY (SCALE 8-10) 0
DPTR FM NORMAL -5
[CDD (BASE 65) ]
TOTAL THIS MO. 283
DPTR FM NORMAL -44 [PRESSURE DATA]
TOTAL FM JAN 1 2070 HIGHEST SLP 30.00 ON 2
DPTR FM NORMAL -29 LOWEST SLP 29.52 ON 30
[REMARKS]
#FINAL-09-23#