000
CXUS55 KVEF 010910
CF6IGM
PRELIMINARY LOCAL CLIMATOLOGICAL DATA (WS FORM: F-6)
STATION: KINGMAN AZ
MONTH: OCTOBER
YEAR: 2023
LATITUDE: 35 16 N
LONGITUDE: 113 57 W
TEMPERATURE IN F: :PCPN: SNOW: WIND :SUNSHINE: SKY :PK WND
================================================================================
1 2 3 4 5 6A 6B 7 8 9 10 11 12 13 14 15 16 17 18
12Z AVG MX 2MIN
DY MAX MIN AVG DEP HDD CDD WTR SNW DPTH SPD SPD DIR MIN PSBL S-S WX SPD DR
================================================================================
1 74 48 61 -9 4 0 0.07 M M 10.9 31 200 M M 2 40 200
2 71 44 58 -11 7 0 0.00 M M 6.6 16 140 M M 1 21 130
3 78 41 60 -9 5 0 0.00 M M 6.2 15 360 M M 0 20 320
4 84 50 67 -1 0 2 0.00 M M 10.3 21 360 M M 0 27 10
5 88 50 69 1 0 4 0.00 M M 8.7 17 360 M M 0 23 350
6 92 53 73 5 0 8 0.00 M M 7.1 16 20 M M 0 20 10
7 93 56 75 8 0 10 0.00 M M 5.1 12 150 M M 0 16 230
8 92 59 76 9 0 11 T M M 7.5 28 130 M M 1 3 36 120
9 91 54 73 7 0 8 0.00 M M 6.0 17 270 M M 0 25 230
10 87 56 72 6 0 7 0.00 M M 10.6 23 240 M M 0 33 210
11 79 59 69 3 0 4 0.00 M M 12.1 21 250 M M 0 28 350
12 74 48 61 -4 4 0 0.00 M M 9.3 21 350 M M 0 27 360
13 77 42 60 -5 5 0 0.00 M M 6.2 13 360 M M 0 8 17 360
14 83 43 63 -1 2 0 0.00 M M 4.1 13 150 M M 0 14 230
15 90 47 69 5 0 4 0.00 M M 5.9 12 150 M M 0 17 30
16 92 50 71 7 0 6 0.00 M M 5.8 20 250 M M 0 26 260
17 93 54 74 11 0 9 0.00 M M 4.1 13 240 M M 0 18 260
18 93 53 73 10 0 8 0.00 M M 6.6 16 10 M M 0 21 360
19 95 55 75 13 0 10 0.00 M M 6.3 13 130 M M 0 16 30
20 95 51 73 11 0 8 0.00 M M 4.4 14 360 M M 0 20 10
21 91 52 72 10 0 7 0.00 M M 6.0 18 250 M M 0 26 250
22 86 54 70 9 0 5 0.00 M M 12.1 29 230 M M 0 39 230
23 74 50 62 1 3 0 0.00 M M 8.0 16 260 M M 0 24 270
24 77 44 61 1 4 0 0.00 M M 4.6 14 270 M M 0 18 260
25 74 50 62 2 3 0 0.00 M M 11.3 25 230 M M 0 35 240
26 73 52 63 3 2 0 0.00 M M 11.2 24 240 M M 1 32 230
27 75 47 61 2 4 0 0.00 M M 9.8 25 240 M M 1 34 240
28 71 44 58 -1 7 0 0.00 M M 8.4 22 360 M M 0 28 10
29 58 38 48 -10 17 0 0.00 M M 15.8 30 360 M M 0 38 10
30 64 34 49 -9 16 0 0.00 M M 12.6 22 10 M M 0 28 20
31 70 38 54 -4 11 0 0.00 M M 7.5 15 30 M M 0 20 50
================================================================================
SM 2534 1516 94 111 0.07 M 251.1 M 6
================================================================================
AV 81.7 48.9 8.1 FASTST M M 0 MAX(MPH)
MISC ----> 31 200 40 200
================================================================================
NOTES:
# LAST OF SEVERAL OCCURRENCES
COLUMN 17 PEAK WIND IN M.P.H.
PRELIMINARY LOCAL CLIMATOLOGICAL DATA (WS FORM: F-6) , PAGE 2
STATION: KINGMAN AZ
MONTH: OCTOBER
YEAR: 2023
LATITUDE: 35 16 N
LONGITUDE: 113 57 W
[TEMPERATURE DATA] [PRECIPITATION DATA] SYMBOLS USED IN COLUMN 16
AVERAGE MONTHLY: 65.3 TOTAL FOR MONTH: 0.07 1 = FOG OR MIST
DPTR FM NORMAL: 1.7 DPTR FM NORMAL: -0.67 2 = FOG REDUCING VISIBILITY
HIGHEST: 95 ON 20,19 GRTST 24HR 0.07 ON 1- 1 TO 1/4 MILE OR LESS
LOWEST: 34 ON 30 3 = THUNDER
SNOW, ICE PELLETS, HAIL 4 = ICE PELLETS
TOTAL MONTH: M 5 = HAIL
GRTST 24HR M ON M 6 = FREEZING RAIN OR DRIZZLE
GRTST DEPTH: M ON M 7 = DUSTSTORM OR SANDSTORM:
VSBY 1/2 MILE OR LESS
8 = SMOKE OR HAZE
[NO. OF DAYS WITH] [WEATHER - DAYS WITH] 9 = BLOWING SNOW
X = TORNADO
MAX 32 OR BELOW: 0 0.01 INCH OR MORE: 1
MAX 90 OR ABOVE: 11 0.10 INCH OR MORE: 0
MIN 32 OR BELOW: 0 0.50 INCH OR MORE: 0
MIN 0 OR BELOW: 0 1.00 INCH OR MORE: 0
[HDD (BASE 65) ]
TOTAL THIS MO. 94 CLEAR (SCALE 0-3) 31
DPTR FM NORMAL -22 PTCLDY (SCALE 4-7) 0
TOTAL FM JUL 1 94 CLOUDY (SCALE 8-10) 0
DPTR FM NORMAL -28
[CDD (BASE 65) ]
TOTAL THIS MO. 111
DPTR FM NORMAL 39 [PRESSURE DATA]
TOTAL FM JAN 1 2181 HIGHEST SLP 30.22 ON 31
DPTR FM NORMAL 10 LOWEST SLP 29.36 ON 11
[REMARKS]
#FINAL-10-23#