000
CXUS55 KVEF 032117
CLMIGM
CLIMATE REPORT
NATIONAL WEATHER SERVICE LAS VEGAS, NV
217 PM PDT MON APR 03 2023
...................................
...THE KINGMAN AZ CLIMATE SUMMARY FOR THE MONTH OF MARCH 2023...
CLIMATE NORMAL PERIOD: 1991 TO 2020
CLIMATE RECORD PERIOD: 1901 TO 2023
WEATHER OBSERVED NORMAL DEPART LAST YEAR`S
VALUE DATE(S) VALUE FROM VALUE DATE(S)
NORMAL
................................................................
TEMPERATURE (F)
RECORD
HIGH 90 03/16/1934
LOW 11 03/04/1976
HIGHEST 67 03/11 MM MM 87 03/26
03/13
03/14
LOWEST 22 03/02 MM MM 24 03/11
AVG. MAXIMUM 58.3 67.4 -9.1 68.4
AVG. MINIMUM 36.4 38.1 -1.7 37.9
MEAN 47.3 52.7 -5.4 53.1
DAYS MAX >= 90 0 0.0 0.0 0
DAYS MAX <= 32 0 0.0 0.0 0
DAYS MIN <= 32 9 6.1 2.9 7
DAYS MIN <= 0 0 0.0 0.0 0
PRECIPITATION (INCHES)
RECORD
MAXIMUM 4.82 1992
MINIMUM 0.00 1997
TOTALS 3.06 0.59 2.47 0.97
DAILY AVG. 0.10 0.02 0.08 0.03
DAYS >= .01 10 3.4 6.6 4
DAYS >= .10 6 1.4 4.6 2
DAYS >= .50 2 0.2 1.8 1
DAYS >= 1.00 1 0.0 1.0 0
GREATEST
24 HR. TOTAL 1.05 03/15 TO 03/15
DEGREE DAYS
HEATING TOTAL 538 382 156 365
SINCE 7/1 3122 2754 368 MM
COOLING TOTAL 0 2 -2 6
SINCE 1/1 0 2 -2 MM
FREEZE DATES
RECORD
EARLIEST 09/24/1920
LATEST 05/21/1975
EARLIEST 11/03
LATEST 04/13
................................................................
WIND (MPH)
AVERAGE WIND SPEED 10.6
HIGHEST WIND SPEED/DIRECTION 40/200 DATE 03/01
HIGHEST GUST SPEED/DIRECTION 53/190 DATE 03/01
SKY COVER
POSSIBLE SUNSHINE (PERCENT) MM
AVERAGE SKY COVER 0.25
NUMBER OF DAYS FAIR 22
NUMBER OF DAYS PC 5
NUMBER OF DAYS CLOUDY 4
AVERAGE RH (PERCENT) 57
WEATHER CONDITIONS. NUMBER OF DAYS WITH
THUNDERSTORM 1 MIXED PRECIP 0
HEAVY RAIN 2 RAIN 6
LIGHT RAIN 10 FREEZING RAIN 0
LT FREEZING RAIN 0 HAIL 0
HEAVY SNOW 1 SNOW 1
LIGHT SNOW 2 SLEET 0
FOG 6 FOG W/VIS <= 1/4 MILE 1
HAZE 3
- INDICATES NEGATIVE NUMBERS.
R INDICATES RECORD WAS SET OR TIED.
MM INDICATES DATA IS MISSING.
T INDICATES TRACE AMOUNT.
$$