000
CXUS52 KILM 011324
CF6ILM
PRELIMINARY LOCAL CLIMATOLOGICAL DATA (WS FORM: F-6)
STATION: WILMINGTON NORTH CAROLINA
MONTH: DECEMBER
YEAR: 2022
LATITUDE: 34 16 N
LONGITUDE: 77 55 W
TEMPERATURE IN F: :PCPN: SNOW: WIND :SUNSHINE: SKY :PK WND
================================================================================
1 2 3 4 5 6A 6B 7 8 9 10 11 12 13 14 15 16 17 18
12Z AVG MX 2MIN
DY MAX MIN AVG DEP HDD CDD WTR SNW DPTH SPD SPD DIR MIN PSBL S-S WX SPD DR
================================================================================
1 58 33 46 -6 19 0 0.00 0.0 0 6.1 16 350 M M 0 21 360
2 63 33 48 -4 17 0 0.00 0.0 0 5.8 12 110 M M 0 1 15 110
3 77 51 64 12 1 0 0.03 0.0 0 5.2 20 210 M M 8 25 200
4 63 43 53 1 12 0 0.00 0.0 0 8.0 14 30 M M 4 19 20
5 64 37 51 -1 14 0 0.00 0.0 0 5.4 10 40 M M 5 15 300
6 74 54 64 13 1 0 0.00 0.0 0 3.2 13 160 M M 8 12 17 160
7 80 54 67 16 0 2 0.00 0.0 0 3.8 12 270 M M 5 12 17 240
8 68 59 64 13 1 0 0.00 0.0 0 6.2 14 360 M M 8 1 17 20
9 62 46 54 3 11 0 0.01 0.0 0 9.0 16 30 M M 8 1 20 50
10 62 45 54 3 11 0 T 0.0 0 8.6 15 30 M M 8 18 30
11 55 46 51 1 14 0 0.04 0.0 0 5.3 10 330 M M 10 12 10
12 59 36 48 -2 17 0 0.00 0.0 0 7.8 17 40 M M 3 21 40
13 53 34 44 -6 21 0 0.00 0.0 0 5.8 15 40 M M 0 19 50
14 59 34 47 -3 18 0 0.00 0.0 0 6.2 12 80 M M 6 16 100
15 73 49 61 11 4 0 0.24 0.0 0 11.8 25 290 M M 8 1 32 290
16 60 42 51 1 14 0 0.00 0.0 0 8.1 18 240 M M 2 1 21 230
17 56 42 49 0 16 0 0.00 0.0 0 8.1 14 250 M M 2 18 270
18 55 34 45 -4 20 0 0.00 0.0 0 7.5 16 310 M M 0 24 280
19 52 28 40 -9 25 0 0.00 0.0 0 3.9 14 10 M M 0 17 20
20 47 35 41 -8 24 0 T T 0 7.0 13 40 M M 5 4 16 70
21 49 37 43 -6 22 0 0.18 0.0 0 10.4 17 30 M M 9 1 23 30
22 69 45 57 8 8 0 1.45 0.0 0 11.4 28 130 M M 9 1 36 120
23 59 29 44 -4 21 0 0.00 0.0 0 18.8 41 260 M M 3 52 270
24 33 20 27 -21 38 0 0.00 0.0 0 12.8 25 290 M M 0 33 300
25 45 22 34 -14 31 0 0.00 0.0 0 7.8 15 260 M M 0 18 270
26 48 20 34 -14 31 0 0.00 0.0 0 2.0 10 30 M M 0 13 40
27 53 24 39 -9 26 0 0.00 0.0 0 1.2 10 10 M M 1 13 50
28 60 27 44 -4 21 0 0.00 0.0 0 0.5 7 150 M M 0 10 150
29 71 30 51 3 14 0 0.00 0.0 0 2.2 9 100 M M 1 1 12 90
30 73 40 57 9 8 0 0.17 0.0 0 4.5 15 90 M M 6 12 18 90
31 75 58 67 19 0 2 0.05 0.0 0 5.7 16 220 M M 7 12 24 210
================================================================================
SM 1875 1187 480 4 2.17 T 210.1 M 126
================================================================================
AV 60.5 38.3 6.8 FASTST M M 4 MAX(MPH)
MISC ----> 41 260 52 270
================================================================================
NOTES:
# LAST OF SEVERAL OCCURRENCES
COLUMN 17 PEAK WIND IN M.P.H.
PRELIMINARY LOCAL CLIMATOLOGICAL DATA (WS FORM: F-6) , PAGE 2
STATION: WILMINGTON NORTH CAROLINA
MONTH: DECEMBER
YEAR: 2022
LATITUDE: 34 16 N
LONGITUDE: 77 55 W
[TEMPERATURE DATA] [PRECIPITATION DATA] SYMBOLS USED IN COLUMN 16
AVERAGE MONTHLY: 49.4 TOTAL FOR MONTH: 2.17 1 = FOG OR MIST
DPTR FM NORMAL: -0.3 DPTR FM NORMAL: -1.52 2 = FOG REDUCING VISIBILITY
HIGHEST: 80 ON 7 GRTST 24HR 1.47 ON 21-22 TO 1/4 MILE OR LESS
LOWEST: 20 ON 26,24 3 = THUNDER
SNOW, ICE PELLETS, HAIL 4 = ICE PELLETS
TOTAL MONTH: T 5 = HAIL
GRTST 24HR T ON 20-20 6 = FREEZING RAIN OR DRIZZLE
GRTST DEPTH: 0 7 = DUSTSTORM OR SANDSTORM:
VSBY 1/2 MILE OR LESS
8 = SMOKE OR HAZE
[NO. OF DAYS WITH] [WEATHER - DAYS WITH] 9 = BLOWING SNOW
X = TORNADO
MAX 32 OR BELOW: 0 0.01 INCH OR MORE: 8
MAX 90 OR ABOVE: 0 0.10 INCH OR MORE: 4
MIN 32 OR BELOW: 8 0.50 INCH OR MORE: 1
MIN 0 OR BELOW: 0 1.00 INCH OR MORE: 1
[HDD (BASE 65) ]
TOTAL THIS MO. 480 CLEAR (SCALE 0-3) 13
DPTR FM NORMAL -1 PTCLDY (SCALE 4-7) 14
TOTAL FM JUL 1 743 CLOUDY (SCALE 8-10) 4
DPTR FM NORMAL -111
[CDD (BASE 65) ]
TOTAL THIS MO. 4
DPTR FM NORMAL -3 [PRESSURE DATA]
TOTAL FM JAN 1 2451 HIGHEST SLP 30.56 ON 2
DPTR FM NORMAL 317 LOWEST SLP 29.60 ON 23
[REMARKS]
#FINAL-12-22#