000
CXUS53 KILX 011538
CLSILX
CLIMATE REPORT
NATIONAL WEATHER SERVICE LINCOLN IL
1038 AM CDT TUE SEP 1 2020
...................................
...THE LINCOLN IL CLIMATE SUMMARY FOR THE SEASON, FROM
6/1/2020 TO 8/31/2020...
CLIMATE NORMAL PERIOD 1981 TO 2010
CLIMATE RECORD PERIOD 1905 TO 2020
WEATHER OBSERVED NORMAL DEPART LAST YEAR`S
VALUE DATE(S) VALUE FROM VALUE
NORMAL
.............................................................
TEMPERATURE (F)
RECORD
HIGH 113 07/15/1936
LOW 35 06/16/1917
06/11/1913
HIGHEST 94 08/10 MM MM 95
06/08
LOWEST 49 08/30 MM MM 47
08/05
AVG. MAXIMUM 85.4 84.2 1.2 83.7
AVG. MINIMUM 62.5 62.6 -0.1 62.7
MEAN 74.0 73.4 0.6 73.2
DAYS MAX >= 90 25 17.5 7.5 15
DAYS MAX <= 32 0 0.0 0.0 0
DAYS MIN <= 32 0 0.0 0.0 0
DAYS MIN <= 0 0 0.0 0.0 0
PRECIPITATION (INCHES)
RECORD
MAXIMUM 23.76 1981
MINIMUM 3.15 1988
TOTALS 7.62 13.30 -5.68 9.87
DAILY AVG. 0.09 0.11
DAYS >= .01 26 27.1 -1.1 27
DAYS >= .10 16 18.2 -2.2 15
DAYS >= .50 6 8.3 -2.3 8
DAYS >= 1.00 1 3.6 -2.6 3
GREATEST
24 HR. TOTAL 1.03 07/21 1.79
SNOWFALL (INCHES)
RECORDS
TOTAL 0.0
24 HR TOTAL 0.0 MM
TOTALS 0.0 0.0 0.0 0.0
DAYS >= TRACE 0 0.0 0.0 0
DAYS >= 1.0 0 0.0 0.0 0
GREATEST
SNOW DEPTH 0 MM 0
24 HR TOTAL 0.0 MM 0.0
DEGREE_DAYS
HEATING TOTAL 3 26 -23 10
SINCE 7/1 3 9 -6 1
COOLING TOTAL 856 798 58 790
SINCE 1/1 935 889 46 889
FREEZE DATES
RECORD
EARLIEST 09/11/1917
LATEST 05/29/1925
EARLIEST 10/12
LATEST 04/18
..............................................................
SKY COVER
POSSIBLE SUNSHINE (PERCENT) MM
WEATHER CONDITIONS. NUMBER OF DAYS WITH
THUNDERSTORM 17 MIXED PRECIP 0
HEAVY RAIN 8 RAIN 16
LIGHT RAIN 37 FREEZING RAIN 0
LT FREEZING RAIN 0 HAIL 0
HEAVY SNOW 0 SNOW 0
LIGHT SNOW 0 SLEET 0
FOG 22 FOG W/VIS <= 1/4 MILE 1
HAZE 0
- INDICATES NEGATIVE NUMBERS.
R INDICATES RECORD WAS SET OR TIED.
MM INDICATES DATA IS MISSING.
T INDICATES TRACE AMOUNT.
&&
NO SEASONAL RECORDS WERE ESTABLISHED DURING THE PERIOD.
$$
GEELHART