000
CXUS53 KILX 011542
CLSILX
CLIMATE REPORT
NATIONAL WEATHER SERVICE LINCOLN IL
1042 AM CDT FRI SEP 01 2023
...................................
...THE LINCOLN IL CLIMATE SUMMARY FOR THE SEASON, FROM
6/1/2023 TO 8/31/2023...
CLIMATE NORMAL PERIOD 1991 TO 2020
CLIMATE RECORD PERIOD 1905 TO 2023
WEATHER OBSERVED NORMAL DEPART LAST YEAR`S
VALUE DATE(S) VALUE FROM VALUE
NORMAL
..............................................................
TEMPERATURE (F)
RECORD
HIGH 113 07/15/1936
LOW 35 06/16/1917
06/11/1913
HIGHEST 97 08/24 MM MM 96
LOWEST 47 06/09 MM MM 48
AVG. MAXIMUM 83.7 84.3 -0.6 83.9
AVG. MINIMUM 60.5 62.1 -1.6 62.0
MEAN 72.1 73.2 -1.1 73.0
DAYS MAX >= 90 15 19.5 -4.5 11
DAYS MAX <= 32 0 0.0 0.0 0
DAYS MIN <= 32 0 0.0 0.0 0
DAYS MIN <= 0 0 0.0 0.0 0
PRECIPITATION (INCHES)
RECORD
MAXIMUM 23.76 1981
MINIMUM 3.15 1988
TOTALS 12.17 12.54 -0.37 10.92
DAILY AVG. 0.13 0.12
DAYS >= .01 31 28.0 3.0 MM
DAYS >= .10 19 18.5 0.5 MM
DAYS >= .50 9 8.4 0.6 MM
DAYS >= 1.00 1 3.6 -2.6 MM
GREATEST
24 HR. TOTAL 2.82 08/05 TO 08/05 2.10
SNOWFALL (INCHES)
RECORDS
TOTAL T 2017
24 HR TOTAL 0.0 MM
TOTALS 0.0 0.0 0.0 0.0
DAYS >= TRACE 0 0.0 0.0 MM
DAYS >= 1.0 0 0.0 0.0 MM
GREATEST
SNOW DEPTH 0 0
24 HR TOTAL MM 0.0
DEGREE DAYS
HEATING TOTAL 12 23 -11 1
SINCE 7/1 5 2 3 MM
COOLING TOTAL 686 778 -92 756
SINCE 1/1 770 879 -109 MM
FREEZE DATES
RECORD
EARLIEST 09/11/1917
LATEST 05/29/1925
EARLIEST MM
LATEST 04/26
..............................................................
SKY COVER
POSSIBLE SUNSHINE (PERCENT) MM
WEATHER CONDITIONS. NUMBER OF DAYS WITH
THUNDERSTORM 19 MIXED PRECIP 0
HEAVY RAIN 12 RAIN 17
LIGHT RAIN 38 FREEZING RAIN 0
LT FREEZING RAIN 0 HAIL 0
HEAVY SNOW 0 SNOW 0
LIGHT SNOW 0 SLEET 0
FOG 22 FOG W/VIS <= 1/4 MILE 1
HAZE 2
- INDICATES NEGATIVE NUMBERS.
R INDICATES RECORD WAS SET OR TIED.
MM INDICATES DATA IS MISSING.
T INDICATES TRACE AMOUNT.
&&
RECORDS SET IN LINCOLN IL DURING 2023 SUMMER SEASON (JUN-AUG)...
* NO SEASONAL RECORDS WERE SET.
* 7TH WETTEST AUGUST ON RECORD (6.94").
* RECORD DAILY WARM LOW OF 77F ON AUGUST 23RD.
$$
ERWIN