000
CXUS54 KFWD 010731
CF6INJ
PRELIMINARY LOCAL CLIMATOLOGICAL DATA (WS FORM: F-6)
STATION: HILLSBORO
MONTH: MAY
YEAR: 2021
LATITUDE: 32 0 N
LONGITUDE: 97 6 W
TEMPERATURE IN F: :PCPN: SNOW: WIND :SUNSHINE: SKY :PK WND
================================================================================
1 2 3 4 5 6A 6B 7 8 9 10 11 12 13 14 15 16 17 18
12Z AVG MX 2MIN
DY MAX MIN AVG DEP HDD CDD WTR SNW DPTH SPD SPD DIR MIN PSBL S-S WX SPD DR
================================================================================
1 74 65 70 1 0 5 0.00 M M 6.0 14 70 M M 9 1 20 70
2 83 60 72 2 0 7 0.00 M M 8.7 16 190 M M 5 20 190
3 88 67 78 8 0 13 0.23 M M 12.3 20 170 M M 5 3 32 110
4 74 57 66 -4 0 1 0.00 M M 9.5 16 340 M M 4 26 320
5 75 50 63 -7 2 0 0.00 M M 5.8 12 10 M M 0 20 20
6 81 55 68 -2 0 3 0.00 M M 5.7 9 60 M M 0 16 40
7 84 58 71 0 0 6 0.00 M M 9.5 16 170 M M 0 23 170
8 87 63 75 4 0 10 0.00 M M 17.5 25 180 M M 4 33 180
9 86 68 77 6 0 12 0.32 M M 10.5 18 170 M M 7 27 170
10 68 58 63 -9 2 0 0.00 M M 8.7 15 340 M M 10 1 20 340
11 62 58 60 -12 5 0 0.22 M M 8.7 23 330 M M 10 13 29 330
12 64 56 60 -12 5 0 0.00 M M 8.5 14 340 M M 10 1 18 340
13 74 59 67 -5 0 2 0.00 M M 5.3 8 20 M M 7 M M
14 78 58 68 -5 0 3 0.00 M M 8.7 12 130 M M 6 17 140
15 83 61 72 -1 0 7 0.00 M M 10.3 18 170 M M 3 23 170
16 76 67 72 -1 0 7 0.46 M M 10.7 21 160 M M 7 3 29 160
17 80 64 72 -2 0 7 0.29 M M 7.4 17 170 M M 4 1 25 210
18 73 62 68 -6 0 3 0.23 M M 8.0 14 100 M M 6 25 100
19 78 61 70 -4 0 5 0.00 M M 4.9 13 160 M M 3 21 120
20 82 65 74 0 0 9 0.00 M M 4.6 9 80 M M 5 17 90
21 85 69 77 3 0 12 0.00 M M 8.2 12 110 M M 7 17 110
22 80 70 75 0 0 10 0.60 M M 9.1 13 100 M M 9 1 20 120
23 75 67 71 -4 0 6 0.07 M M 6.6 12 140 M M 9 20 120
24 81 67 74 -1 0 9 0.07 M M 9.1 15 120 M M 9 13 24 120
25 85 66 76 0 0 11 0.29 M M 10.5 18 170 M M 7 24 170
26 88 71 80 4 0 15 0.00 M M 9.4 14 180 M M 4 20 160
27 88 72 80 4 0 15 0.00 M M 11.5 16 170 M M 5 23 170
28 79 65 72 -4 0 7 0.31 M M 7.9 17 120 M M 6 3 26 110
29 85 64 75 -1 0 10 0.00 M M 6.8 10 60 M M 3 1 16 80
30 76 67 72 -5 0 7 0.00 M M 9.6 13 60 M M 6 20 80
31 81 67 74 -3 0 9 1.99 M M 9.5 16 360 M M 9 3 44 30
================================================================================
SM 2453 1957 14 211 5.08 M 269.5 M 179
================================================================================
AV 79.1 63.1 8.7 FASTST M M 6 MAX(MPH)
MISC ----> 25 180 44 30
================================================================================
NOTES:
# LAST OF SEVERAL OCCURRENCES
COLUMN 17 PEAK WIND IN M.P.H.
PRELIMINARY LOCAL CLIMATOLOGICAL DATA (WS FORM: F-6) , PAGE 2
STATION: HILLSBORO
MONTH: MAY
YEAR: 2021
LATITUDE: 32 0 N
LONGITUDE: 97 6 W
[TEMPERATURE DATA] [PRECIPITATION DATA] SYMBOLS USED IN COLUMN 16
AVERAGE MONTHLY: 71.1 TOTAL FOR MONTH: 5.08 1 = FOG OR MIST
DPTR FM NORMAL: -2.0 DPTR FM NORMAL: 0.71 2 = FOG REDUCING VISIBILITY
HIGHEST: 88 ON 27,26 GRTST 24HR 1.99 ON 31-31 TO 1/4 MILE OR LESS
LOWEST: 50 ON 5 3 = THUNDER
SNOW, ICE PELLETS, HAIL 4 = ICE PELLETS
TOTAL MONTH: M 5 = HAIL
GRTST 24HR M ON M 6 = FREEZING RAIN OR DRIZZLE
GRTST DEPTH: M ON M 7 = DUSTSTORM OR SANDSTORM:
VSBY 1/2 MILE OR LESS
8 = SMOKE OR HAZE
[NO. OF DAYS WITH] [WEATHER - DAYS WITH] 9 = BLOWING SNOW
X = TORNADO
MAX 32 OR BELOW: 0 0.01 INCH OR MORE: 12
MAX 90 OR ABOVE: 0 0.10 INCH OR MORE: 10
MIN 32 OR BELOW: 0 0.50 INCH OR MORE: 2
MIN 0 OR BELOW: 0 1.00 INCH OR MORE: 1
[HDD (BASE 65) ]
TOTAL THIS MO. 14 CLEAR (SCALE 0-3) 6
DPTR FM NORMAL 5 PTCLDY (SCALE 4-7) 17
TOTAL FM JUL 1 2239 CLOUDY (SCALE 8-10) 8
DPTR FM NORMAL 27
[CDD (BASE 65) ]
TOTAL THIS MO. 211
DPTR FM NORMAL -51 [PRESSURE DATA]
TOTAL FM JAN 1 316 HIGHEST SLP M ON M
DPTR FM NORMAL -80 LOWEST SLP M ON M
[REMARKS]
#FINAL-05-21#