000
CXUS54 KMAF 011110
CF6INK
PRELIMINARY LOCAL CLIMATOLOGICAL DATA (WS FORM: F-6)
STATION: WINK
MONTH: MARCH
YEAR: 2022
LATITUDE: 31 46 N
LONGITUDE: 103 12 W
TEMPERATURE IN F: :PCPN: SNOW: WIND :SUNSHINE: SKY :PK WND
================================================================================
1 2 3 4 5 6A 6B 7 8 9 10 11 12 13 14 15 16 17 18
12Z AVG MX 2MIN
DY MAX MIN AVG DEP HDD CDD WTR SNW DPTH SPD SPD DIR MIN PSBL S-S WX SPD DR
================================================================================
1 68 41 55 2 10 0 0.00 M M 6.6 13 90 M M 0 15 80
2 74 33 54 0 11 0 0.00 M M 7.0 14 150 M M 0 17 140
3 76 34 55 1 10 0 0.00 M M 9.3 17 150 M M 0 22 130
4 84 53 69 15 0 4 0.00 M M 11.5 25 160 M M 0 32 150
5 76 47 62 8 3 0 0.00 M M 11.8 32 290 M M 0 39 290
6 81 46 64 9 1 0 0.00 M M 15.3 36 290 M M 1 8 43 290
7 50 29 40 -15 25 0 0.00 M M 9.0 18 50 M M 0 21 50
8 58 26 42 -13 23 0 0.00 M M 6.6 13 320 M M 0 18 330
9 69 27 48 -8 17 0 0.00 M M 11.0 24 150 M M 0 29 150
10 68 27 48 -8 17 0 0.00 M M 10.4 23 60 M M 0 30 60
11 41 23 32 -24 33 0 0.00 M M 13.3 30 40 M M 2 37 40
12 63 15 39 -18 26 0 0.00 M M 9.9 21 180 M M 0 28 180
13 74 30 52 -5 13 0 0.00 M M 11.5 24 140 M M 0 28 140
14 73 30 52 -5 13 0 0.00 M M 14.2 37 360 M M 0 8 47 350
15 74 31 53 -5 12 0 0.00 M M 6.9 13 270 M M 0 17 160
16 86 37 62 4 3 0 0.00 M M 9.0 16 140 M M 0 21 130
17 75 42 59 1 6 0 0.00 M M 21.4 39 270 M M 1 8 47 280
18 60 31 46 -12 19 0 0.00 M M 4.8 13 310 M M 0 15 310
19 76 28 52 -7 13 0 0.00 M M 7.6 18 140 M M 0 22 140
20 81 49 65 6 0 0 0.00 M M 19.5 36 130 M M 0 8 46 130
21 67 43 55 -4 10 0 0.03 M M 21.1 46 270 M M 5 8 54 260
22 58 38 48 -12 17 0 0.00 M M 15.8 31 360 M M 3 39 360
23 63 31 47 -13 18 0 0.00 M M 11.1 25 300 M M 0 35 310
24 77 26 52 -8 13 0 0.00 M M 6.6 21 300 M M 0 26 270
25 84 34 59 -2 6 0 0.00 M M 4.8 12 180 M M 0 15 140
26 88 39 64 3 1 0 M M M 6.2 10 130 M M 0 8 M M
27 M M M M M M M M M M M M M M M M M
28 91 51 71 10 0 6 0.00 M M 9.6 18 150 M M 0 22 140
29 91 57 74 12 0 9 0.00 M M 16.2 38 290 M M 2 8 47 290
30 69 51 60 -2 5 0 0.00 M M 14.7 33 270 M M 3 42 270
31 70 39 55 -7 10 0 0.00 M M 7.6 24 10 M M 0 31 360
================================================================================
SM 2165 1088 335 19 0.03 M 330.3 M 17
================================================================================
AV 72.2 36.3 11.0 FASTST M M 1 MAX(MPH)
MISC ----> 46 270 54 260
================================================================================
NOTES:
# LAST OF SEVERAL OCCURRENCES
COLUMN 17 PEAK WIND IN M.P.H.
PRELIMINARY LOCAL CLIMATOLOGICAL DATA (WS FORM: F-6) , PAGE 2
STATION: WINK
MONTH: MARCH
YEAR: 2022
LATITUDE: 31 46 N
LONGITUDE: 103 12 W
[TEMPERATURE DATA] [PRECIPITATION DATA] SYMBOLS USED IN COLUMN 16
AVERAGE MONTHLY: 54.2 TOTAL FOR MONTH: 0.03 1 = FOG OR MIST
DPTR FM NORMAL: -3.6 DPTR FM NORMAL: -0.69 2 = FOG REDUCING VISIBILITY
HIGHEST: 91 ON 29,28 GRTST 24HR 0.03 ON 21-21 TO 1/4 MILE OR LESS
LOWEST: 15 ON 12 3 = THUNDER
SNOW, ICE PELLETS, HAIL 4 = ICE PELLETS
TOTAL MONTH: M 5 = HAIL
GRTST 24HR M ON M 6 = FREEZING RAIN OR DRIZZLE
GRTST DEPTH: M ON M 7 = DUSTSTORM OR SANDSTORM:
VSBY 1/2 MILE OR LESS
8 = SMOKE OR HAZE
[NO. OF DAYS WITH] [WEATHER - DAYS WITH] 9 = BLOWING SNOW
X = TORNADO
MAX 32 OR BELOW: 0 0.01 INCH OR MORE: 1
MAX 90 OR ABOVE: 2 0.10 INCH OR MORE: 0
MIN 32 OR BELOW: 13 0.50 INCH OR MORE: 0
MIN 0 OR BELOW: 0 1.00 INCH OR MORE: 0
[HDD (BASE 65) ]
TOTAL THIS MO. 335 CLEAR (SCALE 0-3) 28
DPTR FM NORMAL 87 PTCLDY (SCALE 4-7) 2
TOTAL FM JUL 1 2267 CLOUDY (SCALE 8-10) 1
DPTR FM NORMAL -93
[CDD (BASE 65) ]
TOTAL THIS MO. 19
DPTR FM NORMAL -5 [PRESSURE DATA]
TOTAL FM JAN 1 19 HIGHEST SLP 30.46 ON 12
DPTR FM NORMAL -7 LOWEST SLP 29.31 ON 29
[REMARKS]
#FINAL-03-22#