000
CXUS55 KDVN 011000
CF6IOW
PRELIMINARY LOCAL CLIMATOLOGICAL DATA (WS FORM: F-6)
STATION: IOWA CITY IA
MONTH: JUNE
YEAR: 2020
LATITUDE: 41 37 N
LONGITUDE: 91 33 W
TEMPERATURE IN F: :PCPN: SNOW: WIND :SUNSHINE: SKY :PK WND
================================================================================
1 2 3 4 5 6A 6B 7 8 9 10 11 12 13 14 15 16 17 18
12Z AVG MX 2MIN
DY MAX MIN AVG DEP HDD CDD WTR SNW DPTH SPD SPD DIR MIN PSBL S-S WX SPD DR
================================================================================
1 82 61 72 5 0 7 0.01 M M 10.6 26 190 M M 3 36 210
2 91 68 80 12 0 15 0.00 M M 10.4 21 210 M M 0 31 200
3 86 68 77 9 0 12 0.12 M M 4.2 12 90 M M 5 13 18 100
4 89 66 78 10 0 13 0.19 M M 4.0 20 20 M M 1 3 27 20
5 88 65 77 8 0 12 0.04 M M 7.0 24 160 M M 1 3 38 160
6 85 67 76 7 0 11 0.00 M M 8.2 15 30 M M 1 22 100
7 88 62 75 6 0 10 0.00 M M 10.5 18 130 M M 0 26 130
8 90 66 78 8 0 13 0.00 M M 9.1 22 140 M M 0 30 140
9 76 70 73 3 0 8 3.47 M M 10.1 22 250 M M 7 13 32 300
10 73 57 65 -5 0 0 0.29 M M 11.1 26 300 M M 6 13 39 300
11 82 54 68 -3 0 3 0.00 M M 8.7 23 270 M M 0 32 270
12 86 54 70 -1 0 5 0.00 M M 2.5 14 40 M M 0 20 40
13 75 57 66 -5 0 1 0.00 M M 10.6 17 70 M M 2 8 26 50
14 76 56 66 -5 0 1 T M M 11.2 18 130 M M 4 27 140
15 79 57 68 -4 0 3 0.00 M M 9.5 17 130 M M 1 26 130
16 82 57 70 -2 0 5 0.00 M M 7.9 18 160 M M 0 24 150
17 84 58 71 -1 0 6 0.00 M M 6.9 20 150 M M 0 26 180
18 86 58 72 0 0 7 0.00 M M 6.1 15 150 M M 0 20 160
19 78 68 73 0 0 8 0.15 M M 3.6 14 310 M M 7 1 19 300
20 83 66 75 2 0 10 0.09 M M 7.2 18 260 M M 6 1 25 230
21 87 64 76 3 0 11 0.01 M M 5.0 16 140 M M 2 1 22 140
22 73 57 65 -8 0 0 0.70 M M 9.2 30 310 M M 7 13 39 300
23 76 57 67 -6 0 2 0.00 M M 8.9 20 310 M M M 29 290
24 81 57 69 -5 0 4 0.00 M M 4.3 16 290 M M 4 22 320
25 85 59 72 -2 0 7 0.00 M M 5.4 15 170 M M 2 21 180
26 85 70 78 4 0 13 0.18 M M 7.2 21 190 M M 3 13 30 200
27 86 69 78 4 0 13 0.02 M M 3.1 20 250 M M 3 3 28 200
28 85 66 76 2 0 11 0.00 M M 7.1 22 100 M M 1 1 33 100
29 90 73 82 8 0 17 0.00 M M 9.5 18 140 M M 1 25 140
30 83 71 77 3 0 12 T M M 8.3 20 130 M M 2 26 150
================================================================================
SM 2490 1878 0 240 5.27 M 227.4 M 69
================================================================================
AV 83.0 62.6 7.6 FASTST M M 2 MAX(MPH)
MISC ----> 30 310 # 39 300
================================================================================
NOTES:
# LAST OF SEVERAL OCCURRENCES
COLUMN 17 PEAK WIND IN M.P.H.
PRELIMINARY LOCAL CLIMATOLOGICAL DATA (WS FORM: F-6) , PAGE 2
STATION: IOWA CITY IA
MONTH: JUNE
YEAR: 2020
LATITUDE: 41 37 N
LONGITUDE: 91 33 W
[TEMPERATURE DATA] [PRECIPITATION DATA] SYMBOLS USED IN COLUMN 16
AVERAGE MONTHLY: 72.8 TOTAL FOR MONTH: 5.27 1 = FOG OR MIST
DPTR FM NORMAL: 1.3 DPTR FM NORMAL: 0.66 2 = FOG REDUCING VISIBILITY
HIGHEST: 91 ON 2 GRTST 24HR 3.70 ON 9-10 TO 1/4 MILE OR LESS
LOWEST: 54 ON 12,11 3 = THUNDER
SNOW, ICE PELLETS, HAIL 4 = ICE PELLETS
TOTAL MONTH: M 5 = HAIL
GRTST 24HR M ON M 6 = FREEZING RAIN OR DRIZZLE
GRTST DEPTH: M ON M 7 = DUSTSTORM OR SANDSTORM:
VSBY 1/2 MILE OR LESS
8 = SMOKE OR HAZE
[NO. OF DAYS WITH] [WEATHER - DAYS WITH] 9 = BLOWING SNOW
X = TORNADO
MAX 32 OR BELOW: 0 0.01 INCH OR MORE: 12
MAX 90 OR ABOVE: 3 0.10 INCH OR MORE: 7
MIN 32 OR BELOW: 0 0.50 INCH OR MORE: 2
MIN 0 OR BELOW: 0 1.00 INCH OR MORE: 1
[HDD (BASE 65) ]
TOTAL THIS MO. 0 CLEAR (SCALE 0-3) 20
DPTR FM NORMAL -17 PTCLDY (SCALE 4-7) 9
TOTAL FM JUL 1 5854 CLOUDY (SCALE 8-10) 1
DPTR FM NORMAL -521
[CDD (BASE 65) ]
TOTAL THIS MO. 240
DPTR FM NORMAL 29 [PRESSURE DATA]
TOTAL FM JAN 1 274 HIGHEST SLP 30.34 ON 15
DPTR FM NORMAL 2 LOWEST SLP 29.25 ON 9
[REMARKS]
#FINAL-06-20#