000
CXUS55 KPSR 011005
CF6IPL
PRELIMINARY LOCAL CLIMATOLOGICAL DATA (WS FORM: F-6)
STATION: IMPERIAL CA
MONTH: FEBRUARY
YEAR: 2023
LATITUDE: 32 50 N
LONGITUDE: 115 35 W
TEMPERATURE IN F: :PCPN: SNOW: WIND :SUNSHINE: SKY :PK WND
================================================================================
1 2 3 4 5 6A 6B 7 8 9 10 11 12 13 14 15 16 17 18
12Z AVG MX 2MIN
DY MAX MIN AVG DEP HDD CDD WTR SNW DPTH SPD SPD DIR MIN PSBL S-S WX SPD DR
================================================================================
1 66 43 55 -3 10 0 T M M 4.3 10 260 M M 3 14 310
2 69 36 53 -5 12 0 0.00 M M 3.4 9 30 M M 0 14 40
3 70 43 57 -1 8 0 0.00 M M 3.5 9 330 M M 0 12 290
4 74 40 57 -1 8 0 0.00 M M 2.4 8 140 M M 0 12 290
5 76 44 60 2 5 0 0.00 M M 10.2 26 260 M M 0 36 260
6 70 47 59 1 6 0 0.00 M M 10.3 23 330 M M 0 40 350
7 70 44 57 -1 8 0 0.00 M M 8.4 20 360 M M 0 28 340
8 72 40 56 -2 9 0 0.00 M M 3.8 9 260 M M 0 12 220
9 76 42 59 1 6 0 0.00 M M 8.1 24 30 M M 0 37 20
10 70 36 53 -6 12 0 0.00 M M 5.8 12 340 M M 0 17 340
11 74 46 60 1 5 0 0.00 M M 8.7 21 280 M M 0 29 270
12 68 46 57 -2 8 0 0.00 M M 9.0 20 230 M M 0 27 250
13 68 45 57 -2 8 0 0.00 0.0 0 7.4 22 240 M M 1 29 240
14 66 45 56 -3 9 0 T 0.0 0 15.5 43 240 M M 1 65 260
15 61 39 50 -9 15 0 0.00 M M 7.8 23 350 M M 1 40 350
16 62 32 47 -13 18 0 0.00 M M 6.5 18 50 M M 0 25 70
17 63 34 49 -11 16 0 0.00 M M 5.7 10 260 M M 0 15 330
18 69 38 54 -6 11 0 0.00 0.0 0 3.2 10 260 M M 0 12 270
19 72 38 55 -5 10 0 0.00 0.0 0 4.0 10 300 M M 0 14 290
20 75 41 58 -2 7 0 0.00 M M 3.3 9 220 M M 3 13 210
21 79 47 63 3 2 0 0.00 M M 15.4 38 270 M M 2 8 57 240
22 61 48 55 -6 10 0 0.00 M M 22.2 41 240 M M 1 62 250
23 63 42 53 -8 12 0 T M M 11.3 29 260 M M 6 41 240
24 68 39 54 -7 11 0 0.00 M M 8.3 18 130 M M 1 23 120
25 66 47 57 -4 8 0 0.01 M M 12.3 28 280 M M 4 8 39 280
26 64 40 52 -10 13 0 0.00 M M 9.2 23 260 M M 0 32 260
27 67 37 52 -10 13 0 0.00 M M 7.6 20 240 M M 0 27 240
28 67 47 57 -5 8 0 0.00 M M 14.9 29 240 M M 0 40 240
================================================================================
SM 1926 1166 268 0 0.01 0.0 232.5 M 23
================================================================================
AV 68.8 41.6 8.3 FASTST M M 1 MAX(MPH)
MISC ----> 43 240 65 260
================================================================================
NOTES:
# LAST OF SEVERAL OCCURRENCES
COLUMN 17 PEAK WIND IN M.P.H.
PRELIMINARY LOCAL CLIMATOLOGICAL DATA (WS FORM: F-6) , PAGE 2
STATION: IMPERIAL CA
MONTH: FEBRUARY
YEAR: 2023
LATITUDE: 32 50 N
LONGITUDE: 115 35 W
[TEMPERATURE DATA] [PRECIPITATION DATA] SYMBOLS USED IN COLUMN 16
AVERAGE MONTHLY: 55.2 TOTAL FOR MONTH: 0.01 1 = FOG OR MIST
DPTR FM NORMAL: -4.2 DPTR FM NORMAL: -0.37 2 = FOG REDUCING VISIBILITY
HIGHEST: 79 ON 21 GRTST 24HR 0.01 ON 25-25 TO 1/4 MILE OR LESS
LOWEST: 32 ON 16 3 = THUNDER
SNOW, ICE PELLETS, HAIL 4 = ICE PELLETS
TOTAL MONTH: 0.0 INCH 5 = HAIL
GRTST 24HR 0.0 6 = FREEZING RAIN OR DRIZZLE
GRTST DEPTH: 0 7 = DUSTSTORM OR SANDSTORM:
VSBY 1/2 MILE OR LESS
8 = SMOKE OR HAZE
[NO. OF DAYS WITH] [WEATHER - DAYS WITH] 9 = BLOWING SNOW
X = TORNADO
MAX 32 OR BELOW: 0 0.01 INCH OR MORE: 1
MAX 90 OR ABOVE: 0 0.10 INCH OR MORE: 0
MIN 32 OR BELOW: 1 0.50 INCH OR MORE: 0
MIN 0 OR BELOW: 0 1.00 INCH OR MORE: 0
[HDD (BASE 65) ]
TOTAL THIS MO. 268 CLEAR (SCALE 0-3) 25
DPTR FM NORMAL 99 PTCLDY (SCALE 4-7) 3
TOTAL FM JUL 1 978 CLOUDY (SCALE 8-10) 0
DPTR FM NORMAL 102
[CDD (BASE 65) ]
TOTAL THIS MO. 0
DPTR FM NORMAL -14 [PRESSURE DATA]
TOTAL FM JAN 1 0 HIGHEST SLP M ON M
DPTR FM NORMAL -11 LOWEST SLP 29.52 ON 21
[REMARKS]
#FINAL-02-23#