000
CXUS51 KCTP 010800
CF6IPT
PRELIMINARY LOCAL CLIMATOLOGICAL DATA (WS FORM: F-6)
STATION: WILLIAMSPORT PA
MONTH: APRIL
YEAR: 2023
LATITUDE: 41 15 N
LONGITUDE: 76 55 W
TEMPERATURE IN F: :PCPN: SNOW: WIND :SUNSHINE: SKY :PK WND
================================================================================
1 2 3 4 5 6A 6B 7 8 9 10 11 12 13 14 15 16 17 18
12Z AVG MX 2MIN
DY MAX MIN AVG DEP HDD CDD WTR SNW DPTH SPD SPD DIR MIN PSBL S-S WX SPD DR
================================================================================
1 74 43 59 14 6 0 0.29 0.0 0 11.7 47 260 M M 7 13 55 260
2 49 31 40 -5 25 0 T 0.0 0 9.8 25 280 M M 3 34 310
3 65 30 48 3 17 0 0.00 0.0 0 8.8 21 170 M M 3 38 140
4 78 43 61 15 4 0 0.00 0.0 0 2.9 13 70 M M 4 15 120
5 69 48 59 13 6 0 0.03 0.0 0 9.4 30 160 M M 4 1 38 160
6 70 49 60 13 5 0 0.00 0.0 0 7.1 22 280 M M 8 128 26 300
7 55 39 47 0 18 0 0.00 0.0 0 8.4 15 280 M M 0 20 310
8 55 28 42 -5 23 0 0.00 0.0 0 4.0 12 180 M M 0 16 190
9 61 29 45 -3 20 0 0.00 0.0 0 3.1 12 230 M M 0 15 30
10 68 30 49 1 16 0 0.00 0.0 0 2.3 12 180 M M 0 16 100
11 76 34 55 6 10 0 0.00 0.0 0 7.5 22 270 M M 0 32 250
12 85 58 72 23 0 7 0.00 0.0 0 11.4 21 290 M M 0 29 290
13 89 48 69 20 0 4 0.00 0.0 0 4.1 16 270 M M 0 21 270
14 90 48 69 19 0 4 0.00 0.0 0 4.3 16 180 M M 0 23 180
15 72 57 65 15 0 0 0.20 0.0 0 3.5 15 290 M M 5 13 19 300
16 79 55 67 16 0 2 0.04 0.0 0 9.0 37 270 M M 5 12 49 270
17 59 44 52 1 13 0 0.12 0.0 0 11.9 29 240 M M 10 1 38 250
18 48 40 44 -7 21 0 T 0.0 0 11.3 28 250 M M 10 34 250
19 67 41 54 2 11 0 0.00 0.0 0 7.3 18 270 M M 4 25 280
20 75 44 60 8 5 0 0.00 0.0 0 4.0 13 90 M M 3 15 90
21 86 49 68 15 0 3 0.00 0.0 0 7.7 18 170 M M 0 27 130
22 74 50 62 9 3 0 0.68 0.0 0 8.6 36 270 M M 5 13 46 260
23 57 42 50 -3 15 0 0.00 0.0 0 9.2 21 240 M M 8 26 250
24 56 34 45 -9 20 0 0.00 0.0 0 6.9 17 290 M M 6 24 290
25 56 33 45 -9 20 0 0.00 0.0 0 4.6 12 230 M M 3 16 210
26 58 40 49 -5 16 0 0.31 0.0 0 5.4 28 240 M M 7 13 32 250
27 65 46 56 1 9 0 0.00 0.0 0 3.5 15 130 M M 6 21 120
28 55 45 50 -5 15 0 0.42 0.0 0 8.5 15 100 M M 9 1 19 110
29 57 45 51 -5 14 0 0.21 0.0 0 5.5 13 70 M M 10 18 17 160
30 57 47 52 -4 13 0 1.72 0.0 0 7.5 25 300 M M 10 1 38 310
================================================================================
SM 2005 1270 325 20 4.02 0.0 209.2 M 130
================================================================================
AV 66.8 42.3 7.0 FASTST M M 4 MAX(MPH)
MISC ----> 47 260 55 260
================================================================================
NOTES:
# LAST OF SEVERAL OCCURRENCES
COLUMN 17 PEAK WIND IN M.P.H.
PRELIMINARY LOCAL CLIMATOLOGICAL DATA (WS FORM: F-6) , PAGE 2
STATION: WILLIAMSPORT PA
MONTH: APRIL
YEAR: 2023
LATITUDE: 41 15 N
LONGITUDE: 76 55 W
[TEMPERATURE DATA] [PRECIPITATION DATA] SYMBOLS USED IN COLUMN 16
AVERAGE MONTHLY: 54.6 TOTAL FOR MONTH: 4.02 1 = FOG OR MIST
DPTR FM NORMAL: 4.3 DPTR FM NORMAL: 0.40 2 = FOG REDUCING VISIBILITY
HIGHEST: 90 ON 14 GRTST 24HR 1.72 ON 30-30 TO 1/4 MILE OR LESS
LOWEST: 28 ON 8 3 = THUNDER
SNOW, ICE PELLETS, HAIL 4 = ICE PELLETS
TOTAL MONTH: 0.0 INCH 5 = HAIL
GRTST 24HR 0.0 6 = FREEZING RAIN OR DRIZZLE
GRTST DEPTH: 0 7 = DUSTSTORM OR SANDSTORM:
VSBY 1/2 MILE OR LESS
8 = SMOKE OR HAZE
[NO. OF DAYS WITH] [WEATHER - DAYS WITH] 9 = BLOWING SNOW
X = TORNADO
MAX 32 OR BELOW: 0 0.01 INCH OR MORE: 10
MAX 90 OR ABOVE: 1 0.10 INCH OR MORE: 8
MIN 32 OR BELOW: 5 0.50 INCH OR MORE: 2
MIN 0 OR BELOW: 0 1.00 INCH OR MORE: 1
[HDD (BASE 65) ]
TOTAL THIS MO. 325 CLEAR (SCALE 0-3) 12
DPTR FM NORMAL -120 PTCLDY (SCALE 4-7) 12
TOTAL FM JUL 1 4816 CLOUDY (SCALE 8-10) 6
DPTR FM NORMAL -748
[CDD (BASE 65) ]
TOTAL THIS MO. 20
DPTR FM NORMAL 14 [PRESSURE DATA]
TOTAL FM JAN 1 20 HIGHEST SLP 30.58 ON 8
DPTR FM NORMAL 14 LOWEST SLP 29.21 ON 30
[REMARKS]
#FINAL-04-23#