190
CXUS55 KEAX 010736
CF6IRK
PRELIMINARY LOCAL CLIMATOLOGICAL DATA (WS FORM: F-6)
STATION: KIRKSVILLE MO
MONTH: JUNE
YEAR: 2020
LATITUDE: 40 5 N
LONGITUDE: 92 33 W
TEMPERATURE IN F: :PCPN: SNOW: WIND :SUNSHINE: SKY :PK WND
================================================================================
1 2 3 4 5 6A 6B 7 8 9 10 11 12 13 14 15 16 17 18
12Z AVG MX 2MIN
DY MAX MIN AVG DEP HDD CDD WTR SNW DPTH SPD SPD DIR MIN PSBL S-S WX SPD DR
================================================================================
1 84 62 73 6 0 8 0.01 M M 11.9 21 200 M M 1 30 210
2 87 64 76 8 0 11 0.00 M M 9.9 17 210 M M 0 24 210
3 88 69 79 11 0 14 0.00 M M 6.8 22 140 M M 3 3 30 140
4 86 67 77 9 0 12 0.04 M M 6.4 14 310 M M 2 3 21 300
5 89 67 78 10 0 13 0.06 M M 5.5 14 280 M M 1 13 20 300
6 90 67 79 10 0 14 0.00 M M 6.0 14 120 M M 1 1 18 130
7 90 69 80 11 0 15 0.00 M M 10.5 17 130 M M 0 23 160
8 88 65 77 8 0 12 0.00 M M 10.4 20 130 M M 0 29 150
9 81 69 75 5 0 10 2.32 M M 8.9 17 270 M M 6 13 26 290
10 73 58 66 -4 0 1 0.03 M M 10.5 26 290 M M 4 1 45 310
11 83 54 69 -1 0 4 0.00 M M 5.7 17 270 M M 1 25 270
12 87 59 73 3 0 8 0.00 M M 3.5 12 40 M M 1 16 50
13 82 56 69 -1 0 4 0.00 M M 6.2 14 100 M M 0 20 130
14 81 60 71 0 0 6 0.00 M M 11.6 18 120 M M 1 28 90
15 83 62 73 2 0 8 0.00 M M 10.0 16 130 M M 0 22 140
16 82 60 71 0 0 6 0.00 M M 8.7 17 150 M M 0 23 150
17 84 58 71 0 0 6 0.00 M M 8.6 17 150 M M 0 24 160
18 85 62 74 2 0 9 0.00 M M 8.3 15 180 M M 0 21 190
19 84 67 76 4 0 11 0.30 M M 6.2 20 240 M M 5 13 31 220
20 82 68 75 3 0 10 0.00 M M 5.8 10 200 M M 5 1 15 270
21 87 68 78 6 0 13 0.00 M M 6.0 14 230 M M 1 1 20 200
22 80 63 72 0 0 7 0.55 M M 7.2 20 290 M M 3 138 29 300
23 78 57 68 -5 0 3 0.00 M M 7.3 18 340 M M 2 1 28 290
24 81 55 68 -5 0 3 0.00 M M 3.8 12 290 M M 1 8 18 290
25 87 54 71 -2 0 6 0.00 M M 5.3 14 190 M M 0 25 160
26 91 73 82 9 0 17 0.00 M M 9.6 20 220 M M 1 29 230
27 84 68 76 3 0 11 0.02 M M 6.7 18 360 M M 2 3 30 360
28 87 66 77 4 0 12 0.12 M M 9.5 29 280 M M 3 13 45 270
29 90 73 82 8 0 17 0.00 M M 10.4 20 190 M M 3 30 190
30 83 71 77 3 0 12 0.00 M M 9.2 18 110 M M 5 29 110
================================================================================
SM 2537 1911 0 283 3.45 M 236.4 M 52
================================================================================
AV 84.6 63.7 7.9 FASTST M M 2 MAX(MPH)
MISC ----> 29 280 # 45 310
================================================================================
NOTES:
# LAST OF SEVERAL OCCURRENCES
COLUMN 17 PEAK WIND IN M.P.H.
PRELIMINARY LOCAL CLIMATOLOGICAL DATA (WS FORM: F-6) , PAGE 2
STATION: KIRKSVILLE MO
MONTH: JUNE
YEAR: 2020
LATITUDE: 40 5 N
LONGITUDE: 92 33 W
[TEMPERATURE DATA] [PRECIPITATION DATA] SYMBOLS USED IN COLUMN 16
AVERAGE MONTHLY: 74.1 TOTAL FOR MONTH: 3.45 1 = FOG OR MIST
DPTR FM NORMAL: 3.3 DPTR FM NORMAL: -1.33 2 = FOG REDUCING VISIBILITY
HIGHEST: 91 ON 26 GRTST 24HR 2.32 ON 9- 9 TO 1/4 MILE OR LESS
LOWEST: 54 ON 25,11 3 = THUNDER
SNOW, ICE PELLETS, HAIL 4 = ICE PELLETS
TOTAL MONTH: M 5 = HAIL
GRTST 24HR M ON M 6 = FREEZING RAIN OR DRIZZLE
GRTST DEPTH: M ON M 7 = DUSTSTORM OR SANDSTORM:
VSBY 1/2 MILE OR LESS
8 = SMOKE OR HAZE
[NO. OF DAYS WITH] [WEATHER - DAYS WITH] 9 = BLOWING SNOW
X = TORNADO
MAX 32 OR BELOW: 0 0.01 INCH OR MORE: 9
MAX 90 OR ABOVE: 4 0.10 INCH OR MORE: 4
MIN 32 OR BELOW: 0 0.50 INCH OR MORE: 2
MIN 0 OR BELOW: 0 1.00 INCH OR MORE: 1
[HDD (BASE 65) ]
TOTAL THIS MO. 0 CLEAR (SCALE 0-3) 23
DPTR FM NORMAL -16 PTCLDY (SCALE 4-7) 7
TOTAL FM JUL 1 5521 CLOUDY (SCALE 8-10) 0
DPTR FM NORMAL -331
[CDD (BASE 65) ]
TOTAL THIS MO. 283
DPTR FM NORMAL 91 [PRESSURE DATA]
TOTAL FM JAN 1 334 HIGHEST SLP M ON M
DPTR FM NORMAL 80 LOWEST SLP 29.41 ON 9
[REMARKS]
#FINAL-06-20#