686
CXUS53 KEAX 051004 RRA
CLAIRK
CLIMATE REPORT
NATIONAL WEATHER SERVICE
355 AM CST TUE JAN 05 2021
...................................
...THE KIRKSVILLE MO CLIMATE SUMMARY FOR THE YEAR OF 2020...
CLIMATE NORMAL PERIOD: 1981 TO 2010
CLIMATE RECORD PERIOD: 9999 TO 9999
WEATHER OBSERVED NORMAL DEPART LAST YEAR`S
VALUE DATE(S) VALUE FROM VALUE
NORMAL
..............................................................
TEMPERATURE (F)
HIGHEST 94 07/08 95 -1
LOWEST -14 02/14 -5 -9
AVG. MAXIMUM 63.2 61.6 1.6
AVG. MINIMUM 42.5 41.4 1.1
MEAN 52.8 51.5 1.3
DAYS MAX >= 90 23 19.1 3.9
DAYS MAX <= 32 21 37.3 -16.3
DAYS MIN <= 32 121 123.0 -2.0
DAYS MIN <= 0 2 8.3 -6.3
PRECIPITATION (INCHES)
TOTALS 37.93R 39.31 -1.38
DAILY AVG. 0.10 0.11 -0.01
DAYS >= .01 94 114.0 -20.0
DAYS >= .10 58 66.3 -8.3
DAYS >= .50 26 26.2 -0.2
DAYS >= 1.00 9 10.0 -1.0
GREATEST
24 HR. TOTAL 3.51 07/15 TO 07/15
DEGREE DAYS
HEATING TOTAL 5419 5856 -437
COOLING TOTAL 1082 940 142
..............................................................
WIND (MPH)
AVERAGE WIND SPEED 8.3
HIGHEST WIND SPEED/DIRECTION 40/160 DATE 05/14
HIGHEST GUST SPEED/DIRECTION 54/210 DATE 03/28
SKY COVER
POSSIBLE SUNSHINE (PERCENT) MM
AVERAGE SKY COVER 0.37
NUMBER OF DAYS FAIR 205
NUMBER OF DAYS PC 89
NUMBER OF DAYS CLOUDY 72
AVERAGE RH (PERCENT) 73
WEATHER CONDITIONS. NUMBER OF DAYS WITH
THUNDERSTORM 34 MIXED PRECIP 0
HEAVY RAIN 24 RAIN 43
LIGHT RAIN 69 FREEZING RAIN 3
LT FREEZING RAIN 7 HAIL 0
HEAVY SNOW 1 SNOW 8
LIGHT SNOW 28 SLEET 0
FOG 176 FOG W/VIS <= 1/4 MILE 34
HAZE 34
- INDICATES NEGATIVE NUMBERS.
R INDICATES RECORD WAS SET OR TIED.
MM INDICATES DATA IS MISSING.
T INDICATES TRACE AMOUNT.
$$