000
CXUS53 KEAX 011600
CLMIRK
CLIMATE REPORT
NATIONAL WEATHER SERVICE KANSAS CITY/PLEASANT HILL MO
1050 AM CDT FRI SEP 01 2023
...................................
...THE KIRKSVILLE MO CLIMATE SUMMARY FOR THE MONTH OF AUGUST 2023...
CLIMATE NORMAL PERIOD: 1991 TO 2020
CLIMATE RECORD PERIOD: 9999 TO 9999
WEATHER OBSERVED NORMAL DEPART LAST YEAR`S
VALUE DATE(S) VALUE FROM VALUE DATE(S)
NORMAL
................................................................
TEMPERATURE (F)
HIGHEST 97 08/25 95 2 94 08/29
LOWEST 51 08/18 52 -1 53 08/31
AVG. MAXIMUM 83.3 84.4 -1.1 86.0
AVG. MINIMUM 64.0 62.8 1.2 62.9
MEAN 73.7 73.6 0.1 74.4
DAYS MAX >= 90 5 7.1 -2.1 8
DAYS MAX <= 32 0 0.0 0.0 0
DAYS MIN <= 32 0 0.0 0.0 0
DAYS MIN <= 0 0 0.0 0.0 0
PRECIPITATION (INCHES)
TOTALS 7.70 3.94 3.76 0.94
DAILY AVG. 0.25 0.13 0.12 0.03
DAYS >= .01 9 9.9 -0.9 7
DAYS >= .10 7 6.1 0.9 3
DAYS >= .50 5 2.7 2.3 0
DAYS >= 1.00 2 0.9 1.1 0
GREATEST
24 HR. TOTAL 3.68 08/04 TO 08/04
DEGREE DAYS
HEATING TOTAL 0 6 -6 0
SINCE 7/1 0 4 -4 MM
COOLING TOTAL 278 272 6 298
SINCE 1/1 873 884 -11 MM
................................................................
WIND (MPH)
AVERAGE WIND SPEED 6.2
HIGHEST WIND SPEED/DIRECTION 28/350 DATE 08/04
HIGHEST GUST SPEED/DIRECTION 41/270 DATE 08/04
SKY COVER
POSSIBLE SUNSHINE (PERCENT) MM
AVERAGE SKY COVER 0.32
NUMBER OF DAYS FAIR 17
NUMBER OF DAYS PC 10
NUMBER OF DAYS CLOUDY 4
AVERAGE RH (PERCENT) 79
WEATHER CONDITIONS. NUMBER OF DAYS WITH
THUNDERSTORM 9 MIXED PRECIP 0
HEAVY RAIN 5 RAIN 6
LIGHT RAIN 9 FREEZING RAIN 0
LT FREEZING RAIN 0 HAIL 0
HEAVY SNOW 0 SNOW 0
LIGHT SNOW 0 SLEET 0
FOG 25 FOG W/VIS <= 1/4 MILE 8
HAZE 1
- INDICATES NEGATIVE NUMBERS.
R INDICATES RECORD WAS SET OR TIED.
MM INDICATES DATA IS MISSING.
T INDICATES TRACE AMOUNT.
$$