000
CXUS53 KEAX 010901 RRA
CLSIRK
CLIMATE REPORT
NATIONAL WEATHER SERVICE
256 AM CST WED DEC 01 2021
...................................
...THE KIRKSVILLE MO CLIMATE SUMMARY FOR THE SEASON, FROM
9/1/2021 TO 11/30/2021...
CLIMATE NORMAL PERIOD: 1991 TO 2020
CLIMATE RECORD PERIOD: 9999 TO 9999
WEATHER OBSERVED NORMAL DEPART LAST YEAR`S
VALUE DATE(S) VALUE FROM VALUE DATE(S)
NORMAL
................................................................
TEMPERATURE (F)
HIGHEST 90 09/20 89 1 89 09/05
LOWEST 14 11/26 14 0 14 11/30
AVG. MAXIMUM 68.0 64.2 3.8 65.0
AVG. MINIMUM 45.8 42.8 3.0 42.4
MEAN 56.9 53.5 3.4 53.7
DAYS MAX >= 90 1 2.9 -1.9 0
DAYS MAX <= 32 0 1.6 -1.6 0
DAYS MIN <= 32 17 21.8 -4.8 22
DAYS MIN <= 0 0 0.0 0.0 0
PRECIPITATION (INCHES)
TOTALS 7.88 9.30 -1.42 6.70
DAILY AVG. 0.09 0.10 -0.01 0.07
DAYS >= .01 19 27.1 -8.1 21
DAYS >= .10 12 14.1 -2.1 15
DAYS >= .50 2 6.0 -4.0 6
DAYS >= 1.00 1 2.6 -1.6 1
GREATEST
24 HR. TOTAL 4.66 10/23 TO 10/24
DEGREE DAYS
HEATING TOTAL 930 1174 -244 1091
COOLING TOTAL 213 124 89 94
................................................................
WIND (MPH)
AVERAGE WIND SPEED 8.3
HIGHEST WIND SPEED/DIRECTION 35/150 DATE 09/30
HIGHEST GUST SPEED/DIRECTION 48/150 DATE 09/30
SKY COVER
POSSIBLE SUNSHINE (PERCENT) MM
AVERAGE SKY COVER 0.30
NUMBER OF DAYS FAIR 62
NUMBER OF DAYS PC 12
NUMBER OF DAYS CLOUDY 17
AVERAGE RH (PERCENT) 70
WEATHER CONDITIONS. NUMBER OF DAYS WITH
THUNDERSTORM 9 MIXED PRECIP 0
HEAVY RAIN 4 RAIN 5
LIGHT RAIN 20 FREEZING RAIN 0
LT FREEZING RAIN 0 HAIL 0
HEAVY SNOW 0 SNOW 0
LIGHT SNOW 2 SLEET 0
FOG 38 FOG W/VIS <= 1/4 MILE 3
HAZE 21
- INDICATES NEGATIVE NUMBERS.
R INDICATES RECORD WAS SET OR TIED.
MM INDICATES DATA IS MISSING.
T INDICATES TRACE AMOUNT.
$$