000
CXUS51 KOKX 011010
CF6ISP
PRELIMINARY LOCAL CLIMATOLOGICAL DATA (WS FORM: F-6)
STATION: ISLIP NY
MONTH: FEBRUARY
YEAR: 2024
LATITUDE: 40 47 N
LONGITUDE: 73 6 W
TEMPERATURE IN F: :PCPN: SNOW: WIND :SUNSHINE: SKY :PK WND
================================================================================
1 2 3 4 5 6A 6B 7 8 9 10 11 12 13 14 15 16 17 18
12Z AVG MX 2MIN
DY MAX MIN AVG DEP HDD CDD WTR SNW DPTH SPD SPD DIR MIN PSBL S-S WX SPD DR
================================================================================
1 45 33 39 8 26 0 0.00 0.0 0 6.9 17 240 M M 9 24 220
2 42 37 40 8 25 0 0.18 0.0 0 6.6 18 350 M M 9 1 26 360
3 41 32 37 5 28 0 0.00 0.0 0 13.8 20 360 M M 5 27 340
4 44 29 37 5 28 0 0.00 0.0 0 9.8 16 330 M M 0 23 350
5 44 30 37 5 28 0 0.00 0.0 0 10.6 18 10 M M 1 24 10
6 40 26 33 1 32 0 0.00 0.0 0 7.5 21 30 M M 1 25 30
7 46 26 36 4 29 0 0.00 0.0 0 5.6 16 10 M M 2 21 30
8 51 27 39 7 26 0 0.00 0.0 0 3.1 10 170 M M 3 1 14 160
9 49 31 40 8 25 0 0.00 0.0 0 7.6 15 180 M M 5 1 21 190
10 55 33 44 12 21 0 T 0.0 0 4.9 12 330 M M 8 12 15 330
11 49 38 44 12 21 0 0.00 0.0 0 5.9 12 320 M M 7 16 330
12 45 31 38 5 27 0 T T 0 5.3 13 40 M M 8 16 30
13 39 30 35 2 30 0 0.72 4.3 T 12.5 21 10 M M 9 124 30 320
14 35 26 31 -2 34 0 0.00 0.0 3 16.2 28 300 M M 2 40 290
15 38 19 29 -4 36 0 T T 3 9.2 18 230 M M 5 25 230
16 39 31 35 2 30 0 0.00 0.0 2 14.0 35 310 M M 3 50 310
17 35 24 30 -4 35 0 0.31 3.5 3 8.7 24 290 M M 7 18 37 300
18 39 18 29 -5 36 0 0.00 0.0 3 11.9 29 250 M M 1 39 210
19 38 24 31 -3 34 0 0.00 0.0 1 8.4 22 320 M M 1 29 320
20 37 22 30 -4 35 0 0.00 0.0 0 4.9 17 40 M M 1 21 60
21 38 21 30 -4 35 0 0.00 0.0 0 6.6 16 130 M M 6 21 100
22 40 31 36 2 29 0 0.02 0.0 0 6.3 16 190 M M 9 1 23 220
23 47 37 42 7 23 0 0.14 0.0 0 4.5 10 20 M M 9 1 15 150
24 42 27 35 0 30 0 0.00 0.0 0 12.4 21 340 M M 4 27 330
25 37 20 29 -6 36 0 0.00 0.0 0 7.9 16 350 M M 0 21 360
26 49 33 41 6 24 0 0.01 0.0 0 8.5 21 200 M M 5 1 27 240
27 53 31 42 6 23 0 0.70 0.0 0 9.7 23 200 M M 9 12 36 190
28 54 42 48 12 17 0 0.32 0.0 0 18.7 36 320 M M 10 1 49 320
29 43 30 37 1 28 0 0.00 0.0 0 18.0 35 310 M M 3 53 300
================================================================================
SM 1254 839 831 0 2.40 7.8 266.0 M 142
================================================================================
AV 43.2 28.9 9.2 FASTST M M 5 MAX(MPH)
MISC ----> 36 320 53 300
================================================================================
NOTES:
# LAST OF SEVERAL OCCURRENCES
COLUMN 17 PEAK WIND IN M.P.H.
PRELIMINARY LOCAL CLIMATOLOGICAL DATA (WS FORM: F-6) , PAGE 2
STATION: ISLIP NY
MONTH: FEBRUARY
YEAR: 2024
LATITUDE: 40 47 N
LONGITUDE: 73 6 W
[TEMPERATURE DATA] [PRECIPITATION DATA] SYMBOLS USED IN COLUMN 16
AVERAGE MONTHLY: 36.1 TOTAL FOR MONTH: 2.40 1 = FOG OR MIST
DPTR FM NORMAL: 2.8 DPTR FM NORMAL: -0.89 2 = FOG REDUCING VISIBILITY
HIGHEST: 55 ON 10 GRTST 24HR 0.72 ON 13-13 TO 1/4 MILE OR LESS
LOWEST: 18 ON 18 3 = THUNDER
SNOW, ICE PELLETS, HAIL 4 = ICE PELLETS
TOTAL MONTH: 7.8 INCHES 5 = HAIL
GRTST 24HR 4.3 ON 13-13 6 = FREEZING RAIN OR DRIZZLE
GRTST DEPTH: 3 ON 18,17 7 = DUSTSTORM OR SANDSTORM:
VSBY 1/2 MILE OR LESS
8 = SMOKE OR HAZE
[NO. OF DAYS WITH] [WEATHER - DAYS WITH] 9 = BLOWING SNOW
X = TORNADO
MAX 32 OR BELOW: 0 0.01 INCH OR MORE: 8
MAX 90 OR ABOVE: 0 0.10 INCH OR MORE: 6
MIN 32 OR BELOW: 22 0.50 INCH OR MORE: 2
MIN 0 OR BELOW: 0 1.00 INCH OR MORE: 0
[HDD (BASE 65) ]
TOTAL THIS MO. 831 CLEAR (SCALE 0-3) 11
DPTR FM NORMAL -58 PTCLDY (SCALE 4-7) 11
TOTAL FM JUL 1 3339 CLOUDY (SCALE 8-10) 7
DPTR FM NORMAL -438
[CDD (BASE 65) ]
TOTAL THIS MO. 0
DPTR FM NORMAL 0 [PRESSURE DATA]
TOTAL FM JAN 1 0 HIGHEST SLP M ON M
DPTR FM NORMAL 0 LOWEST SLP 29.40 ON 13
[REMARKS]
#FINAL-02-24#