250
CXUS52 TJSJ 010426
CF6ISX
PRELIMINARY LOCAL CLIMATOLOGICAL DATA (WS FORM: F-6)
STATION: HENRY E. ROHLSEN AP/ST CROIX
MONTH: JULY
YEAR: 2020
LATITUDE: 17 42 N
LONGITUDE: 64 48 W
TEMPERATURE IN F: :PCPN: SNOW: WIND :SUNSHINE: SKY :PK WND
================================================================================
1 2 3 4 5 6A 6B 7 8 9 10 11 12 13 14 15 16 17 18
12Z AVG MX 2MIN
DY MAX MIN AVG DEP HDD CDD WTR SNW DPTH SPD SPD DIR MIN PSBL S-S WX SPD DR
================================================================================
1 91 79 85 1 0 20 T 0.0 0 13.1 23 90 M M 3 28 80
2 92 82 87 3 0 22 T 0.0 0 14.9 23 90 M M 3 27 100
3 90 82 86 2 0 21 T 0.0 0 11.5 20 100 M M 3 8 22 80
4 90 81 86 2 0 21 0.06 0.0 0 10.4 17 100 M M 2 22 80
5 90 79 85 1 0 20 0.03 0.0 0 10.7 23 90 M M 4 28 100
6 92 81 87 3 0 22 0.02 0.0 0 14.3 24 70 M M 3 30 80
7 91 78 85 1 0 20 0.05 0.0 0 13.5 24 110 M M 6 31 100
8 91 80 86 2 0 21 0.00 0.0 0 14.6 23 80 M M 8 27 80
9 92 80 86 2 0 21 0.00 0.0 0 12.7 24 100 M M 7 8 27 100
10 92 81 87 3 0 22 0.00 0.0 0 14.6 23 90 M M 6 28 100
11 93 78 86 2 0 21 0.39 0.0 0 14.1 30 60 M M 5 34 60
12 90 81 86 2 0 21 0.00 0.0 0 13.8 21 100 M M 4 25 90
13 91 81 86 2 0 21 0.00 0.0 0 12.3 23 100 M M 3 31 110
14 91 80 86 2 0 21 T 0.0 0 11.7 23 80 M M 4 28 70
15 91 79 85 1 0 20 0.54 0.0 0 9.7 25 100 M M 3 8 32 100
16 90 79 85 1 0 20 0.07 0.0 0 10.1 16 110 M M 3 8 22 110
17 89 77 83 -1 0 18 0.09 0.0 0 9.7 20 80 M M 3 8 23 100
18 87 76 82 -2 0 17 0.24 0.0 0 7.0 18 70 M M 4 8 22 70
19 89 76 83 -1 0 18 T 0.0 0 11.4 24 90 M M 3 29 90
20 90 78 84 0 0 19 T 0.0 0 10.2 18 100 M M 3 23 120
21 90 79 85 1 0 20 T 0.0 0 10.0 18 100 M M 3 23 120
22 90 78 84 0 0 19 0.15 0.0 0 11.4 21 100 M M 4 26 100
23 92 77 85 1 0 20 0.02 0.0 0 13.4 28 100 M M 3 8 35 100
24 93 80 87 3 0 22 T 0.0 0 15.1 25 100 M M 5 30 110
25 93 83 88 4 0 23 0.01 0.0 0 15.2 29 80 M M 3 35 110
26 91 82 87 3 0 22 0.08 0.0 0 11.9 20 100 M M 3 26 100
27 94 77 86 2 0 21 0.25 0.0 0 10.9 21 70 M M 4 8 27 20
28 94 80 87 3 0 22 0.01 0.0 0 15.1 25 70 M M 7 8 32 60
29 88 81 85 1 0 20 0.01 0.0 0 19.0 27 100 M M 8 39 100
30 89 79 84 0 0 19 0.63 0.0 0 17.9 32 120 M M 7 8 44 110
31 91 80 86 2 0 21 T 0.0 0 12.7 23 90 M M 3 27 90
================================================================================
SM 2817 2464 0 635 2.65 0.0 392.9 M 130
================================================================================
AV 90.9 79.5 12.7 FASTST M M 4 MAX(MPH)
MISC ----> # 32 120 # 44 110
================================================================================
NOTES:
# LAST OF SEVERAL OCCURRENCES
COLUMN 17 PEAK WIND IN M.P.H.
PRELIMINARY LOCAL CLIMATOLOGICAL DATA (WS FORM: F-6) , PAGE 2
STATION: HENRY E. ROHLSEN AP/ST CROIX
MONTH: JULY
YEAR: 2020
LATITUDE: 17 42 N
LONGITUDE: 64 48 W
[TEMPERATURE DATA] [PRECIPITATION DATA] SYMBOLS USED IN COLUMN 16
AVERAGE MONTHLY: 85.2 TOTAL FOR MONTH: 2.65 1 = FOG OR MIST
DPTR FM NORMAL: 1.6 DPTR FM NORMAL: -0.39 2 = FOG REDUCING VISIBILITY
HIGHEST: 94 ON 28,27 GRTST 24HR 0.63 ON 30-30 TO 1/4 MILE OR LESS
LOWEST: 76 ON 19,18 3 = THUNDER
SNOW, ICE PELLETS, HAIL 4 = ICE PELLETS
TOTAL MONTH: 0.0 INCH 5 = HAIL
GRTST 24HR 0.0 6 = FREEZING RAIN OR DRIZZLE
GRTST DEPTH: 0 7 = DUSTSTORM OR SANDSTORM:
VSBY 1/2 MILE OR LESS
8 = SMOKE OR HAZE
[NO. OF DAYS WITH] [WEATHER - DAYS WITH] 9 = BLOWING SNOW
X = TORNADO
MAX 32 OR BELOW: 0 0.01 INCH OR MORE: 17
MAX 90 OR ABOVE: 26 0.10 INCH OR MORE: 6
MIN 32 OR BELOW: 0 0.50 INCH OR MORE: 2
MIN 0 OR BELOW: 0 1.00 INCH OR MORE: 0
[HDD (BASE 65) ]
TOTAL THIS MO. 0 CLEAR (SCALE 0-3) 11
DPTR FM NORMAL 0 PTCLDY (SCALE 4-7) 20
TOTAL FM JUL 1 0 CLOUDY (SCALE 8-10) 0
DPTR FM NORMAL 0
[CDD (BASE 65) ]
TOTAL THIS MO. 635
DPTR FM NORMAL 58 [PRESSURE DATA]
TOTAL FM JAN 1 3507 HIGHEST SLP M ON M
DPTR FM NORMAL 237 LOWEST SLP 29.76 ON 30
[REMARKS]
#FINAL-07-20#