000
CXHW53 PHFO 011250
CF6ITO
PRELIMINARY LOCAL CLIMATOLOGICAL DATA (WS FORM: F-6)
STATION: HILO HI
MONTH: MARCH
YEAR: 2021
LATITUDE: 19 43 N
LONGITUDE: 155 4 W
TEMPERATURE IN F: :PCPN: SNOW: WIND :SUNSHINE: SKY :PK WND
================================================================================
1 2 3 4 5 6A 6B 7 8 9 10 11 12 13 14 15 16 17 18
12Z AVG MX 2MIN
DY MAX MIN AVG DEP HDD CDD WTR SNW DPTH SPD SPD DIR MIN PSBL S-S WX SPD DR
================================================================================
1 80 67 74 3 0 9 0.29 M M 9.7 21 80 M M 9 18 25 70
2 80 66 73 1 0 8 0.49 M M 8.3 20 80 M M 8 1 25 80
3 80 65 73 1 0 8 0.28 M M 7.4 14 20 M M 6 1 18 50
4 80 64 72 0 0 7 0.45 M M 6.6 13 10 M M 5 1 15 360
5 78 64 71 -1 0 6 0.35 M M 4.7 18 80 M M 8 1 24 90
6 79 63 71 -1 0 6 1.37 M M 5.9 16 20 M M 8 18 23 350
7 78 67 73 1 0 8 3.29 M M 7.4 15 270 M M 9 128 18 100
8 76 67 72 0 0 7 5.13 M M 5.8 21 120 M M 9 138 27 120
9 75 69 72 0 0 7 2.19 M M 5.8 15 200 M M 9 18 21 190
10 79 68 74 2 0 9 0.17 M M 4.9 21 140 M M 8 1 27 150
11 82 65 74 2 0 9 0.04 M M 4.0 15 130 M M 7 1 19 150
12 84 65 75 3 0 10 0.04 M M 5.7 21 130 M M 5 26 140
13 75 63 69 -3 0 4 1.09 M M 4.1 17 350 M M 6 1 22 350
14 78 67 73 1 0 8 0.79 M M 4.1 16 80 M M 9 18 23 150
15 83 62 73 1 0 8 0.00 M M 4.4 12 70 M M 5 14 40
16 82 68 75 3 0 10 0.27 M M 6.2 14 50 M M 7 1 20 10
17 80 68 74 2 0 9 1.83 M M 8.7 22 30 M M 10 18 27 20
18 71 66 69 -3 0 4 1.21 M M 6.3 14 250 M M 10 18 20 250
19 80 64 72 0 0 7 0.02 M M 6.0 14 30 M M 8 19 10
20 73 67 70 -2 0 5 0.62 M M 6.6 18 70 M M 10 18 23 50
21 79 67 73 1 0 8 0.33 M M 8.8 21 90 M M 9 18 26 80
22 78 66 72 0 0 7 2.95 M M 6.3 20 80 M M 9 18 23 80
23 82 65 74 2 0 9 T M M 8.1 20 100 M M 4 25 100
24 87 66 77 5 0 12 0.06 M M 9.2 24 150 M M 4 31 150
25 86 67 77 5 0 12 0.00 M M 7.7 21 130 M M 7 27 100
26 85 62 74 2 0 9 0.00 M M 6.4 17 80 M M 7 22 100
27 83 67 75 3 0 10 0.20 M M 6.3 17 90 M M 7 8 23 80
28 76 66 71 -1 0 6 0.33 M M 6.2 13 260 M M 9 18 17 120
29 80 67 74 2 0 9 0.35 M M 5.7 15 130 M M 9 18 19 120
30 80 68 74 2 0 9 0.09 M M 6.0 17 90 M M 9 1 21 100
31 81 -42 20 -52 45 0 0.76 M M 6.7 17 50 M M 7 18 21 50
================================================================================
SM 2470 1934 45 240 24.99 M 200.0 M 237
================================================================================
AV 79.7 62.4 6.5 FASTST M M 8 MAX(MPH)
MISC ----> 24 150 31 150
================================================================================
NOTES:
# LAST OF SEVERAL OCCURRENCES
COLUMN 17 PEAK WIND IN M.P.H.
PRELIMINARY LOCAL CLIMATOLOGICAL DATA (WS FORM: F-6) , PAGE 2
STATION: HILO HI
MONTH: MARCH
YEAR: 2021
LATITUDE: 19 43 N
LONGITUDE: 155 4 W
[TEMPERATURE DATA] [PRECIPITATION DATA] SYMBOLS USED IN COLUMN 16
AVERAGE MONTHLY: 71.0 TOTAL FOR MONTH: 24.99 1 = FOG OR MIST
DPTR FM NORMAL: -0.8 DPTR FM NORMAL: 11.56 2 = FOG REDUCING VISIBILITY
HIGHEST: 87 ON 24 GRTST 24HR 6.58 ON 8- 9 TO 1/4 MILE OR LESS
LOWEST: -42 ON 31 3 = THUNDER
SNOW, ICE PELLETS, HAIL 4 = ICE PELLETS
TOTAL MONTH: M 5 = HAIL
GRTST 24HR M ON M 6 = FREEZING RAIN OR DRIZZLE
GRTST DEPTH: M ON M 7 = DUSTSTORM OR SANDSTORM:
VSBY 1/2 MILE OR LESS
8 = SMOKE OR HAZE
[NO. OF DAYS WITH] [WEATHER - DAYS WITH] 9 = BLOWING SNOW
X = TORNADO
MAX 32 OR BELOW: 0 0.01 INCH OR MORE: 27
MAX 90 OR ABOVE: 0 0.10 INCH OR MORE: 22
MIN 32 OR BELOW: 1 0.50 INCH OR MORE: 11
MIN 0 OR BELOW: 1 1.00 INCH OR MORE: 8
[HDD (BASE 65) ]
TOTAL THIS MO. 45 CLEAR (SCALE 0-3) 0
DPTR FM NORMAL 45 PTCLDY (SCALE 4-7) 18
TOTAL FM JUL 1 45 CLOUDY (SCALE 8-10) 13
DPTR FM NORMAL 45
[CDD (BASE 65) ]
TOTAL THIS MO. 240
DPTR FM NORMAL 29 [PRESSURE DATA]
TOTAL FM JAN 1 761 HIGHEST SLP 30.26 ON 20
DPTR FM NORMAL 180 LOWEST SLP 29.89 ON 23
[REMARKS]
#FINAL-03-21#